{"id":10106,"date":"2021-03-19T10:39:54","date_gmt":"2021-03-19T16:39:54","guid":{"rendered":"https:\/\/www.oaxaca.gob.mx\/salud\/?page_id=10106"},"modified":"2021-03-22T10:41:29","modified_gmt":"2021-03-22T16:41:29","slug":"inicia-vacunacion-contra-covid-19-para-adultos-mayores-en-11-municipios-de-valles-centrales","status":"publish","type":"page","link":"https:\/\/www.oaxaca.gob.mx\/salud\/inicia-vacunacion-contra-covid-19-para-adultos-mayores-en-11-municipios-de-valles-centrales\/","title":{"rendered":"Inicia vacunaci\u00f3n contra COVID-19 para adultos mayores, en 11 municipios de Valles Centrales."},"content":{"rendered":"<ul>\n<li><em>21 mil 450 personas mayores de 60 a\u00f1os se les aplicar\u00e1 la primera dosis de la vacuna Pfizer-BioNTech<\/em><\/li>\n<\/ul>\n<p>Oaxaca de Ju\u00e1rez, Oax, 12 de marzo de 2021.- La aplicaci\u00f3n de la primera dosis contra la COVID-19 para personas mayores de 60 a\u00f1os y m\u00e1s, residentes de 11 municipios de Valles Centrales, inici\u00f3 este viernes 12 de marzo, en 15 puntos de vacunaci\u00f3n, inform\u00f3 el secretario de Salud, Juan Carlos M\u00e1rquez Heine.<\/p>\n<p>Se\u00f1al\u00f3 que la entidad recibi\u00f3 el d\u00eda de ayer mi\u00e9rcoles 11 de marzo un total de 21 mil 450 inmunol\u00f3gicos de la farmac\u00e9utica Pfizer-BioNTech, de los cuales mil 854 se distribuyeron en beneficio de la poblaci\u00f3n de Cuil\u00e1pam de Guerrero, 513 en San Andr\u00e9s Huay\u00e1pam, mil 369 en San Jacinto Amilpas y 629 en San Pedro Ixtlahuaca.<\/p>\n<p>As\u00ed tambi\u00e9n 221 dosis fueron destinadas para San Raymundo Jalpan, mil 415 en San Sebasti\u00e1n Tutla, cuatro mil 579 en Santa Lucia del Camino, dos mil 325 en Santa Mar\u00eda Atzompa, mil 286 Santa Mar\u00eda del Tule, 793 en Santa Cruz Amilpas, seis mil 436 en Santa Cruz Xoxocotl\u00e1n y 30 en Tlacolula de Matamoros, agreg\u00f3.<\/p>\n<p>Mencion\u00f3 que las personas de la tercera edad deber\u00e1n acudir bien alimentados, hidratados, con ropa c\u00f3moda para efectuar la inoculaci\u00f3n, y mantener su tratamiento de medicamentos si tienen alguna enfermedad como diabetes o hipertensi\u00f3n.<\/p>\n<p>Destac\u00f3 que en los puestos de vacunaci\u00f3n se cuenta con un \u00e1rea de observaci\u00f3n, para supervisar cualquier reacci\u00f3n al inmunol\u00f3gico en los 30 minutos posteriores, adem\u00e1s el personal sanitario brinda informaci\u00f3n precisa, con calidad y amabilidad a las personas, antes y despu\u00e9s de la aplicaci\u00f3n del biol\u00f3gico.<\/p>\n","protected":false},"excerpt":{"rendered":"<p>21 mil 450 personas mayores de 60 a\u00f1os se les aplicar\u00e1 la primera dosis de la vacuna Pfizer-BioNTech Oaxaca de Ju\u00e1rez, Oax, 12 de marzo de 2021.- La aplicaci\u00f3n de la primera dosis contra la COVID-19 para personas mayores de 60 a\u00f1os y m\u00e1s, residentes de 11 municipios de Valles Centrales, inici\u00f3 este viernes 12 [&hellip;]<\/p>\n","protected":false},"author":41,"featured_media":10099,"parent":0,"menu_order":0,"comment_status":"closed","ping_status":"closed","template":"","meta":{"episode_type":"","audio_file":"","podmotor_file_id":"","podmotor_episode_id":"","cover_image":"","cover_image_id":"","duration":"","filesize":"","filesize_raw":"","date_recorded":"","explicit":"","block":"","itunes_episode_number":"","itunes_title":"","itunes_season_number":"","itunes_episode_type":"","footnotes":""},"categories":[5,6],"tags":[],"class_list":["post-10106","page","type-page","status-publish","has-post-thumbnail","hentry","category-slide","category-noticias"],"acf":[],"publishpress_future_action":{"enabled":false,"date":"2026-05-19 04:13:10","action":"change-status","newStatus":"draft","terms":[],"taxonomy":"category","extraData":[]},"publishpress_future_workflow_manual_trigger":{"enabledWorkflows":[]},"_links":{"self":[{"href":"https:\/\/www.oaxaca.gob.mx\/salud\/wp-json\/wp\/v2\/pages\/10106","targetHints":{"allow":["GET"]}}],"collection":[{"href":"https:\/\/www.oaxaca.gob.mx\/salud\/wp-json\/wp\/v2\/pages"}],"about":[{"href":"https:\/\/www.oaxaca.gob.mx\/salud\/wp-json\/wp\/v2\/types\/page"}],"author":[{"embeddable":true,"href":"https:\/\/www.oaxaca.gob.mx\/salud\/wp-json\/wp\/v2\/users\/41"}],"replies":[{"embeddable":true,"href":"https:\/\/www.oaxaca.gob.mx\/salud\/wp-json\/wp\/v2\/comments?post=10106"}],"version-history":[{"count":1,"href":"https:\/\/www.oaxaca.gob.mx\/salud\/wp-json\/wp\/v2\/pages\/10106\/revisions"}],"predecessor-version":[{"id":10107,"href":"https:\/\/www.oaxaca.gob.mx\/salud\/wp-json\/wp\/v2\/pages\/10106\/revisions\/10107"}],"wp:featuredmedia":[{"embeddable":true,"href":"https:\/\/www.oaxaca.gob.mx\/salud\/wp-json\/wp\/v2\/media\/10099"}],"wp:attachment":[{"href":"https:\/\/www.oaxaca.gob.mx\/salud\/wp-json\/wp\/v2\/media?parent=10106"}],"wp:term":[{"taxonomy":"category","embeddable":true,"href":"https:\/\/www.oaxaca.gob.mx\/salud\/wp-json\/wp\/v2\/categories?post=10106"},{"taxonomy":"post_tag","embeddable":true,"href":"https:\/\/www.oaxaca.gob.mx\/salud\/wp-json\/wp\/v2\/tags?post=10106"}],"curies":[{"name":"wp","href":"https:\/\/api.w.org\/{rel}","templated":true}]}}