{"id":4169,"date":"2019-06-04T22:38:56","date_gmt":"2019-06-04T20:38:56","guid":{"rendered":"https:\/\/www.oaxaca.gob.mx\/proteccioncivil\/?page_id=4169"},"modified":"2025-07-11T11:33:41","modified_gmt":"2025-07-11T17:33:41","slug":"comite-y-unidad-de-transparencia","status":"publish","type":"page","link":"https:\/\/www.oaxaca.gob.mx\/proteccioncivil\/comite-y-unidad-de-transparencia\/","title":{"rendered":"Comit\u00e9 y Unidad de Transparencia"},"content":{"rendered":"<p>&nbsp;<\/p>\n<h2 class=\"m-t-10 m-b-20\">Comit\u00e9 de Transparencia<\/h2>\n<p>&nbsp;<\/p>\n<h4>JONATHAN ROJAS MAGNO<\/h4>\n<div class=\"media mt-4\">\n<div class=\"media-body\">Presidente del Comit\u00e9 de Transparencia y Director Administrativo en la Coordinaci\u00f3n Estatal de Protecci\u00f3n Civil y Gesti\u00f3n de Riesgos<\/div>\n<\/div>\n<div class=\"media mt-4\">\n<div class=\"media-left\"><a href=\"#\"><img decoding=\"async\" src=\"\/proteccioncivil\/wp-content\/uploads\/sites\/26\/2017\/09\/009.jpg\" alt=\"\" \/><br \/>\n<\/a><\/div>\n<div class=\"media-body\">\n<h4 class=\"media-heading\">LUIS JAVIER VALERIANO GONZ\u00c1LEZ<\/h4>\n<p>Vocal A del Comit\u00e9 de Transparencia y Director De Investigaci\u00f3n, Diagn\u00f3stico Y Gesti\u00f3n De Riesgos en la Coordinaci\u00f3n Estatal de Protecci\u00f3n Civil y Gesti\u00f3n de Riesgos<\/p>\n<\/div>\n<\/div>\n<div class=\"media mt-4\">\n<div class=\"media-body\">\n<h4 class=\"media-heading\">JUAN CARLOS LUNA MORALES<\/h4>\n<p>Vocal C del Comit\u00e9 de Transparencia y Director De Vinculaci\u00f3n Social en la Coordinaci\u00f3n Estatal de Protecci\u00f3n Civil y Gesti\u00f3n de Riesgos<\/p>\n<\/div>\n<\/div>\n<hr \/>\n<h2 class=\"m-t-10 m-b-20\">Unidad de Transparencia<\/h2>\n<div class=\"media mt-4\">\n<div class=\"media-body\">\n<h4 class=\"media-heading\">PATRICIA LILIANA JAIMES MORELOS<\/h4>\n<p>Titular de la Unidad de Transparencia<\/p>\n<p>Correo Electr\u00f3nico: ut.cepcygr@gmail.com<\/p>\n<ul>\n<li>Tel.: 9516890799 Ext. 1001<\/li>\n<\/ul>\n<\/div>\n<\/div>\n<div class=\"media mt-4\">\n<div class=\"media-left\"><\/div>\n<div class=\"media-body\"><\/div>\n<\/div>\n","protected":false},"excerpt":{"rendered":"<p>&nbsp; Comit\u00e9 de Transparencia &nbsp; JONATHAN ROJAS MAGNO Presidente del Comit\u00e9 de Transparencia y Director Administrativo en la Coordinaci\u00f3n Estatal de Protecci\u00f3n Civil y Gesti\u00f3n de Riesgos LUIS JAVIER VALERIANO GONZ\u00c1LEZ Vocal A del Comit\u00e9 de Transparencia y Director De Investigaci\u00f3n, Diagn\u00f3stico Y Gesti\u00f3n De Riesgos en la Coordinaci\u00f3n Estatal de Protecci\u00f3n Civil y Gesti\u00f3n [&hellip;]<\/p>\n","protected":false},"author":1,"featured_media":0,"parent":0,"menu_order":0,"comment_status":"closed","ping_status":"closed","template":"","meta":{"episode_type":"","audio_file":"","podmotor_file_id":"","podmotor_episode_id":"","cover_image":"","cover_image_id":"","duration":"","filesize":"","filesize_raw":"","date_recorded":"","explicit":"","block":"","itunes_episode_number":"","itunes_title":"","itunes_season_number":"","itunes_episode_type":"","footnotes":""},"categories":[],"tags":[],"class_list":["post-4169","page","type-page","status-publish","hentry"],"acf":[],"publishpress_future_action":{"enabled":false,"date":"2026-05-09 06:45:44","action":"change-status","newStatus":"draft","terms":[],"taxonomy":"category","extraData":[]},"publishpress_future_workflow_manual_trigger":{"enabledWorkflows":[]},"_links":{"self":[{"href":"https:\/\/www.oaxaca.gob.mx\/proteccioncivil\/wp-json\/wp\/v2\/pages\/4169","targetHints":{"allow":["GET"]}}],"collection":[{"href":"https:\/\/www.oaxaca.gob.mx\/proteccioncivil\/wp-json\/wp\/v2\/pages"}],"about":[{"href":"https:\/\/www.oaxaca.gob.mx\/proteccioncivil\/wp-json\/wp\/v2\/types\/page"}],"author":[{"embeddable":true,"href":"https:\/\/www.oaxaca.gob.mx\/proteccioncivil\/wp-json\/wp\/v2\/users\/1"}],"replies":[{"embeddable":true,"href":"https:\/\/www.oaxaca.gob.mx\/proteccioncivil\/wp-json\/wp\/v2\/comments?post=4169"}],"version-history":[{"count":2,"href":"https:\/\/www.oaxaca.gob.mx\/proteccioncivil\/wp-json\/wp\/v2\/pages\/4169\/revisions"}],"predecessor-version":[{"id":14851,"href":"https:\/\/www.oaxaca.gob.mx\/proteccioncivil\/wp-json\/wp\/v2\/pages\/4169\/revisions\/14851"}],"wp:attachment":[{"href":"https:\/\/www.oaxaca.gob.mx\/proteccioncivil\/wp-json\/wp\/v2\/media?parent=4169"}],"wp:term":[{"taxonomy":"category","embeddable":true,"href":"https:\/\/www.oaxaca.gob.mx\/proteccioncivil\/wp-json\/wp\/v2\/categories?post=4169"},{"taxonomy":"post_tag","embeddable":true,"href":"https:\/\/www.oaxaca.gob.mx\/proteccioncivil\/wp-json\/wp\/v2\/tags?post=4169"}],"curies":[{"name":"wp","href":"https:\/\/api.w.org\/{rel}","templated":true}]}}

Comité y Unidad de Transparencia

<p>&nbsp;</p>
<h2 class="m-t-10 m-b-20">Comité de Transparencia</h2>
<p>&nbsp;</p>
<h4>JONATHAN ROJAS MAGNO</h4>
<div class="media mt-4">
<div class="media-body">Presidente del Comité de Transparencia y Director Administrativo en la Coordinación Estatal de Protección Civil y Gestión de Riesgos</div>
</div>
<div class="media mt-4">
<div class="media-left"><a href="#"><img decoding="async" src="/proteccioncivil/wp-content/uploads/sites/26/2017/09/009.jpg" alt="" /><br />
</a></div>
<div class="media-body">
<h4 class="media-heading">LUIS JAVIER VALERIANO GONZÁLEZ</h4>
<p>Vocal A del Comité de Transparencia y Director De Investigación, Diagnóstico Y Gestión De Riesgos en la Coordinación Estatal de Protección Civil y Gestión de Riesgos</p>
</div>
</div>
<div class="media mt-4">
<div class="media-body">
<h4 class="media-heading">JUAN CARLOS LUNA MORALES</h4>
<p>Vocal C del Comité de Transparencia y Director De Vinculación Social en la Coordinación Estatal de Protección Civil y Gestión de Riesgos</p>
</div>
</div>
<hr />
<h2 class="m-t-10 m-b-20">Unidad de Transparencia</h2>
<div class="media mt-4">
<div class="media-body">
<h4 class="media-heading">PATRICIA LILIANA JAIMES MORELOS</h4>
<p>Titular de la Unidad de Transparencia</p>
<p>Correo Electrónico: ut.cepcygr@gmail.com</p>
<ul>
<li>Tel.: 9516890799 Ext. 1001</li>
</ul>
</div>
</div>
<div class="media mt-4">
<div class="media-left"></div>
<div class="media-body"></div>
</div>

<p>&nbsp; Comité de Transparencia &nbsp; JONATHAN ROJAS MAGNO Presidente del Comité de Transparencia y Director Administrativo en la Coordinación Estatal de Protección Civil y Gestión de Riesgos LUIS JAVIER VALERIANO GONZÁLEZ Vocal A del Comité de Transparencia y Director De Investigación, Diagnóstico Y Gestión De Riesgos en la Coordinación Estatal de Protección Civil y Gestión [&hellip;]</p>
