{"id":2062,"date":"2019-05-02T23:00:07","date_gmt":"2019-05-02T21:00:07","guid":{"rendered":"https:\/\/www.oaxaca.gob.mx\/coplade\/?page_id=2062"},"modified":"2024-05-06T13:59:11","modified_gmt":"2024-05-06T19:59:11","slug":"marco-juridico","status":"publish","type":"page","link":"https:\/\/www.oaxaca.gob.mx\/planeacion\/marco-juridico\/","title":{"rendered":"Marco Jur\u00eddico"},"content":{"rendered":"<p>&nbsp;<\/p>\n<h2>\nEstatal<br \/>\n<\/h2>\n\n<table id=\"tablepress-tbl_marco_normativo\" class=\"tablepress tablepress-id-tbl_marco_normativo\">\n<thead>\n<tr class=\"row-1\">\n\t<th class=\"column-1\">Documento<\/th><th class=\"column-2\">Descargar<\/th>\n<\/tr>\n<\/thead>\n<tbody class=\"row-striping row-hover\">\n<tr class=\"row-2\">\n\t<td class=\"column-1\">Constituci\u00f3n Pol\u00edtica del Estado Libre y Soberano de Oaxaca.<\/td><td class=\"column-2\"><a title=\"constituci\u00f3nEstado\" href=\"https:\/\/www.congresooaxaca.gob.mx\/docs66.congresooaxaca.gob.mx\/legislacion_estatal\/Constitucion_Politica_del_Estado_Libre_y_Soberano_de_Oaxaca_(Ref_dto_613_aprob_LXVI_Legis_12_marzo_2025_PO_Extra_14_marzo_2025).pdf\" target=\"_blank\" rel=\"noopener noreferrer\"><i class=\"far fa-file-pdf fa-2x\">\u00a0<\/i><\/a><br \/>\n      <\/td>\n<\/tr>\n<tr class=\"row-3\">\n\t<td class=\"column-1\">Ley Org\u00e1nica del Poder Ejecutivo del Estado de Oaxaca<\/td><td class=\"column-2\"><a href=\"https:\/\/www.congresooaxaca.gob.mx\/docs66.congresooaxaca.gob.mx\/legislacion_estatal\/Ley_Organica_del_Poder_Ejecutivo_(Ref_dto_27_aprob_LXVI_Legis_31_dic_2024_PO_Extra_31_dic_2024).pdf\" target=\"_blank\" rel=\"noopener noreferrer\"><i class=\"far fa-file-pdf fa-2x\">\u00a0<\/i><\/a><br \/>\n      <\/td>\n<\/tr>\n<tr class=\"row-4\">\n\t<td class=\"column-1\">Ley de Transparencia y Acceso a la Informaci\u00f3n P\u00fablica del Estado de Oaxaca.<\/td><td class=\"column-2\"><a href=\"https:\/\/www.congresooaxaca.gob.mx\/docs66.congresooaxaca.gob.mx\/legislacion_estatal\/Ley_de_Transparencia_Acceso_a_la_informacion_publica_y_Buen_Gobierno_del_Est_de_Oax_(Ref_dto_2339_aprob_LXV_Legis_17_julio_2024_PO_Extra_28_ago_2024).pdf\" target=\"_blank\" rel=\"noopener noreferrer\"><i class=\"far fa-file-pdf fa-2x\">\u00a0<\/i><\/a><br \/>\n      <\/td>\n<\/tr>\n<tr class=\"row-5\">\n\t<td class=\"column-1\">Ley de Protecci\u00f3n de Datos Personales en Posesi\u00f3n de Sujetos Obligados del Estado de Oaxaca<\/td><td class=\"column-2\"><a href=\"https:\/\/www.congresooaxaca.gob.mx\/docs66.congresooaxaca.gob.mx\/legislacion_estatal\/Ley_de_proteccion_contra_la_exposicion_del_humo_de_tabaco_del_estado_de_Oaxaca_(Dto_ref_2291_aprob_LXV_Legis_13_junio_2024_PO_27_11a_secc_6_julio_2024).pdf\" target=\"_blank\" rel=\"noopener noreferrer\"><i class=\"far fa-file-pdf fa-2x\">\u00a0<\/i><\/a><br \/>\n      <\/td>\n<\/tr>\n<tr class=\"row-6\">\n\t<td class=\"column-1\">Ley de Desarrollo Social del Estado de Oaxaca.<\/td><td class=\"column-2\"><a href=\"http:\/\/docs64.congresooaxaca.gob.mx\/documents\/legislacion_estatals\/Ley_de_Desarrollo_Social_del_Estado_de_Oaxaca_(Ref_Dto_618_aprob_LXIV_Legis_10_abr_2019_PO_Extra_29_may_2019).pdf\" target=\"_blank\" rel=\"noopener noreferrer\"><i class=\"far fa-file-pdf fa-2x\">\u00a0<\/i><\/a><br \/>\n      <\/td>\n<\/tr>\n<tr class=\"row-7\">\n\t<td class=\"column-1\">Ley Estatal De Presupuesto y Responsabilidad Hacendar\u00eda.<\/td><td class=\"column-2\"><a title=\"Presupuesto\" href=\"https:\/\/www.congresooaxaca.gob.mx\/docs66.congresooaxaca.gob.mx\/legislacion_estatal\/Ley_Estatal_de_Presupuesto_y_Responsabilidad_Hacendaria_(Ref_Dto_21_aprob_LXVI_Legis_10_dic_2024_PO_51_7a_Secc_21_diciembre_2024).pdf\" target=\"_blank\" rel=\"noopener noreferrer\"><i class=\"far fa-file-pdf fa-2x\">\u00a0<\/i><\/a><br \/>\n      <\/td>\n<\/tr>\n<tr class=\"row-8\">\n\t<td class=\"column-1\">Ley Estatal de Planeaci\u00f3n.<\/td><td class=\"column-2\"><a><i class=\"far fa-file-pdf fa-2x\">\u00a0<\/i><\/a><br \/>\n      <\/td>\n<\/tr>\n<tr class=\"row-9\">\n\t<td class=\"column-1\">Ley de Coordinaci\u00f3n Fiscal para el Estado de Oaxaca<\/td><td class=\"column-2\"><a href=\"https:\/\/www.congresooaxaca.gob.mx\/docs66.congresooaxaca.gob.mx\/legislacion_estatal\/Ley_de_Coordinacion_Fiscal_Para_el_Estado_de_Oaxaca_(Ref_Dto_20_aprob_LXVI_Legis_10_dic_2024_PO_51_7a_seccion_21_dic_2024).pdf\" target=\"_blank\" rel=\"noopener noreferrer\"><i class=\"far fa-file-pdf fa-2x\"> <\/i><\/a><br \/>\n      <\/td>\n<\/tr>\n<tr class=\"row-10\">\n\t<td class=\"column-1\">Ley de Planeaci\u00f3n, Desarrollo Administrativo y Servicios P\u00fablicos Municipales <\/td><td class=\"column-2\"><a href=\"http:\/\/docs64.congresooaxaca.gob.mx\/documents\/legislacion_estatals\/Ley_de_Planeaci%C3%B3n__Desarrollo_Administrativo_y_Servicios_P%C3%BAblicos_Municipales..pdf\" target=\"_blank\" rel=\"noopener noreferrer\"><i class=\"far fa-file-pdf fa-2x\"> <\/i><\/a><\/td>\n<\/tr>\n<tr class=\"row-11\">\n\t<td class=\"column-1\">Ley de Desarrollo Rural Sustentable del Estado de Oaxaca <\/td><td class=\"column-2\"><a href=\"https:\/\/www.congresooaxaca.gob.mx\/docs66.congresooaxaca.gob.mx\/legislacion_estatal\/Ley_de_Desarrollo_Rural_Sustentable_del_Estado_de_Oaxaca_(Ref_dto_2331_aprob_LXV_Legis_10_julio_2024_PO_30_5a_secc_27_julio_2024).pdf\" target=\"_blank\" rel=\"noopener noreferrer\"><i class=\"far fa-file-pdf fa-2x\"> <\/i><\/a><\/td>\n<\/tr>\n<tr class=\"row-12\">\n\t<td class=\"column-1\">Ley de Responsabilidades Administrativas del Estado y Municipios de Oaxaca <\/td><td class=\"column-2\"><a href=\"https:\/\/www.congresooaxaca.gob.mx\/docs65.congresooaxaca.gob.mx\/legislacion_estatal\/Ley_de_Responsabilidades_Administrativas_del_Estado_y_Municipios_de_Oaxaca_(Dto_ref_1926_aprob_LXV_Legis_6_marzo_2024_PO_Extra_8_marzo_2024).pdf\" target=\"_blank\" rel=\"noopener noreferrer\"><i class=\"far fa-file-pdf fa-2x\"> <\/i><\/a><\/td>\n<\/tr>\n<tr class=\"row-13\">\n\t<td class=\"column-1\">Ley del Servicio Civil para los Empleados del Gobierno del Estado <\/td><td class=\"column-2\"><a href=\"https:\/\/www.congresooaxaca.gob.mx\/docs66.congresooaxaca.gob.mx\/legislacion_estatal\/Ley_del_Servicio_Civil_para_los_Empleados_de_Gobierno_del_Estado_(Ref_dto_2446_aprob_LXV_Legis_25_sep_2024_PO_41_14a_secc_12_oct_2024).pdf\" target=\"_blank\" rel=\"noopener noreferrer\"><i class=\"far fa-file-pdf fa-2x\"> <\/i><\/a><\/td>\n<\/tr>\n<tr class=\"row-14\">\n\t<td class=\"column-1\">Gu\u00eda para la Elaboraci\u00f3n de Planes Municipales de Desarrollo Sostenible del Estado de Oaxaca<\/td><td class=\"column-2\"><a href=\"https:\/\/www.oaxaca.gob.mx\/planeacion\/wp-content\/uploads\/sites\/29\/2023\/10\/Guia-para-la-Elaboracion-de-Planes-Municiaples-de-Desarrollo-Sostenible-del-Estado-de-Oaxaca.pdf\" target=\"_blank\" rel=\"noopener noreferrer\"><i class=\"far fa-file-pdf fa-2x\"> <\/i><\/a><\/td>\n<\/tr>\n<tr class=\"row-15\">\n\t<td class=\"column-1\">Manual de Organizaci\u00f3n Direcci\u00f3n General del Instituto de Planeaci\u00f3n para el Bienestar<br \/>\n<\/td><td class=\"column-2\"><a href=\"https:\/\/www.oaxaca.gob.mx\/planeacion\/wp-content\/uploads\/sites\/29\/2025\/06\/SEC14-10MA-2025-04-05.pdf\" target=\"_blank\" rel=\"noopener noreferrer\"><i class=\"far fa-file-pdf fa-2x\">\u00a0<\/i><\/a><br \/>\n      <\/td>\n<\/tr>\n<tr class=\"row-16\">\n\t<td class=\"column-1\">Manual de Procedimientos de la Coordinaci\u00f3n General del Comit\u00e9 Estatal de Planeaci\u00f3n para el Desarrollo de Oaxaca<\/td><td class=\"column-2\"><a href=\"https:\/\/www.oaxaca.gob.mx\/planeacion\/wp-content\/uploads\/sites\/29\/2023\/10\/MANUAL-DE-PROCEDIMIENTOS-DE-LA-COORDINACION-GENERAL-DEL-COMITE-ESTATAL-DE-PLANEACION-PARA-EL-DESARROLLO-DE-OAXACA-COPLADE.pdf\" target=\"_blank\" rel=\"noopener noreferrer\"><i class=\"far fa-file-pdf fa-2x\">\u00a0<\/i><\/a><br \/>\n      <\/td>\n<\/tr>\n<tr class=\"row-17\">\n\t<td class=\"column-1\">C\u00f3digo de \u00c9tica<\/td><td class=\"column-2\"><a href=\"https:\/\/www.oaxaca.gob.mx\/planeacion\/wp-content\/uploads\/sites\/29\/2024\/10\/CODIGO-DE-ETICA-SHTFP-ACTUALIZADO.pdf\" target=\"_blank\" rel=\"noopener noreferrer\"><i class=\"far fa-file-pdf fa-2x\">\u00a0<\/i><\/a><br \/>\n      <\/td>\n<\/tr>\n<tr class=\"row-18\">\n\t<td class=\"column-1\">Estructura Organica<\/td><td class=\"column-2\"><a href=\"https:\/\/www.oaxaca.gob.mx\/planeacion\/wp-content\/uploads\/sites\/29\/2024\/06\/ESTRUCTURA-ORGANICA-AUTORIZADA-INPLAN.pdf\" target=\"_blank\" rel=\"noopener noreferrer\"><i class=\"far fa-file-pdf fa-2x\">\u00a0<\/i><\/a><br \/>\n      <\/td>\n<\/tr>\n<tr class=\"row-19\">\n\t<td class=\"column-1\">Reglamento Interno  de la Direcci\u00f3n General del Instituto de Planeaci\u00f3n para el Binestar.<\/td><td class=\"column-2\"><a href=\"https:\/\/www.oaxaca.gob.mx\/planeacion\/wp-content\/uploads\/sites\/29\/2024\/05\/Periodico-oficial-del-estado-16-octubre-2023-reglamento-interno-de-la-direccion-general-del-instit.pdf\" target=\"_blank\" rel=\"noopener noreferrer\"><i class=\"far fa-file-pdf fa-2x\">\u00a0<\/i><\/a><br \/>\n      <\/td>\n<\/tr>\n<tr class=\"row-20\">\n\t<td class=\"column-1\">Lineamientos para la Constituci\u00f3n y Funcionamiento de los Consejos de Desarrollo Microrregional<\/td><td class=\"column-2\"><a href=\"https:\/\/www.oaxaca.gob.mx\/planeacion\/wp-content\/uploads\/sites\/29\/2023\/10\/LINEAMIENTOS-PARA-LA-CONSTITUCION-Y-FUNCIONAMIENTO-DE-LOS-CONSEJOS-DE-DESARROLLO-MICROREGIONAL.pdf\" target=\"_blank\" rel=\"noopener noreferrer\"><i class=\"far fa-file-pdf fa-2x\"> <\/i><\/a><br \/>\n      <\/td>\n<\/tr>\n<tr class=\"row-21\">\n\t<td class=\"column-1\">Lineamientos para la Integraci\u00f3n de los Consejos de Desarrollo Social Municipal<\/td><td class=\"column-2\"><a href=\"https:\/\/www.oaxaca.gob.mx\/planeacion\/wp-content\/uploads\/sites\/29\/2025\/01\/EXT-PLANEACION-2024-12-30.pdf\" target=\"_blank\" rel=\"noopener noreferrer\"><i class=\"far fa-file-pdf fa-2x\"> <\/i><\/a><br \/>\n      <\/td>\n<\/tr>\n<tr class=\"row-22\">\n\t<td class=\"column-1\"> Plan de recuperaci\u00f3n<\/td><td class=\"column-2\"><a href=\"https:\/\/www.oaxaca.gob.mx\/planeacion\/wp-content\/uploads\/sites\/29\/2022\/09\/4.7-Plan-de-recuperacion.pdf\" target=\"_blank\" rel=\"noopener noreferrer\"><i class=\"far fa-file-pdf fa-2x\"> <\/i><\/a><br \/>\n      <\/td>\n<\/tr>\n<tr class=\"row-23\">\n\t<td class=\"column-1\">LINEAMIENTOS SISPLADE 2022<\/td><td class=\"column-2\"><a href=\"https:\/\/www.oaxaca.gob.mx\/coplade\/wp-content\/uploads\/sites\/29\/2022\/11\/LINEAMIENTOS-SISPLADE-2022.pdf\" target=\"_blank\" rel=\"noopener noreferrer\"><i class=\"far fa-file-pdf fa-2x\"> <\/i><\/a><\/td>\n<\/tr>\n<tr class=\"row-24\">\n\t<td class=\"column-1\">Lineamientos t\u00e9cnicos generales<\/td><td class=\"column-2\"><a href=\"https:\/\/www.oaxaca.gob.mx\/planeacion\/wp-content\/uploads\/sites\/29\/2023\/10\/Lineamientos-tecnicos-generales-21072021integrada.pdf\" target=\"_blank\" rel=\"noopener noreferrer\"><i class=\"far fa-file-pdf fa-2x\"> <\/i><\/a><\/td>\n<\/tr>\n<tr class=\"row-25\">\n\t<td class=\"column-1\">Ley de Archivos para el Estado de Oaxaca<\/td><td class=\"column-2\"><a href=\"https:\/\/www.congresooaxaca.gob.mx\/docs65.congresooaxaca.gob.mx\/legislacion_estatal\/Ley_de_Archivos_para_el_Estado_de_Oaxaca_(Ref_dto_1718_aprob_LXV_Legis_31_enero_2024_PO_6_7a_secc_10_feb_2024).pdf\" target=\"_blank\" rel=\"noopener noreferrer\"><i class=\"far fa-file-pdf fa-2x\"> <\/i><\/a><\/td>\n<\/tr>\n<tr class=\"row-26\">\n\t<td class=\"column-1\">Ley de Adquisiciones, Enajenaciones, Arrendamientos, Prestaci\u00f3n de Servicios y Administraci\u00f3n de Bienes Muebles e Inmuebles del Estado de Oaxaca.<\/td><td class=\"column-2\"><a href=\"https:\/\/www.congresooaxaca.gob.mx\/docs65.congresooaxaca.gob.mx\/legislacion_estatal\/Ley_de_Adq_enaj_arrend_prest_serv_admon_bienes_muebles_e_inmuebles_(Ref_dto_1865_LXV_Legis_28_febrero_2024_PO_11_10a_secc_16_marzo_2024).pdf\" target=\"_blank\" rel=\"noopener noreferrer\"><i class=\"far fa-file-pdf fa-2x\"> <\/i><\/a><\/td>\n<\/tr>\n<tr class=\"row-27\">\n\t<td class=\"column-1\">Lineamientos para la Asistencia T\u00e9cnica y Orientaci\u00f3n en la Integraci\u00f3n y Operaci\u00f3n de los Consejos de Desarrollo Social Municipal<\/td><td class=\"column-2\"><a href=\"https:\/\/www.oaxaca.gob.mx\/planeacion\/wp-content\/uploads\/sites\/29\/2023\/10\/LINEAMIENTOS-PARA-LA-ASISTENCIA-TECNICA-Y-ORIENTACION-EN-LA-INTEGRACION-Y-OPERACION-DE-LOS-CONSEJOS-DE-DESARROLLO-SOCIAL-MUNICIPAL.pdf\" target=\"_blank\" rel=\"noopener noreferrer\"><i class=\"far fa-file-pdf fa-2x\"> <\/i><\/a><\/td>\n<\/tr>\n<tr class=\"row-28\">\n\t<td class=\"column-1\">Lineamientos para la Revisi\u00f3n y Validaci\u00f3n de los Planes Municipales de Desarrollo Sostenible del Estado de Oaxaca<\/td><td class=\"column-2\"><a href=\"https:\/\/www.oaxaca.gob.mx\/planeacion\/wp-content\/uploads\/sites\/29\/2023\/10\/LINEAMIENTOS-PARA-LA-REVISION-Y-VALIDACION-DE-LOS-PLANES-MUNICPALES-DE-DESARROLLO-SOSTENIBLE-DEL-ESTADO-DE-OAXACA.pdf\" target=\"_blank\" rel=\"noopener noreferrer\"><i class=\"far fa-file-pdf fa-2x\"> <\/i><\/a><\/td>\n<\/tr>\n<tr class=\"row-29\">\n\t<td class=\"column-1\">Lineamientos del Grupo de Trabajo de Administraci\u00f3n de Riesgos<\/td><td class=\"column-2\"><a href=\"https:\/\/www.oaxaca.gob.mx\/coplade\/wp-content\/uploads\/sites\/29\/2022\/01\/LINEAMIENTOS-GRUPO-DE-RIESGOS.pdf\" target=\"_blank\" rel=\"noopener noreferrer\"><i class=\"far fa-file-pdf fa-2x\"> <\/i><\/a><\/td>\n<\/tr>\n<tr class=\"row-30\">\n\t<td class=\"column-1\">Acuerdo por el que se Expide el Codigo de \u00c9tica para Servidoras y Servidores P\u00fablicos del Poder Ejecutivo del Estado de Oaxaca<\/td><td class=\"column-2\"><a href=\"https:\/\/www.oaxaca.gob.mx\/planeacion\/wp-content\/uploads\/sites\/29\/2023\/10\/Acuerdo-por-el-que-emiten-los-lineamientos-generales-del-codigo-de-etica-para-servidoras-y-servidores-publicos-del-poder-ejecutivo-del-estado-de-oaxaca.pdf\" target=\"_blank\" rel=\"noopener noreferrer\"><i class=\"far fa-file-pdf fa-2x\"> <\/i><\/a><\/td>\n<\/tr>\n<tr class=\"row-31\">\n\t<td class=\"column-1\">Acuerdo por el que se emiten las reglas de Integridad para Servidoras y Servidores P\u00fablicos del Poder Ejecutivo del Estado de Oaxaca<\/td><td class=\"column-2\"><a href=\"https:\/\/www.oaxaca.gob.mx\/planeacion\/wp-content\/uploads\/sites\/29\/2023\/10\/Acuerdo-por-el-que-se-emiten-las-reglas-de-Integridad-para-Servidoras-y-Servidores-Publicos-del-Poder.pdf\" target=\"_blank\" rel=\"noopener noreferrer\"><i class=\"far fa-file-pdf fa-2x\"> <\/i><\/a><\/td>\n<\/tr>\n<tr class=\"row-32\">\n\t<td class=\"column-1\">Acuerdo por el que se emiten los Lineamientos Generales del C\u00f3digo de \u00c9tica para Servidoras y Servidores P\u00fablicos del Poder Ejecutivo del Estado de Oaxaca<\/td><td class=\"column-2\"><a href=\"https:\/\/www.oaxaca.gob.mx\/planeacion\/wp-content\/uploads\/sites\/29\/2023\/10\/Acuerdo-por-el-que-emiten-los-lineamientos-generales-del-codigo-de-etica-para-servidoras-y-servidores-publicos-del-poder-ejecutivo-del-estado-de-oaxaca.pdf\" target=\"_blank\" rel=\"noopener noreferrer\"><i class=\"far fa-file-pdf fa-2x\"> <\/i><\/a><\/td>\n<\/tr>\n<tr class=\"row-33\">\n\t<td class=\"column-1\">Lineamientos del Sistema para la Planeaci\u00f3n del Desarrollo (SISPLADE)<\/td><td class=\"column-2\"><a href=\"https:\/\/www.oaxaca.gob.mx\/planeacion\/wp-content\/uploads\/sites\/29\/2023\/10\/Lineamientos-del-sistema-de-informacion-para-la-planeacion-del-desarrollo-SISPLADE.pdf\" target=\"_blank\" rel=\"noopener noreferrer\"><i class=\"far fa-file-pdf fa-2x\"> <\/i><\/a><\/td>\n<\/tr>\n<tr class=\"row-34\">\n\t<td class=\"column-1\">C\u00f3digo de Conducta<\/td><td class=\"column-2\"><a href=\"https:\/\/www.oaxaca.gob.mx\/planeacion\/wp-content\/uploads\/sites\/29\/2023\/10\/CODIGO-DE-CONDUCTA-DE-LAS-Y-LOS-SERVIDORES-PUBLICOS-CG-COPLADE.pdf\" target=\"_blank\" rel=\"noopener noreferrer\"><i class=\"far fa-file-pdf fa-2x\"> <\/i><\/a><\/td>\n<\/tr>\n<tr class=\"row-35\">\n\t<td class=\"column-1\">Estatuto Organico del Sindicato de Trabajadores de los Poderes del Estado e Instituciones Descentralizadas de Car\u00e1cter Estatal del Estado de Oaxaca<\/td><td class=\"column-2\"><a href=\"https:\/\/www.oaxaca.gob.mx\/wp-content\/uploads\/sites\/38\/2019\/10\/ESTATUTO-SINDICATO.pdf\" target=\"_blank\" rel=\"noopener noreferrer\"><i class=\"far fa-file-pdf fa-2x\"> <\/i><\/a><\/td>\n<\/tr>\n<\/tbody>\n<\/table>\n<!-- #tablepress-tbl_marco_normativo from cache -->\n<h2>\nFederal<br \/>\n<\/h2>\n\n<table id=\"tablepress-tbl_marco_federal\" class=\"tablepress tablepress-id-tbl_marco_federal\">\n<thead>\n<tr class=\"row-1\">\n\t<th class=\"column-1\">Documento<\/th><th class=\"column-2\">Descargar<\/th>\n<\/tr>\n<\/thead>\n<tbody class=\"row-striping row-hover\">\n<tr class=\"row-2\">\n\t<td class=\"column-1\">Constituci\u00f3n Pol\u00edtica de los Estados Unidos Mexicanos <\/td><td class=\"column-2\"><a href=\"https:\/\/www.diputados.gob.mx\/LeyesBiblio\/pdf\/CPEUM.pdf\" target=\"_blank\"><i class=\"far fa-file-pdf fa-2x\"> <\/i><\/a><\/td>\n<\/tr>\n<tr class=\"row-3\">\n\t<td class=\"column-1\">Ley de Coordinaci\u00f3n Fiscal <\/td><td class=\"column-2\"><a href=\"https:\/\/www.diputados.gob.mx\/LeyesBiblio\/pdf\/LCF.pdf\" target=\"_blank\"><i class=\"far fa-file-pdf fa-2x\"> <\/i><\/a><\/td>\n<\/tr>\n<tr class=\"row-4\">\n\t<td class=\"column-1\">Ley de Disciplina Financiera de las Entidades Federativas y municipios   <\/td><td class=\"column-2\"><a href=\"https:\/\/www.oaxaca.gob.mx\/planeacion\/wp-content\/uploads\/sites\/29\/2023\/10\/ley-de-disciplina-financiera-de-las-entidades-federativas-y-municipios.pdf\" target=\"_blank\"><i class=\"far fa-file-pdf fa-2x\"> <\/i><\/a><\/td>\n<\/tr>\n<tr class=\"row-5\">\n\t<td class=\"column-1\">Ley de Planeaci\u00f3n <\/td><td class=\"column-2\"><a href=\"https:\/\/www.oaxaca.gob.mx\/planeacion\/wp-content\/uploads\/sites\/29\/2023\/10\/LEY-DE-PLANEACION.pdf\" target=\"_blank\"><i class=\"far fa-file-pdf fa-2x\"> <\/i><\/a><\/td>\n<\/tr>\n<tr class=\"row-6\">\n\t<td class=\"column-1\">Ley General de Responsabilidades Administrativas <\/td><td class=\"column-2\"><a href=\"https:\/\/www.diputados.gob.mx\/LeyesBiblio\/pdf\/LGRA.pdf\" target=\"_blank\"><i class=\"far fa-file-pdf fa-2x\"> <\/i><\/a><\/td>\n<\/tr>\n<tr class=\"row-7\">\n\t<td class=\"column-1\">Ley General de Transparencia y Acceso a la Informaci\u00f3n P\u00fablica <\/td><td class=\"column-2\"><a href=\"http:\/\/www.diputados.gob.mx\/LeyesBiblio\/pdf\/LGTAIP.pdf\" target=\"_blank\"><i class=\"far fa-file-pdf fa-2x\"> <\/i><\/a><\/td>\n<\/tr>\n<tr class=\"row-8\">\n\t<td class=\"column-1\">Ley General de Protecci\u00f3n de Datos Personales en Posesi\u00f3n de Sujetos Obligados<\/td><td class=\"column-2\"><a href=\"https:\/\/www.diputados.gob.mx\/LeyesBiblio\/pdf\/LGPDPPSO_2017.pdf\" target=\"_blank\"><i class=\"far fa-file-pdf fa-2x\"> <\/i><\/a><\/td>\n<\/tr>\n<tr class=\"row-9\">\n\t<td class=\"column-1\">Ley General de Contabilidad Gubernamental <\/td><td class=\"column-2\"><a href=\"https:\/\/www.diputados.gob.mx\/LeyesBiblio\/pdf\/LGCG.pdf\" target=\"_blank\"><i class=\"far fa-file-pdf fa-2x\"> <\/i><\/a><\/td>\n<\/tr>\n<tr class=\"row-10\">\n\t<td class=\"column-1\">Ley General de Archivos<\/td><td class=\"column-2\"><a href=\"https:\/\/www.oaxaca.gob.mx\/planeacion\/wp-content\/uploads\/sites\/29\/2023\/10\/LEY-GENRAL-DE-ARCHIVOS.pdf\" target=\"_blank\"><i class=\"far fa-file-pdf fa-2x\"> <\/i><\/a><\/td>\n<\/tr>\n<tr class=\"row-11\">\n\t<td class=\"column-1\">Pacto Internacional de Derechos Econ\u00f3micos, Sociales y Culturales<\/td><td class=\"column-2\"><a href=\"https:\/\/www.oaxaca.gob.mx\/planeacion\/wp-content\/uploads\/sites\/29\/2023\/10\/PACTO-INTERNACIONAL-DE-DERECHOS-ECONOMICOS-SOCIALES-Y-CULTURALES.pdf\" target=\"_blank\"><i class=\"far fa-file-pdf fa-2x\"> <\/i><\/a><\/td>\n<\/tr>\n<tr class=\"row-12\">\n\t<td class=\"column-1\">CONVENCI\u00d3N AMERICANA DE DERECHOS HUMANOS<\/td><td class=\"column-2\"><a href=\"https:\/\/www.oaxaca.gob.mx\/planeacion\/wp-content\/uploads\/sites\/29\/2023\/10\/decreto-convencion-americana-de-derechos-humanos.pdf\" target=\"_blank\"><i class=\"far fa-file-pdf fa-2x\"> <\/i><\/a><\/td>\n<\/tr>\n<\/tbody>\n<\/table>\n<!-- #tablepress-tbl_marco_federal from cache -->\n<h2>\nAbrogadas<br \/>\n<\/h2>\n\n<table id=\"tablepress-16\" class=\"tablepress tablepress-id-16\">\n<thead>\n<tr class=\"row-1\">\n\t<th class=\"column-1\">Documento<\/th><th class=\"column-2\">Descargar<\/th>\n<\/tr>\n<\/thead>\n<tbody class=\"row-striping row-hover\">\n<tr class=\"row-2\">\n\t<td class=\"column-1\">Reglamento Interno de la Coordinaci\u00f3n General del Comit\u00e9 Estatal de Planeaci\u00f3n para el Desarrollo de Oaxaca (ABROGADA) <\/td><td class=\"column-2\"><a href=\"https:\/\/www.oaxaca.gob.mx\/coplade\/wp-content\/uploads\/sites\/29\/2021\/09\/Reglamento-Interno-de-la-Coordinacion-General-del-Comite-Estatal-de-Planeacion-para-el-Desarrollo-de-Oaxaca-ABROGADA.pdf\" target=\"_blank\" rel=\"noopener noreferrer\"><i class=\"far fa-file-pdf fa-2x\"> <\/i><\/a><\/td>\n<\/tr>\n<\/tbody>\n<\/table>\n<!-- #tablepress-16 from cache -->\n","protected":false},"excerpt":{"rendered":"<p>&nbsp; Estatal Federal Abrogadas<\/p>\n","protected":false},"author":1,"featured_media":0,"parent":0,"menu_order":0,"comment_status":"closed","ping_status":"closed","template":"","meta":{"episode_type":"","audio_file":"","podmotor_file_id":"","podmotor_episode_id":"","cover_image":"","cover_image_id":"","duration":"","filesize":"","filesize_raw":"","date_recorded":"","explicit":"","block":"","itunes_episode_number":"","itunes_title":"","itunes_season_number":"","itunes_episode_type":"","footnotes":""},"categories":[],"tags":[],"class_list":["post-2062","page","type-page","status-publish","hentry"],"acf":[],"publishpress_future_action":{"enabled":false,"date":"2026-05-10 13:20:01","action":"change-status","newStatus":"draft","terms":[],"taxonomy":"category","extraData":[]},"publishpress_future_workflow_manual_trigger":{"enabledWorkflows":[]},"_links":{"self":[{"href":"https:\/\/www.oaxaca.gob.mx\/planeacion\/wp-json\/wp\/v2\/pages\/2062","targetHints":{"allow":["GET"]}}],"collection":[{"href":"https:\/\/www.oaxaca.gob.mx\/planeacion\/wp-json\/wp\/v2\/pages"}],"about":[{"href":"https:\/\/www.oaxaca.gob.mx\/planeacion\/wp-json\/wp\/v2\/types\/page"}],"author":[{"embeddable":true,"href":"https:\/\/www.oaxaca.gob.mx\/planeacion\/wp-json\/wp\/v2\/users\/1"}],"replies":[{"embeddable":true,"href":"https:\/\/www.oaxaca.gob.mx\/planeacion\/wp-json\/wp\/v2\/comments?post=2062"}],"version-history":[{"count":2,"href":"https:\/\/www.oaxaca.gob.mx\/planeacion\/wp-json\/wp\/v2\/pages\/2062\/revisions"}],"predecessor-version":[{"id":9427,"href":"https:\/\/www.oaxaca.gob.mx\/planeacion\/wp-json\/wp\/v2\/pages\/2062\/revisions\/9427"}],"wp:attachment":[{"href":"https:\/\/www.oaxaca.gob.mx\/planeacion\/wp-json\/wp\/v2\/media?parent=2062"}],"wp:term":[{"taxonomy":"category","embeddable":true,"href":"https:\/\/www.oaxaca.gob.mx\/planeacion\/wp-json\/wp\/v2\/categories?post=2062"},{"taxonomy":"post_tag","embeddable":true,"href":"https:\/\/www.oaxaca.gob.mx\/planeacion\/wp-json\/wp\/v2\/tags?post=2062"}],"curies":[{"name":"wp","href":"https:\/\/api.w.org\/{rel}","templated":true}]}}