{"id":10474,"date":"2024-10-04T11:35:52","date_gmt":"2024-10-04T17:35:52","guid":{"rendered":"https:\/\/www.oaxaca.gob.mx\/planeacion\/?page_id=10474"},"modified":"2026-02-03T12:44:04","modified_gmt":"2026-02-03T18:44:04","slug":"vision","status":"publish","type":"page","link":"https:\/\/www.oaxaca.gob.mx\/planeacion\/vision\/","title":{"rendered":"Visi\u00f3n"},"content":{"rendered":"<p style=\"text-align: justify\">Ser la instituci\u00f3n referente en la conducci\u00f3n y articulaci\u00f3n interinstitucional de la planeaci\u00f3n para el bienestar en Oaxaca, reconocida por impulsar un modelo de desarrollo justo, incluyente y sostenible, basado en la participaci\u00f3n social, el uso estrat\u00e9gico de la informaci\u00f3n territorial y la coordinaci\u00f3n efectiva entre los \u00f3rdenes de gobierno, que permita generar resultados tangibles en la calidad de vida de las oaxaque\u00f1as y los oaxaque\u00f1os.<\/p>\n","protected":false},"excerpt":{"rendered":"<p>Ser la instituci\u00f3n referente en la conducci\u00f3n y articulaci\u00f3n interinstitucional de la planeaci\u00f3n para el bienestar en Oaxaca, reconocida por impulsar un modelo de desarrollo justo, incluyente y sostenible, basado en la participaci\u00f3n social, el uso estrat\u00e9gico de la informaci\u00f3n territorial y la coordinaci\u00f3n efectiva entre los \u00f3rdenes de gobierno, que permita generar resultados tangibles [&hellip;]<\/p>\n","protected":false},"author":30,"featured_media":0,"parent":0,"menu_order":0,"comment_status":"closed","ping_status":"closed","template":"","meta":{"episode_type":"","audio_file":"","podmotor_file_id":"","podmotor_episode_id":"","cover_image":"","cover_image_id":"","duration":"","filesize":"","filesize_raw":"","date_recorded":"","explicit":"","block":"","itunes_episode_number":"","itunes_title":"","itunes_season_number":"","itunes_episode_type":"","footnotes":""},"categories":[],"tags":[],"class_list":["post-10474","page","type-page","status-publish","hentry"],"acf":[],"publishpress_future_action":{"enabled":false,"date":"2026-05-10 06:01:10","action":"change-status","newStatus":"draft","terms":[],"taxonomy":"category","extraData":[]},"publishpress_future_workflow_manual_trigger":{"enabledWorkflows":[]},"_links":{"self":[{"href":"https:\/\/www.oaxaca.gob.mx\/planeacion\/wp-json\/wp\/v2\/pages\/10474","targetHints":{"allow":["GET"]}}],"collection":[{"href":"https:\/\/www.oaxaca.gob.mx\/planeacion\/wp-json\/wp\/v2\/pages"}],"about":[{"href":"https:\/\/www.oaxaca.gob.mx\/planeacion\/wp-json\/wp\/v2\/types\/page"}],"author":[{"embeddable":true,"href":"https:\/\/www.oaxaca.gob.mx\/planeacion\/wp-json\/wp\/v2\/users\/30"}],"replies":[{"embeddable":true,"href":"https:\/\/www.oaxaca.gob.mx\/planeacion\/wp-json\/wp\/v2\/comments?post=10474"}],"version-history":[{"count":2,"href":"https:\/\/www.oaxaca.gob.mx\/planeacion\/wp-json\/wp\/v2\/pages\/10474\/revisions"}],"predecessor-version":[{"id":13614,"href":"https:\/\/www.oaxaca.gob.mx\/planeacion\/wp-json\/wp\/v2\/pages\/10474\/revisions\/13614"}],"wp:attachment":[{"href":"https:\/\/www.oaxaca.gob.mx\/planeacion\/wp-json\/wp\/v2\/media?parent=10474"}],"wp:term":[{"taxonomy":"category","embeddable":true,"href":"https:\/\/www.oaxaca.gob.mx\/planeacion\/wp-json\/wp\/v2\/categories?post=10474"},{"taxonomy":"post_tag","embeddable":true,"href":"https:\/\/www.oaxaca.gob.mx\/planeacion\/wp-json\/wp\/v2\/tags?post=10474"}],"curies":[{"name":"wp","href":"https:\/\/api.w.org\/{rel}","templated":true}]}}

Visión

<p style="text-align: justify">Ser la institución referente en la conducción y articulación interinstitucional de la planeación para el bienestar en Oaxaca, reconocida por impulsar un modelo de desarrollo justo, incluyente y sostenible, basado en la participación social, el uso estratégico de la información territorial y la coordinación efectiva entre los órdenes de gobierno, que permita generar resultados tangibles en la calidad de vida de las oaxaqueñas y los oaxaqueños.</p>

<p>Ser la institución referente en la conducción y articulación interinstitucional de la planeación para el bienestar en Oaxaca, reconocida por impulsar un modelo de desarrollo justo, incluyente y sostenible, basado en la participación social, el uso estratégico de la información territorial y la coordinación efectiva entre los órdenes de gobierno, que permita generar resultados tangibles [&hellip;]</p>
