{"id":899,"date":"2016-09-07T14:06:30","date_gmt":"2016-09-07T20:06:30","guid":{"rendered":"https:\/\/www.oaxaca.gob.mx\/pensiones\/?page_id=899"},"modified":"2019-08-13T13:44:06","modified_gmt":"2019-08-13T18:44:06","slug":"actividades-deportivas","status":"publish","type":"page","link":"https:\/\/www.oaxaca.gob.mx\/pensiones\/actividades-deportivas\/","title":{"rendered":"Actividades Deportivas"},"content":{"rendered":"<p style=\"text-align: center\"><strong>TALLERES PERMANENTES<\/strong><\/p>\n<p><strong> Descripci\u00f3n <\/strong><br \/>\n<em><br \/>\nSe imparten talleres de activaci\u00f3n f\u00edsica a los jubilados, pensionados y pensionistas de baile de sal\u00f3n, tai ji quan, gimnasia y yoga.<\/em><\/p>\n<p><strong>Requisitos<\/strong><\/p>\n<p>Ser jubilado, pensionado y pensionista del Gobierno del Estado.<\/p>\n<p><strong>Documentos<\/strong><\/p>\n<p>Jubilados, pensionados y pensionistas: Credencial expedida por la Oficina de Pensiones.<\/p>\n<p><strong>Sustento Legal<\/strong><br \/>\nLey de Pensiones para los Trabajadores del Gobierno del Estado de Oaxaca, Art\u00edculo 1. Publicada en el Peri\u00f3dico Oficial No. 4 de fecha 28 de enero de 2012; y Reglamento Interno de la Oficina de Pensiones del Estado de Oaxaca, Art\u00edculo 14 fracciones IV, V, VII y X publicado en el Peri\u00f3dico Oficial el 22 de noviembre de 2014.<\/p>\n<p><strong>Fundamento Legal<\/strong><br \/>\nLey de Pensiones para los Trabajadores del Gobierno del Estado de Oaxaca, Art\u00edculo 1. Publicada en el Peri\u00f3dico Oficial No. 4 de fecha 28 de enero de 2012; y Reglamento Interno de la Oficina de Pensiones del Estado de Oaxaca, Art\u00edculo 14 fracciones IV, V, VII y X publicado en el Peri\u00f3dico Oficial el 22 de noviembre de 2014.<\/p>\n<p><strong>Servidor P\u00fablico Responsable<\/strong><br \/>\nC. Manuel Antonio Moreno Ponce<\/p>\n<p><strong>\u00c1rea Responsable<\/strong><br \/>\nDepartamento de Prestaciones Sociales<br \/>\n<strong>\u00c1rea de Adscripci\u00f3n<\/strong><br \/>\nDirecci\u00f3n de Prestaciones<\/p>\n<p><em>Cupo Limitado<\/em><\/p>\n<p style=\"text-align: center\"><strong>Actividades deportivas<\/strong><\/p>\n","protected":false},"excerpt":{"rendered":"<p>TALLERES PERMANENTES Descripci\u00f3n Se imparten talleres de activaci\u00f3n f\u00edsica a los jubilados, pensionados y pensionistas de baile de sal\u00f3n, tai ji quan, gimnasia y yoga. Requisitos Ser jubilado, pensionado y pensionista del Gobierno del Estado. Documentos Jubilados, pensionados y pensionistas: Credencial expedida por la Oficina de Pensiones. Sustento Legal Ley de Pensiones para los Trabajadores [&hellip;]<\/p>\n","protected":false},"author":1,"featured_media":0,"parent":0,"menu_order":0,"comment_status":"closed","ping_status":"closed","template":"","meta":{"episode_type":"","audio_file":"","podmotor_file_id":"","podmotor_episode_id":"","cover_image":"","cover_image_id":"","duration":"","filesize":"","filesize_raw":"","date_recorded":"","explicit":"","block":"","itunes_episode_number":"","itunes_title":"","itunes_season_number":"","itunes_episode_type":"","footnotes":""},"categories":[],"tags":[],"class_list":["post-899","page","type-page","status-publish","hentry"],"acf":[],"publishpress_future_action":{"enabled":false,"date":"2026-04-23 19:35:36","action":"change-status","newStatus":"draft","terms":[],"taxonomy":"category","extraData":[]},"publishpress_future_workflow_manual_trigger":{"enabledWorkflows":[]},"_links":{"self":[{"href":"https:\/\/www.oaxaca.gob.mx\/pensiones\/wp-json\/wp\/v2\/pages\/899","targetHints":{"allow":["GET"]}}],"collection":[{"href":"https:\/\/www.oaxaca.gob.mx\/pensiones\/wp-json\/wp\/v2\/pages"}],"about":[{"href":"https:\/\/www.oaxaca.gob.mx\/pensiones\/wp-json\/wp\/v2\/types\/page"}],"author":[{"embeddable":true,"href":"https:\/\/www.oaxaca.gob.mx\/pensiones\/wp-json\/wp\/v2\/users\/1"}],"replies":[{"embeddable":true,"href":"https:\/\/www.oaxaca.gob.mx\/pensiones\/wp-json\/wp\/v2\/comments?post=899"}],"version-history":[{"count":1,"href":"https:\/\/www.oaxaca.gob.mx\/pensiones\/wp-json\/wp\/v2\/pages\/899\/revisions"}],"predecessor-version":[{"id":5033,"href":"https:\/\/www.oaxaca.gob.mx\/pensiones\/wp-json\/wp\/v2\/pages\/899\/revisions\/5033"}],"wp:attachment":[{"href":"https:\/\/www.oaxaca.gob.mx\/pensiones\/wp-json\/wp\/v2\/media?parent=899"}],"wp:term":[{"taxonomy":"category","embeddable":true,"href":"https:\/\/www.oaxaca.gob.mx\/pensiones\/wp-json\/wp\/v2\/categories?post=899"},{"taxonomy":"post_tag","embeddable":true,"href":"https:\/\/www.oaxaca.gob.mx\/pensiones\/wp-json\/wp\/v2\/tags?post=899"}],"curies":[{"name":"wp","href":"https:\/\/api.w.org\/{rel}","templated":true}]}}