{"id":4646,"date":"2016-02-04T09:32:58","date_gmt":"2016-02-04T15:32:58","guid":{"rendered":"https:\/\/www.oaxaca.gob.mx\/pensiones\/?page_id=53"},"modified":"2016-02-04T09:32:58","modified_gmt":"2016-02-04T15:32:58","slug":"quienes-somos-2","status":"publish","type":"page","link":"https:\/\/www.oaxaca.gob.mx\/pensiones\/quienes-somos-2\/","title":{"rendered":"\u00bfQui\u00e9nes somos?"},"content":{"rendered":"<p><strong>ANTECEDENTES HISTORICOS<\/strong><\/p>\n<p style=\"text-align: justify\">En el a\u00f1o de 1917, figur\u00f3 por primera vez dentro de la estructura org\u00e1nica del Gobierno del Estado un \u00e1rea de pensiones dependiendo directamente de la Secretar\u00eda General del Despacho, que involucraba a pensionados militares, civiles e inv\u00e1lidos, resultado de la inestabilidad social en la entidad; posteriormente en los a\u00f1os 1927, 1928 y 1930 volvi\u00f3 a operar dependiendo del Departamento de Fomento, Trabajo y Acci\u00f3n Social; para el a\u00f1o de 1944, el \u00e1rea de pensiones depend\u00eda directamente de la Procuradur\u00eda General de Justicia.<\/p>\n<p style=\"text-align: justify\">En el a\u00f1o 1958, siendo Gobernador Constitucional del Estado Libre y Soberano de Oaxaca el Licenciado Alfonso P\u00e9rez Gasga, se promulga el 29 de Mayo la Ley de Pensiones para los Empleados del Gobierno del Estado de Oaxaca, mediante la cual se crea la Oficina de Pensiones del Estado de Oaxaca, quien ser\u00e1 la encargada de la administraci\u00f3n del Fondo de Pensiones y de la impartici\u00f3n de los Servicios sociales contemplados en la Ley.<\/p>\n<p style=\"text-align: justify\">Con base en lo anterior, la Oficina de Pensiones del Estado de Oaxaca inici\u00f3 a s\u00f3lo un a\u00f1o de su creaci\u00f3n con el pago de pensiones y jubilaciones as\u00ed como el apoyo econ\u00f3mico a familiares de trabajadores fallecidos y el otorgamiento de los primeros pr\u00e9stamos hipotecarios a trabajadores que pasaban a ser pensionados.<\/p>\n<p style=\"text-align: justify\">Mediante decreto n\u00famero 885, la Sexag\u00e9sima Primera Legislatura Constitucional del Estado Libre y Soberano de Oaxaca aprob\u00f3 la Ley de Pensiones para los Trabajadores del Gobierno del Estado de Oaxaca, misma que fue publicada en el n\u00famero 4, del Peri\u00f3dico Oficial del Estado con fecha veintiocho de enero del a\u00f1o dos mil doce, abrogando con \u00e9sta, a la Ley de Pensiones para los Empleados del Gobierno del Estado de Oaxaca de 1958.<\/p>\n<p><a href=\"\/pensiones\/wp-content\/uploads\/sites\/54\/2018\/03\/AVISO-DE-PRIVACIDAD-final.docx\" target=\"_New\" rel=\"noopener noreferrer\">AVISO DE PRIVACIDAD &nbsp;&nbsp;<img loading=\"lazy\" decoding=\"async\" class=\"alignnone size-full wp-image-771\" src=\"\/pensiones\/wp-content\/uploads\/sites\/54\/2018\/03\/word-animado.gif\" alt=\"logo_pdf\" width=\"20\" height=\"19\" \/><\/a><\/p>\n","protected":false},"excerpt":{"rendered":"<p>ANTECEDENTES HISTORICOS En el a\u00f1o de 1917, figur\u00f3 por primera vez dentro de la estructura org\u00e1nica del Gobierno del Estado un \u00e1rea de pensiones dependiendo directamente de la Secretar\u00eda General del Despacho, que involucraba a pensionados militares, civiles e inv\u00e1lidos, resultado de la inestabilidad social en la entidad; posteriormente en los a\u00f1os 1927, 1928 y [&hellip;]<\/p>\n","protected":false},"author":1,"featured_media":0,"parent":0,"menu_order":0,"comment_status":"closed","ping_status":"closed","template":"","meta":{"episode_type":"","audio_file":"","podmotor_file_id":"","podmotor_episode_id":"","cover_image":"","cover_image_id":"","duration":"","filesize":"","filesize_raw":"","date_recorded":"","explicit":"","block":"","itunes_episode_number":"","itunes_title":"","itunes_season_number":"","itunes_episode_type":"","footnotes":""},"categories":[],"tags":[],"class_list":["post-4646","page","type-page","status-publish","hentry"],"acf":[],"publishpress_future_action":{"enabled":false,"date":"2026-04-23 19:37:10","action":"change-status","newStatus":"draft","terms":[],"taxonomy":"category","extraData":[]},"publishpress_future_workflow_manual_trigger":{"enabledWorkflows":[]},"_links":{"self":[{"href":"https:\/\/www.oaxaca.gob.mx\/pensiones\/wp-json\/wp\/v2\/pages\/4646","targetHints":{"allow":["GET"]}}],"collection":[{"href":"https:\/\/www.oaxaca.gob.mx\/pensiones\/wp-json\/wp\/v2\/pages"}],"about":[{"href":"https:\/\/www.oaxaca.gob.mx\/pensiones\/wp-json\/wp\/v2\/types\/page"}],"author":[{"embeddable":true,"href":"https:\/\/www.oaxaca.gob.mx\/pensiones\/wp-json\/wp\/v2\/users\/1"}],"replies":[{"embeddable":true,"href":"https:\/\/www.oaxaca.gob.mx\/pensiones\/wp-json\/wp\/v2\/comments?post=4646"}],"version-history":[{"count":1,"href":"https:\/\/www.oaxaca.gob.mx\/pensiones\/wp-json\/wp\/v2\/pages\/4646\/revisions"}],"predecessor-version":[{"id":8489,"href":"https:\/\/www.oaxaca.gob.mx\/pensiones\/wp-json\/wp\/v2\/pages\/4646\/revisions\/8489"}],"wp:attachment":[{"href":"https:\/\/www.oaxaca.gob.mx\/pensiones\/wp-json\/wp\/v2\/media?parent=4646"}],"wp:term":[{"taxonomy":"category","embeddable":true,"href":"https:\/\/www.oaxaca.gob.mx\/pensiones\/wp-json\/wp\/v2\/categories?post=4646"},{"taxonomy":"post_tag","embeddable":true,"href":"https:\/\/www.oaxaca.gob.mx\/pensiones\/wp-json\/wp\/v2\/tags?post=4646"}],"curies":[{"name":"wp","href":"https:\/\/api.w.org\/{rel}","templated":true}]}}