{"id":456,"date":"2016-07-04T09:35:30","date_gmt":"2016-07-04T15:35:30","guid":{"rendered":"https:\/\/www.oaxaca.gob.mx\/pensiones\/?page_id=456"},"modified":"2016-07-04T09:35:30","modified_gmt":"2016-07-04T15:35:30","slug":"fraccion-xxii-2","status":"publish","type":"page","link":"https:\/\/www.oaxaca.gob.mx\/pensiones\/fraccion-xxii-2\/","title":{"rendered":"Fracci\u00f3n XXII"},"content":{"rendered":"<p><strong><b>Fracci\u00f3n XXII<\/b><\/strong><\/p>\n<p style=\"text-align: justify\">La informaci\u00f3n relativa a la deuda p\u00fablica, en t\u00e9rminos de la normatividad aplicable;<\/p>\n<p><strong><b>NO APLICA<\/b><\/strong><\/p>\n<p style=\"text-align: justify\"><strong>FUNDAMENTO Y MOTIVACI\u00d3N<\/strong><\/p>\n<p style=\"text-align: justify\">Art\u00edculos, 2\u00b0 fracci\u00f3n XXIV, 10, 11 fracciones IV, VI\u00a0 Ley de Deuda P\u00fablica.<\/p>\n<p style=\"text-align: justify\">La Oficina de Pensiones no cuenta con las facultades y atribuciones para generar la informaci\u00f3n especificada en esta fracci\u00f3n; lo anterior, toda vez que corresponde a la Secretar\u00eda de Finanzas la administraci\u00f3n de la Deuda P\u00fablica del Estado de Oaxaca as\u00ed como negociar, aprobar, celebrar y suscribir los contratos y documentos para la contrataci\u00f3n de deuda p\u00fablica a cargo del Estado.<\/p>\n<p>&nbsp;<\/p>\n","protected":false},"excerpt":{"rendered":"<p>Fracci\u00f3n XXII La informaci\u00f3n relativa a la deuda p\u00fablica, en t\u00e9rminos de la normatividad aplicable; NO APLICA FUNDAMENTO Y MOTIVACI\u00d3N Art\u00edculos, 2\u00b0 fracci\u00f3n XXIV, 10, 11 fracciones IV, VI\u00a0 Ley de Deuda P\u00fablica. La Oficina de Pensiones no cuenta con las facultades y atribuciones para generar la informaci\u00f3n especificada en esta fracci\u00f3n; lo anterior, toda [&hellip;]<\/p>\n","protected":false},"author":1,"featured_media":0,"parent":0,"menu_order":0,"comment_status":"closed","ping_status":"closed","template":"","meta":{"episode_type":"","audio_file":"","podmotor_file_id":"","podmotor_episode_id":"","cover_image":"","cover_image_id":"","duration":"","filesize":"","filesize_raw":"","date_recorded":"","explicit":"","block":"","itunes_episode_number":"","itunes_title":"","itunes_season_number":"","itunes_episode_type":"","footnotes":""},"categories":[],"tags":[],"class_list":["post-456","page","type-page","status-publish","hentry"],"acf":[],"publishpress_future_action":{"enabled":false,"date":"2026-04-23 19:37:09","action":"change-status","newStatus":"draft","terms":[],"taxonomy":"category","extraData":[]},"publishpress_future_workflow_manual_trigger":{"enabledWorkflows":[]},"_links":{"self":[{"href":"https:\/\/www.oaxaca.gob.mx\/pensiones\/wp-json\/wp\/v2\/pages\/456","targetHints":{"allow":["GET"]}}],"collection":[{"href":"https:\/\/www.oaxaca.gob.mx\/pensiones\/wp-json\/wp\/v2\/pages"}],"about":[{"href":"https:\/\/www.oaxaca.gob.mx\/pensiones\/wp-json\/wp\/v2\/types\/page"}],"author":[{"embeddable":true,"href":"https:\/\/www.oaxaca.gob.mx\/pensiones\/wp-json\/wp\/v2\/users\/1"}],"replies":[{"embeddable":true,"href":"https:\/\/www.oaxaca.gob.mx\/pensiones\/wp-json\/wp\/v2\/comments?post=456"}],"version-history":[{"count":0,"href":"https:\/\/www.oaxaca.gob.mx\/pensiones\/wp-json\/wp\/v2\/pages\/456\/revisions"}],"wp:attachment":[{"href":"https:\/\/www.oaxaca.gob.mx\/pensiones\/wp-json\/wp\/v2\/media?parent=456"}],"wp:term":[{"taxonomy":"category","embeddable":true,"href":"https:\/\/www.oaxaca.gob.mx\/pensiones\/wp-json\/wp\/v2\/categories?post=456"},{"taxonomy":"post_tag","embeddable":true,"href":"https:\/\/www.oaxaca.gob.mx\/pensiones\/wp-json\/wp\/v2\/tags?post=456"}],"curies":[{"name":"wp","href":"https:\/\/api.w.org\/{rel}","templated":true}]}}