{"id":384,"date":"2016-04-14T08:24:46","date_gmt":"2016-04-14T14:24:46","guid":{"rendered":"https:\/\/www.oaxaca.gob.mx\/pensiones\/?page_id=384"},"modified":"2016-04-14T08:24:46","modified_gmt":"2016-04-14T14:24:46","slug":"fracciones-2","status":"publish","type":"page","link":"https:\/\/www.oaxaca.gob.mx\/pensiones\/fracciones-2\/","title":{"rendered":"Fracciones"},"content":{"rendered":"<p><!--del datetime=\"2017-10-23T17:58:08+00:00\"&gt;--><\/p>\n<div class=\"btn-group btn-group-justified\">\n<div class=\"btn btn-default\"><a href=\"\/pensiones\/fraccion-i\/\"><button class=\"btn btn-default\" type=\"button\"><b>Fracci\u00f3n I<\/b><\/button><\/a><\/div>\n<div class=\"btn btn-default\"><a href=\"\/pensiones\/fraccion-ii\/\"><button class=\"btn btn-default\" type=\"button\"><b>Fracci\u00f3n II<\/b><\/button><\/a><\/div>\n<div class=\"btn btn-default\"><a href=\"\/pensiones\/fraccion-iii\/\/\"><button class=\"btn btn-default\" type=\"button\"><b>Fracci\u00f3n III<\/b><\/button><\/a><\/div>\n<\/div>\n<div class=\"btn-group btn-group-justified\">\n<div class=\"btn btn-default\"><a href=\"\/pensiones\/fraccion-iv\/\"><button class=\"btn btn-default\" type=\"button\">Fracci\u00f3n IV<\/button><\/a><\/div>\n<div class=\"btn btn-default\"><a href=\"\/pensiones\/fraccion-v\/\"><button class=\"btn btn-default\" type=\"button\">Fracci\u00f3n V<\/button><\/a><\/div>\n<div class=\"btn btn-default\"><a href=\"\/pensiones\/fraccion-vi\/\"><button class=\"btn btn-default\" type=\"button\">Fracci\u00f3n VI<\/button><\/a><\/div>\n<\/div>\n<p><del datetime=\"2017-10-23T17:58:08+00:00\"><\/p>\n<div class=\"btn-group btn-group-justified\">\n<div class=\"btn btn-default\"><a href=\"\/pensiones\/fraccion-i\/\"><button class=\"btn btn-default\" type=\"button\"><b>Fracci\u00f3n I<\/b><\/button><\/a><\/div>\n<div class=\"btn btn-default\"><a href=\"\/pensiones\/fraccion-ii\/\"><button class=\"btn btn-default\" type=\"button\"><b>Fracci\u00f3n II<\/b><\/button><\/a><\/div>\n<div class=\"btn btn-default\"><a href=\"\/pensiones\/fraccion-iii\/\/\"><button class=\"btn btn-default\" type=\"button\"><b>Fracci\u00f3n III<\/b><\/b><\/button><\/a><\/div>\n<\/div>\n<div class=\"btn-group btn-group-justified\">\n<div class=\"btn btn-default\"><a href=\"\/pensiones\/fraccion-iv\/\"><button class=\"btn btn-default\" type=\"button\"><b>Fracci\u00f3n IV<\/b><\/button><\/a><\/div>\n<div class=\"btn btn-default\"><a href=\"\/pensiones\/fraccion-v\/\"><button class=\"btn btn-default\" type=\"button\"><b>Fracci\u00f3n V<\/b><\/button><\/a><\/div>\n<div class=\"btn btn-default\"><a href=\"\/pensiones\/fraccion-vi\/\"><button class=\"btn btn-default\" type=\"button\"><b>Fracci\u00f3n VI<\/b><\/button><\/a><\/div>\n<\/div>\n<div class=\"btn-group btn-group-justified\">\n<div class=\"btn btn-default\"><a href=\"\/pensiones\/fraccion-vii\/\"><button class=\"btn btn-default\" type=\"button\">Fracci\u00f3n VII<\/button><\/a><\/div>\n<div class=\"btn btn-default\"><a href=\"\/pensiones\/fraccion-viii\/\"><button class=\"btn btn-default\" type=\"button\">Fracci\u00f3n VIII<\/button><\/a><\/div>\n<div class=\"btn btn-default\"><a href=\"\/pensiones\/fraccion-ix\/\"><button class=\"btn btn-default\" type=\"button\">Fracci\u00f3n IX<\/button><\/a><\/div>\n<\/div>\n<div class=\"btn-group btn-group-justified\">\n<div class=\"btn btn-default\"><a href=\"\/pensiones\/fraccion-vii\/\"><button class=\"btn btn-default\" type=\"button\"><b>Fracci\u00f3n VII<\/b><\/button><\/a><\/div>\n<div class=\"btn btn-default\"><a href=\"\/pensiones\/fraccion-viii\/\"><button class=\"btn btn-default\" type=\"button\"><b>Fracci\u00f3n VIII<\/b><\/button><\/a><\/div>\n<div class=\"btn btn-default\"><a href=\"\/pensiones\/fraccion-ix\/\"><button class=\"btn btn-default\" type=\"button\"><b>Fracci\u00f3n IX<\/b><\/button><\/a><\/div>\n<\/div>\n<div class=\"btn-group btn-group-justified\">\n<div class=\"btn btn-default\"><a href=\"\/pensiones\/fraccion-x\/\"><button class=\"btn btn-default\" type=\"button\">Fracci\u00f3n X<\/button><\/a><\/div>\n<div class=\"btn btn-default\"><a href=\"\/pensiones\/fraccion-xi\/\"><button class=\"btn btn-default\" type=\"button\">Fracci\u00f3n XI<\/button><\/a><\/div>\n<div class=\"btn btn-default\"><a href=\"\/pensiones\/fraccion-xii\/\"><button class=\"btn btn-default\" type=\"button\">Fracci\u00f3n XII<\/button><\/a><\/div>\n<\/div>\n<div class=\"btn-group btn-group-justified\">\n<div class=\"btn btn-default\"><a href=\"\/pensiones\/fraccion-xiii\/\"><button class=\"btn btn-default\" type=\"button\">Fracci\u00f3n XIII<\/button><\/a><\/div>\n<div class=\"btn btn-default\"><a href=\"\/pensiones\/fraccion-xiv\/\"><button class=\"btn btn-default\" type=\"button\">Fracci\u00f3n XIV<\/button><\/a><\/div>\n<div class=\"btn btn-default\"><a href=\"\/pensiones\/fraccion-xv\/\"><button class=\"btn btn-default\" type=\"button\">Fracci\u00f3n XV<\/button><\/a><\/div>\n<\/div>\n<div class=\"btn-group btn-group-justified\">\n<div class=\"btn btn-default\"><a href=\"\/pensiones\/fraccion-xvi\/\"><button class=\"btn btn-default\" type=\"button\">Fracci\u00f3n XVI<\/button><\/a><\/div>\n<div class=\"btn btn-default\"><a href=\"\/pensiones\/fraccion-xvii\/\"><button class=\"btn btn-default\" type=\"button\">Fracci\u00f3n XVII<\/button><\/a><\/div>\n<div class=\"btn btn-default\"><a href=\"\/pensiones\/fraccion-xviii-1\/\"><button class=\"btn btn-default\" type=\"button\">Fracci\u00f3n XVIII<\/button><\/a><\/div>\n<\/div>\n<div class=\"btn-group btn-group-justified\">\n<div class=\"btn btn-default\"><a href=\"\/pensiones\/fraccion-xix\/\"><button class=\"btn btn-default\" type=\"button\">Fracci\u00f3n XIX<\/button><\/a><\/div>\n<div class=\"btn btn-default\"><a href=\"\/pensiones\/fraccion-xx\/\"><button class=\"btn btn-default\" type=\"button\">Fracci\u00f3n XX<\/button><\/a><\/div>\n<div class=\"btn btn-default\"><a href=\"\/pensiones\/fraccion-xxi\/\"><button class=\"btn btn-default\" type=\"button\">Fracci\u00f3n XXI<\/button><\/a><\/div>\n<\/div>\n<div class=\"btn-group btn-group-justified\">\n<div class=\"btn btn-default\"><a href=\"\/pensiones\/fraccion-xxii\/\"><button class=\"btn btn-default\" type=\"button\">Fracci\u00f3n XXII<\/button><\/a><\/div>\n<div class=\"btn btn-default\"><a href=\"\/pensiones\/fraccion-xxiii\/\"><button class=\"btn btn-default\" type=\"button\">Fracci\u00f3n XXIII<\/button><\/a><\/div>\n<div class=\"btn btn-default\"><a href=\"\/pensiones\/fraccion-xxiv\/\"><button class=\"btn btn-default\" type=\"button\">Fracci\u00f3n XXIV<\/button><\/a><\/div>\n<\/div>\n<div class=\"btn-group btn-group-justified\">\n<div class=\"btn btn-default\"><a href=\"\/pensiones\/fraccion-xxv\/\"><button class=\"btn btn-default\" type=\"button\">Fracci\u00f3n XXV<\/button><\/a><\/div>\n<div class=\"btn btn-default\"><a href=\"\/pensiones\/fraccion-xxvi\/\"><button class=\"btn btn-default\" type=\"button\">Fracci\u00f3n XXVI<\/button><\/a><\/div>\n<div class=\"btn btn-default\"><a href=\"\/pensiones\/fraccion-xxvii\/\"><button class=\"btn btn-default\" type=\"button\">Fracci\u00f3n XXVII<\/button><\/a><\/div>\n<\/div>\n<div class=\"btn-group btn-group-justified\">\n<div class=\"btn btn-default\"><a href=\"\/pensiones\/fraccion-xxviii\/\"><button class=\"btn btn-default\" type=\"button\">Fracci\u00f3n XXVIII<\/button><\/a><\/div>\n<div class=\"btn btn-default\"><a href=\"\/pensiones\/fraccion-xxix\/\"><button class=\"btn btn-default\" type=\"button\">Fracci\u00f3n XXIX<\/button><\/a><\/div>\n<div class=\"btn btn-default\"><a href=\"\/pensiones\/fraccion-xxx\/\"><button class=\"btn btn-default\" type=\"button\">Fracci\u00f3n XXX<\/button><\/a><\/div>\n<\/div>\n<div class=\"btn-group btn-group-justified\">\n<div class=\"btn btn-default\"><a href=\"\/pensiones\/fraccion-xxxi\/\"><button class=\"btn btn-default\" type=\"button\">Fracci\u00f3n XXXI<\/button><\/a><\/div>\n<div class=\"btn btn-default\"><a href=\"\/pensiones\/fraccion-xxxii\/\"><button class=\"btn btn-default\" type=\"button\">Fracci\u00f3n XXXII<\/button><\/a><\/div>\n<div class=\"btn btn-default\"><a href=\"\/pensiones\/fraccion-xxxiii\/\"><button class=\"btn btn-default\" type=\"button\">Fracci\u00f3n XXXIII<\/button><\/a><\/div>\n<\/div>\n<div class=\"btn-group btn-group-justified\">\n<div class=\"btn btn-default\"><a href=\"\/pensiones\/fraccion-xxxiv\/\"><button class=\"btn btn-default\" type=\"button\">Fracci\u00f3n XXXIV<\/button><\/a><\/div>\n<div class=\"btn btn-default\"><a href=\"\/pensiones\/fraccion-xxxv\/\"><button class=\"btn btn-default\" type=\"button\">Fracci\u00f3n XXXV<\/button><\/a><\/div>\n<div class=\"btn btn-default\"><a href=\"\/pensiones\/fraccion-xxxvi\/\"><button class=\"btn btn-default\" type=\"button\">Fracci\u00f3n XXXVI<\/button><\/a><\/div>\n<\/div>\n<div class=\"btn-group btn-group-justified\">\n<div class=\"btn btn-default\"><a href=\"\/pensiones\/fraccion-xxxvii\/\"><button class=\"btn btn-default\" type=\"button\">Fracci\u00f3n XXXVII<\/button><\/a><\/div>\n<div class=\"btn btn-default\"><a href=\"\/pensiones\/fraccion-xxxviii\/\"><button class=\"btn btn-default\" type=\"button\">Fracci\u00f3n XXXVIII<\/button><\/a><\/div>\n<div class=\"btn btn-default\"><a href=\"\/pensiones\/fraccion-xxxix\/\"><button class=\"btn btn-default\" type=\"button\">Fracci\u00f3n XXXIX<\/button><\/a><\/div>\n<\/div>\n<div class=\"btn-group btn-group-justified\">\n<div class=\"btn btn-default\"><a href=\"\/pensiones\/fraccion-xl\/\"><button class=\"btn btn-default\" type=\"button\">Fracci\u00f3n XL<\/button><\/a><\/div>\n<div class=\"btn btn-default\"><a href=\"\/pensiones\/fraccion-xli\/\"><button class=\"btn btn-default\" type=\"button\">Fracci\u00f3n XLI<\/button><\/a><\/div>\n<div class=\"btn btn-default\"><a href=\"\/pensiones\/fraccion-xlii\/\"><button class=\"btn btn-default\" type=\"button\">Fracci\u00f3n XLII<\/button><\/a><\/div>\n<\/div>\n<div class=\"btn-group btn-group-justified\">\n<div class=\"btn btn-default\"><a href=\"\/pensiones\/fraccion-xliii\/\"><button class=\"btn btn-default\" type=\"button\">Fracci\u00f3n XLIII<\/button><\/a><\/div>\n<div class=\"btn btn-default\"><a href=\"\/pensiones\/fraccion-xliv\/\"><button class=\"btn btn-default\" type=\"button\">Fracci\u00f3n XLIV<\/button><\/a><\/div>\n<div class=\"btn btn-default\"><a href=\"\/pensiones\/fraccion-xlv\/\"><button class=\"btn btn-default\" type=\"button\">Fracci\u00f3n XLV<\/button><\/a><\/div>\n<\/div>\n<div class=\"btn-group btn-group-justified\">\n<div class=\"btn btn-default\"><a href=\"\/pensiones\/fraccion-xlvi\/\"><button class=\"btn btn-default\" type=\"button\">Fracci\u00f3n XLVI<\/button><\/a><\/div>\n<div class=\"btn btn-default\"><a href=\"\/pensiones\/fraccion-xlvii\/\"><button class=\"btn btn-default\" type=\"button\">Fracci\u00f3n XLVII<\/button><\/a><\/div>\n<div class=\"btn btn-default\"><a href=\"\/pensiones\/fraccion-xlviii\/\"><button class=\"btn btn-default\" type=\"button\">Fracci\u00f3n XLVIII<\/button><\/a><\/div>\n<p><del datetime=\"2017-10-23T17:58:08+00:00\"><\/p>\n<div class=\"btn-group btn-group-justified\">\n<div class=\"btn btn-default\"><a href=\"\/pensiones\/fraccion-i\/\"><button class=\"btn btn-default\" type=\"button\"><b>Fracci\u00f3n I<\/b><\/button><\/a><\/div>\n<div class=\"btn btn-default\"><a href=\"\/pensiones\/fraccion-ii\/\"><button class=\"btn btn-default\" type=\"button\"><b>Fracci\u00f3n II<\/b><\/button><\/a><\/div>\n<div class=\"btn btn-default\"><a href=\"\/pensiones\/fraccion-iii\/\/\"><button class=\"btn btn-default\" type=\"button\"><b>Fracci\u00f3n III<\/b><\/b><\/button><\/a><\/div>\n<\/div>\n<div class=\"btn-group btn-group-justified\">\n<div class=\"btn btn-default\"><a href=\"\/pensiones\/fraccion-iv\/\"><button class=\"btn btn-default\" type=\"button\"><b>Fracci\u00f3n IV<\/b><\/button><\/a><\/div>\n<div class=\"btn btn-default\"><a href=\"\/pensiones\/fraccion-v\/\"><button class=\"btn btn-default\" type=\"button\"><b>Fracci\u00f3n V<\/b><\/button><\/a><\/div>\n<div class=\"btn btn-default\"><a href=\"\/pensiones\/fraccion-vi\/\"><button class=\"btn btn-default\" type=\"button\"><b>Fracci\u00f3n VI<\/b><\/button><\/a><\/div>\n<\/div>\n<div class=\"btn-group btn-group-justified\">\n<div class=\"btn btn-default\"><a href=\"\/pensiones\/fraccion-vii\/\"><button class=\"btn btn-default\" type=\"button\"><b>Fracci\u00f3n VII<\/b><\/button><\/a><\/div>\n<div class=\"btn btn-default\"><a href=\"\/pensiones\/fraccion-viii\/\"><button class=\"btn btn-default\" type=\"button\"><b>Fracci\u00f3n VIII<\/b><\/button><\/a><\/div>\n<div class=\"btn btn-default\"><a href=\"\/pensiones\/fraccion-ix\/\"><button class=\"btn btn-default\" type=\"button\"><b>Fracci\u00f3n IX<\/b><\/button><\/a><\/div>\n<\/div>\n<div class=\"btn-group btn-group-justified\">\n<div class=\"btn btn-default\"><a href=\"\/pensiones\/fraccion-x\/\"><button class=\"btn btn-default\" type=\"button\"><b>Fracci\u00f3n X<\/b><\/button><\/a><\/div>\n<div class=\"btn btn-default\"><a href=\"\/pensiones\/fraccion-xi\/\"><button class=\"btn btn-default\" type=\"button\"><b>Fracci\u00f3n XI<\/b><\/button><\/a><\/div>\n<div class=\"btn btn-default\"><a href=\"\/pensiones\/fraccion-xii\/\"><button class=\"btn btn-default\" type=\"button\"><b>Fracci\u00f3n XII<\/b><\/button><\/a><\/div>\n<\/div>\n<div class=\"btn-group btn-group-justified\">\n<div class=\"btn btn-default\"><a href=\"\/pensiones\/fraccion-xiii\/\"><button class=\"btn btn-default\" type=\"button\"><b>Fracci\u00f3n XIII<\/b><\/button><\/a><\/div>\n<div class=\"btn btn-default\"><a href=\"\/pensiones\/fraccion-xiv\/\"><button class=\"btn btn-default\" type=\"button\"><b>Fracci\u00f3n XIV<\/b><\/button><\/a><\/div>\n<div class=\"btn btn-default\"><a href=\"\/pensiones\/fraccion-xv\/\"><button class=\"btn btn-default\" type=\"button\"><b>Fracci\u00f3n XV<\/b><\/button><\/a><\/div>\n<\/div>\n<div class=\"btn-group btn-group-justified\">\n<div class=\"btn btn-default\"><a href=\"\/pensiones\/fraccion-xvi\/\"><button class=\"btn btn-default\" type=\"button\"><b>Fracci\u00f3n XVI<\/b><\/button><\/a><\/div>\n<div class=\"btn btn-default\"><a href=\"\/pensiones\/fraccion-xvii\/\"><button class=\"btn btn-default\" type=\"button\"><b>Fracci\u00f3n XVII<\/b><\/button><\/a><\/div>\n<div class=\"btn btn-default\"><a href=\"\/pensiones\/fraccion-xviii-1\/\"><button class=\"btn btn-default\" type=\"button\"><b>Fracci\u00f3n XVIII<\/b><\/button><\/a><\/div>\n<\/div>\n<div class=\"btn-group btn-group-justified\">\n<div class=\"btn btn-default\"><a href=\"\/pensiones\/fraccion-xix\/\"><button class=\"btn btn-default\" type=\"button\"><b>Fracci\u00f3n XIX<\/b><\/button><\/a><\/div>\n<div class=\"btn btn-default\"><a href=\"\/pensiones\/fraccion-xx\/\"><button class=\"btn btn-default\" type=\"button\"><b>Fracci\u00f3n XX<\/b><\/button><\/a><\/div>\n<div class=\"btn btn-default\"><a href=\"\/pensiones\/fraccion-xxi\/\"><button class=\"btn btn-default\" type=\"button\"><b>Fracci\u00f3n XXI<\/b><\/button><\/a><\/div>\n<\/div>\n<div class=\"btn-group btn-group-justified\">\n<div class=\"btn btn-default\"><a href=\"\/pensiones\/fraccion-xxii\/\"><button class=\"btn btn-default\" type=\"button\"><b>Fracci\u00f3n XXII<\/b><\/button><\/a><\/div>\n<div class=\"btn btn-default\"><a href=\"\/pensiones\/fraccion-xxiii\/\"><button class=\"btn btn-default\" type=\"button\"><b>Fracci\u00f3n XXIII<\/b><\/button><\/a><\/div>\n<div class=\"btn btn-default\"><a href=\"\/pensiones\/fraccion-xxiv\/\"><button class=\"btn btn-default\" type=\"button\"><b>Fracci\u00f3n XXIV<\/b><\/button><\/a><\/div>\n<\/div>\n<div class=\"btn-group btn-group-justified\">\n<div class=\"btn btn-default\"><a href=\"\/pensiones\/fraccion-xxv\/\"><button class=\"btn btn-default\" type=\"button\"><b>Fracci\u00f3n XXV<\/b><\/button><\/a><\/div>\n<div class=\"btn btn-default\"><a href=\"\/pensiones\/fraccion-xxvi\/\"><button class=\"btn btn-default\" type=\"button\"><b>Fracci\u00f3n XXVI<\/b><\/button><\/a><\/div>\n<div class=\"btn btn-default\"><a href=\"\/pensiones\/fraccion-xxvii\/\"><button class=\"btn btn-default\" type=\"button\"><b>Fracci\u00f3n XXVII<\/b><\/button><\/a><\/div>\n<\/div>\n<div class=\"btn-group btn-group-justified\">\n<div class=\"btn btn-default\"><a href=\"\/pensiones\/fraccion-xxviii\/\"><button class=\"btn btn-default\" type=\"button\"><b>Fracci\u00f3n XXVIII<\/b><\/button><\/a><\/div>\n<div class=\"btn btn-default\"><a href=\"\/pensiones\/fraccion-xxix\/\"><button class=\"btn btn-default\" type=\"button\"><b>Fracci\u00f3n XXIX<\/b><\/button><\/a><\/div>\n<div class=\"btn btn-default\"><a href=\"\/pensiones\/fraccion-xxx\/\"><button class=\"btn btn-default\" type=\"button\"><b>Fracci\u00f3n XXX<\/b><\/button><\/a><\/div>\n<\/div>\n<div class=\"btn-group btn-group-justified\">\n<div class=\"btn btn-default\"><a href=\"\/pensiones\/fraccion-xxxi\/\"><button class=\"btn btn-default\" type=\"button\"><b>Fracci\u00f3n XXXI<\/b><\/button><\/a><\/div>\n<div class=\"btn btn-default\"><a href=\"\/pensiones\/fraccion-xxxii\/\"><button class=\"btn btn-default\" type=\"button\"><b>Fracci\u00f3n XXXII<\/b><\/button><\/a><\/div>\n<div class=\"btn btn-default\"><a href=\"\/pensiones\/fraccion-xxxiii\/\"><button class=\"btn btn-default\" type=\"button\"><b>Fracci\u00f3n XXXIII<\/b><\/button><\/a><\/div>\n<\/div>\n<div class=\"btn-group btn-group-justified\">\n<div class=\"btn btn-default\"><a href=\"\/pensiones\/fraccion-xxxiv\/\"><button class=\"btn btn-default\" type=\"button\"><b>Fracci\u00f3n XXXIV<\/b><\/button><\/a><\/div>\n<div class=\"btn btn-default\"><a href=\"\/pensiones\/fraccion-xxxv\/\"><button class=\"btn btn-default\" type=\"button\"><b>Fracci\u00f3n XXXV<\/b><\/button><\/a><\/div>\n<div class=\"btn btn-default\"><a href=\"\/pensiones\/fraccion-xxxvi\/\"><button class=\"btn btn-default\" type=\"button\"><b>Fracci\u00f3n XXXVI<\/b><\/button><\/a><\/div>\n<\/div>\n<div class=\"btn-group btn-group-justified\">\n<div class=\"btn btn-default\"><a href=\"\/pensiones\/fraccion-xxxvii\/\"><button class=\"btn btn-default\" type=\"button\"><b>Fracci\u00f3n XXXVII<\/b><\/button><\/a><\/div>\n<div class=\"btn btn-default\"><a href=\"\/pensiones\/fraccion-xxxviii\/\"><button class=\"btn btn-default\" type=\"button\"><b>Fracci\u00f3n XXXVIII<\/b><\/button><\/a><\/div>\n<div class=\"btn btn-default\"><a href=\"\/pensiones\/fraccion-xxxix\/\"><button class=\"btn btn-default\" type=\"button\"><b>Fracci\u00f3n XXXIX<\/b><\/button><\/a><\/div>\n<\/div>\n<div class=\"btn-group btn-group-justified\">\n<div class=\"btn btn-default\"><a href=\"\/pensiones\/fraccion-xl\/\"><button class=\"btn btn-default\" type=\"button\"><b>Fracci\u00f3n XL<\/b><\/button><\/a><\/div>\n<div class=\"btn btn-default\"><a href=\"\/pensiones\/fraccion-xli\/\"><button class=\"btn btn-default\" type=\"button\"><b>Fracci\u00f3n XLI<\/b><\/button><\/a><\/div>\n<div class=\"btn btn-default\"><a href=\"\/pensiones\/fraccion-xlii\/\"><button class=\"btn btn-default\" type=\"button\"><b>Fracci\u00f3n XLII<\/b><\/button><\/a><\/div>\n<\/div>\n<div class=\"btn-group btn-group-justified\">\n<div class=\"btn btn-default\"><a href=\"\/pensiones\/fraccion-xliii\/\"><button class=\"btn btn-default\" type=\"button\"><b>Fracci\u00f3n XLIII<\/b><\/button><\/a><\/div>\n<div class=\"btn btn-default\"><a href=\"\/pensiones\/fraccion-xliv\/\"><button class=\"btn btn-default\" type=\"button\"><b>Fracci\u00f3n XLIV<\/b><\/button><\/a><\/div>\n<div class=\"btn btn-default\"><a href=\"\/pensiones\/fraccion-xlv\/\"><button class=\"btn btn-default\" type=\"button\"><b>Fracci\u00f3n XLV<\/b><\/button><\/a><\/div>\n<\/div>\n<div class=\"btn-group btn-group-justified\">\n<div class=\"btn btn-default\"><a href=\"\/pensiones\/fraccion-xlvi\/\"><button class=\"btn btn-default\" type=\"button\"><b>Fracci\u00f3n XLVI<\/b><\/button><\/a><\/div>\n<div class=\"btn btn-default\"><a href=\"\/pensiones\/fraccion-xlvii\/\"><button class=\"btn btn-default\" type=\"button\"><b>Fracci\u00f3n XLVII<\/b><\/button><\/a><\/div>\n<div class=\"btn btn-default\"><a href=\"\/pensiones\/fraccion-xlviii\/\"><button class=\"btn btn-default\" type=\"button\"><b>Fracci\u00f3n XLVIII<\/b><\/button><\/a><\/div>\n<\/div>\n<div class=\"btn-group btn-group-justified\">\n<div class=\"btn btn-default\"><a href=\"\/pensiones\/fraccion\/\"><button class=\"btn btn-default\" type=\"button\"><b>Fracci\u00f3n<\/b><\/button><\/a><\/div>\n<\/div>\n","protected":false},"excerpt":{"rendered":"<p>Fracci\u00f3n I Fracci\u00f3n II Fracci\u00f3n III Fracci\u00f3n IV Fracci\u00f3n V Fracci\u00f3n VI Fracci\u00f3n I Fracci\u00f3n II Fracci\u00f3n III Fracci\u00f3n IV Fracci\u00f3n V Fracci\u00f3n VI Fracci\u00f3n VII Fracci\u00f3n VIII Fracci\u00f3n IX Fracci\u00f3n VII Fracci\u00f3n VIII Fracci\u00f3n IX Fracci\u00f3n X Fracci\u00f3n XI Fracci\u00f3n XII Fracci\u00f3n XIII Fracci\u00f3n XIV Fracci\u00f3n XV Fracci\u00f3n XVI Fracci\u00f3n XVII Fracci\u00f3n XVIII Fracci\u00f3n [&hellip;]<\/p>\n","protected":false},"author":1,"featured_media":0,"parent":0,"menu_order":0,"comment_status":"closed","ping_status":"closed","template":"","meta":{"episode_type":"","audio_file":"","podmotor_file_id":"","podmotor_episode_id":"","cover_image":"","cover_image_id":"","duration":"","filesize":"","filesize_raw":"","date_recorded":"","explicit":"","block":"","itunes_episode_number":"","itunes_title":"","itunes_season_number":"","itunes_episode_type":"","footnotes":""},"categories":[],"tags":[],"class_list":["post-384","page","type-page","status-publish","hentry"],"acf":[],"publishpress_future_action":{"enabled":false,"date":"2026-04-23 19:36:09","action":"change-status","newStatus":"draft","terms":[],"taxonomy":"category","extraData":[]},"publishpress_future_workflow_manual_trigger":{"enabledWorkflows":[]},"_links":{"self":[{"href":"https:\/\/www.oaxaca.gob.mx\/pensiones\/wp-json\/wp\/v2\/pages\/384","targetHints":{"allow":["GET"]}}],"collection":[{"href":"https:\/\/www.oaxaca.gob.mx\/pensiones\/wp-json\/wp\/v2\/pages"}],"about":[{"href":"https:\/\/www.oaxaca.gob.mx\/pensiones\/wp-json\/wp\/v2\/types\/page"}],"author":[{"embeddable":true,"href":"https:\/\/www.oaxaca.gob.mx\/pensiones\/wp-json\/wp\/v2\/users\/1"}],"replies":[{"embeddable":true,"href":"https:\/\/www.oaxaca.gob.mx\/pensiones\/wp-json\/wp\/v2\/comments?post=384"}],"version-history":[{"count":0,"href":"https:\/\/www.oaxaca.gob.mx\/pensiones\/wp-json\/wp\/v2\/pages\/384\/revisions"}],"wp:attachment":[{"href":"https:\/\/www.oaxaca.gob.mx\/pensiones\/wp-json\/wp\/v2\/media?parent=384"}],"wp:term":[{"taxonomy":"category","embeddable":true,"href":"https:\/\/www.oaxaca.gob.mx\/pensiones\/wp-json\/wp\/v2\/categories?post=384"},{"taxonomy":"post_tag","embeddable":true,"href":"https:\/\/www.oaxaca.gob.mx\/pensiones\/wp-json\/wp\/v2\/tags?post=384"}],"curies":[{"name":"wp","href":"https:\/\/api.w.org\/{rel}","templated":true}]}}