{"id":2630,"date":"2018-05-02T13:38:46","date_gmt":"2018-05-02T19:38:46","guid":{"rendered":"https:\/\/www.oaxaca.gob.mx\/pensiones\/?page_id=2630"},"modified":"2018-05-02T13:38:46","modified_gmt":"2018-05-02T19:38:46","slug":"pension-por-fallecimiento-de-jubiladoa","status":"publish","type":"page","link":"https:\/\/www.oaxaca.gob.mx\/pensiones\/pension-por-fallecimiento-de-jubiladoa\/","title":{"rendered":"PENSI\u00d3N POR FALLECIMIENTO DE JUBILADO(A)."},"content":{"rendered":"<p><strong>PENSI\u00d3N POR FALLECIMIENTO DE JUBILADO(A).<\/strong><\/p>\n<p>Tipo de usuario y\/o poblaci\u00f3n objetivo.<br \/>\nLos deudos con derecho a pensi\u00f3n como lo establece la Ley de Pensiones para Trabajadores del Gobierno del Estado de Oaxaca, en el orden siguiente: El c\u00f3nyuge sup\u00e9rstite, los hijos, o ambos, la concubina o los padres de \u00e9ste siempre que se demuestre la dependencia econ\u00f3mica.<\/p>\n<div class=\"card\">\n<div class=\"card-header\">REQUISITOS<\/div>\n<div class=\"card-body\">\n<ul class=\"listas-geo\">\n<li>1.- Solicitud por escrito dirigida a los miembros del Consejo Directivo de la Oficina de Pensiones.<\/li>\n<li>2.- Original de la Constancia de pensi\u00f3n, solicitarla por escrito al Jefe del Departamento Administrativo de la Oficina de Pensiones;<\/li>\n<li>3.- Copia certificada del acta de defunci\u00f3n y fotocopia certificada del libro de registro en que obra dicha acta, ambas expedidas por el Registro Civil; (si la muerte es violenta, el solicitante deber\u00e1 presentar fotocopia certificada de la carpeta de investigaci\u00f3n correspondiente);<\/li>\n<li>4.- Si es a favor de:\n<ul>\n<li>a) El o la c\u00f3nyuge deber\u00e1 presentar copia certificada del acta de matrimonio y fotocopia certificada del libro de registro en que obra dicha acta, ambas expedidas por el registro civil;<\/li>\n<li>b) Si es a favor de un menor de edad, el solicitante deber\u00e1 presentar copia certificada del acta de nacimiento de \u00e9ste y la fotocopia certificada del libro del registro en que obra dicha acta, ambas expedidas por el Registro Civil; si el solicitante es una persona distinta a los padres, deber\u00e1 presentar copias certificadas de lo actuado del expediente radicado ante la autoridad judicial donde se nombra preventivamente como tutor dativo a favor del menor, sin perjuicio de que posteriormente se presente el nombramiento definitivo;<\/li>\n<li>c) Si es a favor de los padres, deber\u00e1 presentar copias certificadas del expediente de los juzgados de lo familiar, civil o mixto, donde se justifique su dependencia econ\u00f3mica;<\/li>\n<li>d) Si el solicitante es el o la concubina, deber\u00e1 acreditar su concubinato con la constancia correspondiente emitida por la autoridad judicial competente;<\/li>\n<\/ul>\n<\/li>\n<li>5.- Original de la Constancia de no adeudo expedida por la Oficina de Pensiones;<\/li>\n<li>6.- Original Constancia de no adeudo expedida por la Direcci\u00f3n de Recursos Humanos dependiente de la Secretar\u00eda de Administraci\u00f3n;<\/li>\n<li>7.- Fotocopia de la C\u00e9dula \u00danica de Registro Poblacional (CURP) y de la credencial de elector del (a) solicitante como del (a) extinto (a).<\/li>\n<\/ul>\n<\/div>\n<\/div>\n","protected":false},"excerpt":{"rendered":"<p>PENSI\u00d3N POR FALLECIMIENTO DE JUBILADO(A). Tipo de usuario y\/o poblaci\u00f3n objetivo. Los deudos con derecho a pensi\u00f3n como lo establece la Ley de Pensiones para Trabajadores del Gobierno del Estado de Oaxaca, en el orden siguiente: El c\u00f3nyuge sup\u00e9rstite, los hijos, o ambos, la concubina o los padres de \u00e9ste siempre que se demuestre la [&hellip;]<\/p>\n","protected":false},"author":1,"featured_media":0,"parent":0,"menu_order":0,"comment_status":"closed","ping_status":"closed","template":"","meta":{"episode_type":"","audio_file":"","podmotor_file_id":"","podmotor_episode_id":"","cover_image":"","cover_image_id":"","duration":"","filesize":"","filesize_raw":"","date_recorded":"","explicit":"","block":"","itunes_episode_number":"","itunes_title":"","itunes_season_number":"","itunes_episode_type":"","footnotes":""},"categories":[],"tags":[],"class_list":["post-2630","page","type-page","status-publish","hentry"],"acf":[],"publishpress_future_action":{"enabled":false,"date":"2026-04-23 19:38:59","action":"change-status","newStatus":"draft","terms":[],"taxonomy":"category","extraData":[]},"publishpress_future_workflow_manual_trigger":{"enabledWorkflows":[]},"_links":{"self":[{"href":"https:\/\/www.oaxaca.gob.mx\/pensiones\/wp-json\/wp\/v2\/pages\/2630","targetHints":{"allow":["GET"]}}],"collection":[{"href":"https:\/\/www.oaxaca.gob.mx\/pensiones\/wp-json\/wp\/v2\/pages"}],"about":[{"href":"https:\/\/www.oaxaca.gob.mx\/pensiones\/wp-json\/wp\/v2\/types\/page"}],"author":[{"embeddable":true,"href":"https:\/\/www.oaxaca.gob.mx\/pensiones\/wp-json\/wp\/v2\/users\/1"}],"replies":[{"embeddable":true,"href":"https:\/\/www.oaxaca.gob.mx\/pensiones\/wp-json\/wp\/v2\/comments?post=2630"}],"version-history":[{"count":0,"href":"https:\/\/www.oaxaca.gob.mx\/pensiones\/wp-json\/wp\/v2\/pages\/2630\/revisions"}],"wp:attachment":[{"href":"https:\/\/www.oaxaca.gob.mx\/pensiones\/wp-json\/wp\/v2\/media?parent=2630"}],"wp:term":[{"taxonomy":"category","embeddable":true,"href":"https:\/\/www.oaxaca.gob.mx\/pensiones\/wp-json\/wp\/v2\/categories?post=2630"},{"taxonomy":"post_tag","embeddable":true,"href":"https:\/\/www.oaxaca.gob.mx\/pensiones\/wp-json\/wp\/v2\/tags?post=2630"}],"curies":[{"name":"wp","href":"https:\/\/api.w.org\/{rel}","templated":true}]}}