{"id":1285,"date":"2017-04-19T11:58:55","date_gmt":"2017-04-19T17:58:55","guid":{"rendered":"https:\/\/www.oaxaca.gob.mx\/pensiones\/?page_id=1285"},"modified":"2025-08-26T14:25:36","modified_gmt":"2025-08-26T20:25:36","slug":"incentivo-a-la-permanencia","status":"publish","type":"page","link":"https:\/\/www.oaxaca.gob.mx\/pensiones\/incentivo-a-la-permanencia\/","title":{"rendered":"Incentivo a la Permanencia"},"content":{"rendered":"<p><strong>DESCRIPCI\u00d3N<\/strong><\/p>\n<p>Los trabajadores activos que habiendo cumplido 26 a\u00f1os de servicio o m\u00e1s (mujeres) o 30 a\u00f1os de servicio o m\u00e1s (hombres), que deseen permanecer en el servicio activo, recibir\u00e1n semestralmente en los meses de julio y enero del a\u00f1o siguiente un incentivo correspondiente a un porcentaje de su sueldo base, como se indica en la Ley de Pensiones; dicha cantidad no se computar\u00e1 como parte del sueldo base ni de las pensiones que se otorguen, misma que desaparecer\u00e1 al momento de jubilarse.<\/p>\n<p><strong>REQUISITOS<\/strong><\/p>\n<p>El trabajador deber\u00e1 presentar en el Departamento de Prestaciones Econ\u00f3micas, escrito dirigido al Director General de la Oficina de Pensiones, mismo que deber\u00e1 contener nombre completo del solicitante, RFC, n\u00famero telef\u00f3nico particular, mencionar la dependencia en la que labora, el \u00e1rea de adscripci\u00f3n, categor\u00eda, el nivel y tipo de nombramiento, domicilio, , lugar, fecha y firma. Se\u00f1alando lo dispuesto en el Art\u00edculo Transitorio Quinto de la Ley de Pensiones y manifestando su VOLUNTAD DE PERMANECER COMO TRABAJADOR ACTIVO.<\/p>\n<p><strong>DOCUMENTACI\u00d3N REQUERIDA<\/strong><\/p>\n<ul class=\"listas-geo\">\n<li>Escrito dirigido al Director General de la Oficina de Pensiones.<\/li>\n<li>Fotocopia del primer nombramiento.<\/li>\n<li>Fotocopia del recibo del pago de percepciones reciente.<\/li>\n<li>Constancia de continuidad de servicios expedida por la Direcci\u00f3n de Recursos Humanos de la Secretar\u00eda de Administraci\u00f3n si labora en el Sector Central o por el \u00c1rea Administrativa si labora en una Dependencia Descentralizada.<\/li>\n<\/ul>\n<p>&nbsp;<\/p>\n<p><strong>IMPORTANTE: La constancia de continuidad de servicios deber\u00e1 especificar que es para el tr\u00e1mite de Incentivo a la Permanencia y haber sido expedida en una fecha anterior a treinta d\u00edas.<br \/>\nTr\u00e1mite que se realiza por una sola ocasi\u00f3n.<br \/>\nTr\u00e1mite personal.<\/strong><\/p>\n<p><strong>PERIODOS DE RECEPCI\u00d3N Y HORARIO DE ATENCI\u00d3N<\/strong><br \/>\nDel 15 de Mayo al 15 de Junio y del 15 de Noviembre al 15 de Diciembre de cada a\u00f1o.<\/p>\n<p><img loading=\"lazy\" decoding=\"async\" class=\"aligncenter size-full wp-image-1793\" src=\"https:\/\/www.oaxaca.gob.mx\/pensiones\/wp-content\/uploads\/sites\/54\/2021\/10\/pdf.jpg\" alt=\"pdf\" width=\"20\" height=\"20\" \/><a href=\"https:\/\/www.oaxaca.gob.mx\/pensiones\/wp-content\/uploads\/sites\/54\/2024\/05\/PERMANENCIA2024.pdf\">Oficio ejemplo<\/a><\/p>\n<p><strong>FUNDAMENTO JUR\u00cdDICO<\/strong><br \/>\nArt\u00edculo Quinto Transitorio de la Ley de Pensiones para los Trabajadores del Gobierno del Estado de Oaxaca.<\/p>\n<p><strong>SERVIDOR P\u00daBLICO RESPONSABLE<\/strong><br \/>\nL.A.T. LUCERO V\u00c1SQUEZ RAM\u00cdREZ<\/p>\n<p><strong>\u00c1REA RESPONSABLE<\/strong><br \/>\nDepartamento de Prestaciones Econ\u00f3micas.<\/p>\n<p><strong>\u00c1REA DE ADSCRIPCI\u00d3N<\/strong><br \/>\nDirecci\u00f3n de Prestaciones.<\/p>\n","protected":false},"excerpt":{"rendered":"<p>DESCRIPCI\u00d3N Los trabajadores activos que habiendo cumplido 26 a\u00f1os de servicio o m\u00e1s (mujeres) o 30 a\u00f1os de servicio o m\u00e1s (hombres), que deseen permanecer en el servicio activo, recibir\u00e1n semestralmente en los meses de julio y enero del a\u00f1o siguiente un incentivo correspondiente a un porcentaje de su sueldo base, como se indica en [&hellip;]<\/p>\n","protected":false},"author":1,"featured_media":8947,"parent":0,"menu_order":0,"comment_status":"closed","ping_status":"closed","template":"","meta":{"episode_type":"","audio_file":"","podmotor_file_id":"","podmotor_episode_id":"","cover_image":"","cover_image_id":"","duration":"","filesize":"","filesize_raw":"","date_recorded":"","explicit":"","block":"","itunes_episode_number":"","itunes_title":"","itunes_season_number":"","itunes_episode_type":"","footnotes":""},"categories":[5,6],"tags":[],"class_list":["post-1285","page","type-page","status-publish","has-post-thumbnail","hentry","category-slide","category-noticias"],"acf":[],"publishpress_future_action":{"enabled":false,"date":"2026-04-23 19:37:37","action":"change-status","newStatus":"draft","terms":[],"taxonomy":"category","extraData":[]},"publishpress_future_workflow_manual_trigger":{"enabledWorkflows":[]},"_links":{"self":[{"href":"https:\/\/www.oaxaca.gob.mx\/pensiones\/wp-json\/wp\/v2\/pages\/1285","targetHints":{"allow":["GET"]}}],"collection":[{"href":"https:\/\/www.oaxaca.gob.mx\/pensiones\/wp-json\/wp\/v2\/pages"}],"about":[{"href":"https:\/\/www.oaxaca.gob.mx\/pensiones\/wp-json\/wp\/v2\/types\/page"}],"author":[{"embeddable":true,"href":"https:\/\/www.oaxaca.gob.mx\/pensiones\/wp-json\/wp\/v2\/users\/1"}],"replies":[{"embeddable":true,"href":"https:\/\/www.oaxaca.gob.mx\/pensiones\/wp-json\/wp\/v2\/comments?post=1285"}],"version-history":[{"count":3,"href":"https:\/\/www.oaxaca.gob.mx\/pensiones\/wp-json\/wp\/v2\/pages\/1285\/revisions"}],"predecessor-version":[{"id":9847,"href":"https:\/\/www.oaxaca.gob.mx\/pensiones\/wp-json\/wp\/v2\/pages\/1285\/revisions\/9847"}],"wp:featuredmedia":[{"embeddable":true,"href":"https:\/\/www.oaxaca.gob.mx\/pensiones\/wp-json\/wp\/v2\/media\/8947"}],"wp:attachment":[{"href":"https:\/\/www.oaxaca.gob.mx\/pensiones\/wp-json\/wp\/v2\/media?parent=1285"}],"wp:term":[{"taxonomy":"category","embeddable":true,"href":"https:\/\/www.oaxaca.gob.mx\/pensiones\/wp-json\/wp\/v2\/categories?post=1285"},{"taxonomy":"post_tag","embeddable":true,"href":"https:\/\/www.oaxaca.gob.mx\/pensiones\/wp-json\/wp\/v2\/tags?post=1285"}],"curies":[{"name":"wp","href":"https:\/\/api.w.org\/{rel}","templated":true}]}}