{"id":1186,"date":"2017-03-29T13:27:29","date_gmt":"2017-03-29T19:27:29","guid":{"rendered":"https:\/\/www.oaxaca.gob.mx\/pensiones\/?page_id=1186"},"modified":"2026-01-27T14:42:26","modified_gmt":"2026-01-27T20:42:26","slug":"pago_gastos_funeral","status":"publish","type":"page","link":"https:\/\/www.oaxaca.gob.mx\/pensiones\/pago_gastos_funeral\/","title":{"rendered":"PAGO DE GASTOS DE FUNERAL"},"content":{"rendered":"<div class=\"row\" style=\"margin-bottom: 5%\">\n<div class=\"col-xs-3 col-sm-2 col-md-2\"><img decoding=\"async\" src=\"\/pensiones\/wp-content\/uploads\/sites\/54\/2019\/05\/tramite.png\" \/><\/div>\n<div class=\"col-xs-9 col-sm-10 col-md-10\" style=\"text-transform: uppercase\"><strong>PAGO DE GASTOS DE FUNERAL<\/strong><\/div>\n<\/div>\n<div class=\"row\" style=\"margin-bottom: 5%\">\n<div class=\"col-xs-3 col-sm-2 col-md-2\"><img decoding=\"async\" src=\"\/pensiones\/wp-content\/uploads\/sites\/54\/2019\/05\/descripcion.png\" \/><\/div>\n<div class=\"col-xs-9 col-sm-10 col-md-8\">\n<p><strong>DESCRIPCI\u00d3N<\/strong><\/p>\n<p>Se entregar\u00e1 a los deudos o persona encargada de los tr\u00e1mites del funeral del jubilado o pensionado fallecido, el importe que corresponde a cuatro meses del sueldo base que ten\u00eda el extinto para Gastos de Funeral.<\/p>\n<\/div>\n<div class=\"col-xs-0 col-sm-0 col-md-1\"><\/div>\n<\/div>\n<div class=\"row\" style=\"margin-bottom: 5%\">\n<div class=\"col-xs-0 col-sm-0 col-md-1\"><\/div>\n<div class=\"col-xs-3 col-sm-2 col-md-2\"><img decoding=\"async\" src=\"\/pensiones\/wp-content\/uploads\/sites\/54\/2019\/05\/descripcion.png\" \/><\/div>\n<div class=\"col-xs-9 col-sm-10 col-md-8\">\n<p><strong>REQUISITOS<\/strong><\/p>\n<table cellspacing=\"0\" cellpadding=\"0\" align=\"left\">\n<tbody>\n<tr>\n<td align=\"left\" valign=\"top\">En el Departamento de Prestaciones Econ\u00f3micas deber\u00e1 presentar escrito dirigido al Director General, en el que especifique: nombre completo del solicitante, domicilio, registro federal de contribuyentes y n\u00famero telef\u00f3nico particular y celular, indicando que SOLICITA EL PAGO DE GASTOS DE FUNERAL, los hechos y razones que dan motivo a la petici\u00f3n; nombre del extinto, fecha de fallecimiento, monto de su pensi\u00f3n mensual, enlistar los documentos que se presenten, estar firmada por la parte interesada, en el caso que \u00e9ste no pueda firmar estampar\u00e1 su huella digital formando con \u00e9l un testigo que autentifique la huella y; en caso de tratarse de inhabilitado o menor de edad la deber\u00e1 tramitar su representante legal o quien por ley tenga la tutor\u00eda. En caso de ser concubina(o) deber\u00e1 acreditar ese hecho mediante constancia judicial.<\/p>\n<p>DOCUMENTACI\u00d3N REQUERIDA<\/p>\n<ul class=\"listas-geo\">\n<li>Copia certificada del Acta de Defunci\u00f3n del jubilado o pensionado.<\/li>\n<li>Original de la factura de Gastos de Funeral, en la cual especifique qui\u00e9n los efectu\u00f3 y el nombre del finado, o en su defecto, el comprobante del gasto, el cual deber\u00e1 presentarse en papel membretado del prestador del servicio en el que se identifique su Registro Federal de Contribuyentes y su domicilio.<\/li>\n<li>Original para cotejo y dos fotocopias del \u00faltimo recibo de pago o en su defecto constancia de sueldo emitida por la autoridad competente.<\/li>\n<li>Fotocopia de la identificaci\u00f3n oficial de la persona que cobrar\u00e1 los gastos de funeral.<\/li>\n<li>Documento original que permita determinar el parentesco de la persona que cobrar\u00e1 el importe de los gastos de funeral con el extinto. En caso de ser concubina(o) deber\u00e1 acreditar ese hecho mediante constancia judicial.<\/li>\n<\/ul>\n<p>&nbsp;<\/p>\n<p>HORARIO DE ATENCI\u00d3N<br \/>\nDe Lunes a Viernes de 10:00 \u2013 14:00 hrs.<\/td>\n<\/tr>\n<\/tbody>\n<\/table>\n<p>&nbsp;<\/p>\n<\/div>\n<div class=\"col-xs-0 col-sm-0 col-md-1\"><\/div>\n<\/div>\n<div class=\"row\" style=\"margin-bottom: 5%\">\n<div class=\"col-xs-0 col-sm-0col-md-1\"><\/div>\n<div class=\"col-xs-3 col-sm-2 col-md-2\"><img decoding=\"async\" src=\"\/pensiones\/wp-content\/uploads\/sites\/54\/2019\/05\/fundamentojuridico.png\" \/><\/div>\n<div class=\"col-xs-9 col-sm-10 col-md-8\">\n<p><strong>FUNDAMENTO JUR\u00cdDICO<\/strong><\/p>\n<p>Art\u00edculos 66 y 67 de la Ley de Pensiones para los Trabajadores del Gobierno del Estado de Oaxaca, art\u00edculos 65, 66, 67,68, 69, 70, 71 y 72 del Reglamento de Operaci\u00f3n de la Oficina de Pensiones del Estado de Oaxaca.<\/p>\n<\/div>\n<\/div>\n<div class=\"row\" style=\"margin-bottom: 5%\">\n<div class=\"col-xs-0 col-sm-0 col-md-1\"><\/div>\n<div class=\"col-xs-3 col-sm-2 col-md-2\"><img decoding=\"async\" src=\"\/pensiones\/wp-content\/uploads\/sites\/54\/2019\/05\/servidorpublico.png\" \/><\/div>\n<div class=\"col-xs-9 col-sm-10 col-md-8\">\n<p><strong>SERVIDOR P\u00daBLICO RESPONSABLE<\/strong><\/p>\n<p>LIC. EDUARDO REYES MERL\u00cdN<\/p>\n<\/div>\n<\/div>\n<div class=\"row\" style=\"margin-bottom: 5%\">\n<div class=\"col-xs-0 col-sm-0 col-md-1\"><\/div>\n<div class=\"col-xs-3 col-sm-2 col-md-2\"><img decoding=\"async\" src=\"\/pensiones\/wp-content\/uploads\/sites\/54\/2019\/05\/arearesponsable.png\" \/><\/div>\n<div class=\"col-xs-9 col-sm-10 col-md-8\">\n<p><strong>\u00c1REA RESPONSABLE<\/strong><\/p>\n<p>Departamento de Prestaciones Econ\u00f3micas<\/p>\n<\/div>\n<\/div>\n<div class=\"row\" style=\"margin-bottom: 5%\">\n<div class=\"col-xs-0 col-sm-0 col-md-1\"><\/div>\n<div class=\"col-xs-3 col-sm-2 col-md-2\"><img decoding=\"async\" src=\"\/pensiones\/wp-content\/uploads\/sites\/54\/2019\/05\/areadeadscripcion.png\" \/><\/div>\n<div class=\"col-xs-9 col-sm-10 col-md-8\">\n<p><strong>\u00c1REA DE ADSCRIPCI\u00d3N<\/strong><\/p>\n<p>Direcci\u00f3n de Prestaciones.<\/p>\n<\/div>\n<\/div>\n","protected":false},"excerpt":{"rendered":"<p>PAGO DE GASTOS DE FUNERAL DESCRIPCI\u00d3N Se entregar\u00e1 a los deudos o persona encargada de los tr\u00e1mites del funeral del jubilado o pensionado fallecido, el importe que corresponde a cuatro meses del sueldo base que ten\u00eda el extinto para Gastos de Funeral. REQUISITOS En el Departamento de Prestaciones Econ\u00f3micas deber\u00e1 presentar escrito dirigido al Director [&hellip;]<\/p>\n","protected":false},"author":1,"featured_media":0,"parent":0,"menu_order":0,"comment_status":"closed","ping_status":"closed","template":"","meta":{"episode_type":"","audio_file":"","podmotor_file_id":"","podmotor_episode_id":"","cover_image":"","cover_image_id":"","duration":"","filesize":"","filesize_raw":"","date_recorded":"","explicit":"","block":"","itunes_episode_number":"","itunes_title":"","itunes_season_number":"","itunes_episode_type":"","footnotes":""},"categories":[],"tags":[],"class_list":["post-1186","page","type-page","status-publish","hentry"],"acf":[],"publishpress_future_action":{"enabled":false,"date":"2026-04-23 19:37:42","action":"change-status","newStatus":"draft","terms":[],"taxonomy":"category","extraData":[]},"publishpress_future_workflow_manual_trigger":{"enabledWorkflows":[]},"_links":{"self":[{"href":"https:\/\/www.oaxaca.gob.mx\/pensiones\/wp-json\/wp\/v2\/pages\/1186","targetHints":{"allow":["GET"]}}],"collection":[{"href":"https:\/\/www.oaxaca.gob.mx\/pensiones\/wp-json\/wp\/v2\/pages"}],"about":[{"href":"https:\/\/www.oaxaca.gob.mx\/pensiones\/wp-json\/wp\/v2\/types\/page"}],"author":[{"embeddable":true,"href":"https:\/\/www.oaxaca.gob.mx\/pensiones\/wp-json\/wp\/v2\/users\/1"}],"replies":[{"embeddable":true,"href":"https:\/\/www.oaxaca.gob.mx\/pensiones\/wp-json\/wp\/v2\/comments?post=1186"}],"version-history":[{"count":3,"href":"https:\/\/www.oaxaca.gob.mx\/pensiones\/wp-json\/wp\/v2\/pages\/1186\/revisions"}],"predecessor-version":[{"id":10284,"href":"https:\/\/www.oaxaca.gob.mx\/pensiones\/wp-json\/wp\/v2\/pages\/1186\/revisions\/10284"}],"wp:attachment":[{"href":"https:\/\/www.oaxaca.gob.mx\/pensiones\/wp-json\/wp\/v2\/media?parent=1186"}],"wp:term":[{"taxonomy":"category","embeddable":true,"href":"https:\/\/www.oaxaca.gob.mx\/pensiones\/wp-json\/wp\/v2\/categories?post=1186"},{"taxonomy":"post_tag","embeddable":true,"href":"https:\/\/www.oaxaca.gob.mx\/pensiones\/wp-json\/wp\/v2\/tags?post=1186"}],"curies":[{"name":"wp","href":"https:\/\/api.w.org\/{rel}","templated":true}]}}