{"id":2956,"date":"2020-10-19T14:24:03","date_gmt":"2020-10-19T19:24:03","guid":{"rendered":"https:\/\/www.oaxaca.gob.mx\/ocv\/?page_id=2956"},"modified":"2020-10-19T14:35:02","modified_gmt":"2020-10-19T19:35:02","slug":"quienes-somos-2","status":"publish","type":"page","link":"https:\/\/www.oaxaca.gob.mx\/occe\/quienes-somos-2\/","title":{"rendered":"\u00bfQui\u00e9nes Somos?"},"content":{"rendered":"<p>La Oficina de Convenciones y Visitantes de Oaxaca es un fideicomiso p\u00fablico, creado por el Gobierno del Estado Oaxaca y que, en coordinaci\u00f3n con la Secretar\u00eda de Turismo, la sociedad civil y el sector privado, realiza acciones para instrumentar los mecanismos que fortalezcan la actividad tur\u00edstica en la industria de turismo de reuniones y romance, la atracci\u00f3n, atenci\u00f3n y promoci\u00f3n de congresos, convenciones, ferias y exposiciones para la ciudad y el estado de Oaxaca.<\/p>\n<p><strong>\u00bfQu\u00e9 deseamos?<\/strong><\/p>\n<p>Ser un verdadero aliado para los organizadores de eventos, wedding planers, agencias de viajes, transportadoras tur\u00edsticas, DMC\u00b4s, as\u00ed como de todas y todos los visitantes que deseen realizar eventos en Oaxaca, ya que conocemos mejor que nadie las ventajas, tanto en riqueza patrimonial, cultural, gastron\u00f3mica y biodiversidad que tenemos, as\u00ed como la proveedur\u00eda tur\u00edstica especializada, con la que, en materia de reuniones y romance, cuenta el estado.<\/p>\n<p>Ofrecemos la asesor\u00eda y el acompa\u00f1amiento necesario, para lograr que tu evento sea todo un \u00e9xito.<\/p>\n<p><strong>\u00bfQu\u00e9 hacemos?<\/strong><\/p>\n<p>Asesoramos al usuario en todos los procesos administrativos gubernamentales, tr\u00e1mites, gestiones, permisos, etc., para que los eventos se realicen de una forma segura y sin complicaciones.<\/p>\n<p>Contamos con un departamento de Atracci\u00f3n de Eventos que trabaja en coordinaci\u00f3n con el organizador, donde se generan estrategias para la realizaci\u00f3n de los mismo, ya sea en la ciudad o en nuestros otros destinos en el interior del estado.<\/p>\n<p>Ya confirmado el evento,\u00a0 se asigna un ejecutivo del \u00e1rea de Servicio a Grupos, quien\u00a0 brindar\u00e1 asesor\u00eda y los apoyo en todo momento.<\/p>\n<p>&nbsp;<\/p>\n<p><strong>Servicios<\/strong><\/p>\n<p>*Gestionar las acciones de apoyo log\u00edstico para la realizaci\u00f3n de ferias, exposiciones, eventos y bodas en los destinos tur\u00edsticos del Estado.<\/p>\n<p>*Estrategias de promoci\u00f3n. Desarrollar la promoci\u00f3n, campa\u00f1as publicitarias y de relaciones p\u00fablicas a nivel nacional e internacional, resaltando la identidad de Oaxaca.<\/p>\n<p>*Atracci\u00f3n a Congresos y Convenciones.<\/p>\n<p>*Inteligencia de Mercados.<\/p>\n<p>*Viaje de familiarizaci\u00f3n (FAM).<\/p>\n<p>*Asesorar y atender a las asociaciones que visiten el Estado para dar a conocer los atractivos tur\u00edsticos y la infraestructura especializada con los que se cuenta.<\/p>\n<p>*Atenci\u00f3n a grupos en materia de turismo de reuniones y turismo de romance.<\/p>\n<p>*Enlace entre los organizadores de eventos en el Estado con organismos p\u00fablicos, privados y prestadores de servicios tur\u00edsticos, hoteles, transporte, proveedur\u00eda tur\u00edstica, entre otros.<\/p>\n<p>*Contacto con empresas tur\u00edsticas, medios de comunicaci\u00f3n, organizadores de eventos.<\/p>\n<p>*Asesor\u00eda en la organizaci\u00f3n del evento.<\/p>\n<p>*Enlace con la proveedur\u00eda especializada de la industria tur\u00edstica.<\/p>\n<p>*Soluciones creativas en log\u00edstica y dise\u00f1os.<\/p>\n<p>&nbsp;<\/p>\n","protected":false},"excerpt":{"rendered":"<p>La Oficina de Convenciones y Visitantes de Oaxaca es un fideicomiso p\u00fablico, creado por el Gobierno del Estado Oaxaca y que, en coordinaci\u00f3n con la Secretar\u00eda de Turismo, la sociedad civil y el sector privado, realiza acciones para instrumentar los mecanismos que fortalezcan la actividad tur\u00edstica en la industria de turismo de reuniones y romance, [&hellip;]<\/p>\n","protected":false},"author":63,"featured_media":0,"parent":0,"menu_order":0,"comment_status":"closed","ping_status":"closed","template":"","meta":{"episode_type":"","audio_file":"","podmotor_file_id":"","podmotor_episode_id":"","cover_image":"","cover_image_id":"","duration":"","filesize":"","filesize_raw":"","date_recorded":"","explicit":"","block":"","itunes_episode_number":"","itunes_title":"","itunes_season_number":"","itunes_episode_type":"","footnotes":""},"categories":[],"tags":[],"class_list":["post-2956","page","type-page","status-publish","hentry"],"acf":[],"publishpress_future_action":{"enabled":false,"date":"2026-05-06 10:14:30","action":"change-status","newStatus":"draft","terms":[],"taxonomy":"category","extraData":[]},"publishpress_future_workflow_manual_trigger":{"enabledWorkflows":[]},"_links":{"self":[{"href":"https:\/\/www.oaxaca.gob.mx\/occe\/wp-json\/wp\/v2\/pages\/2956","targetHints":{"allow":["GET"]}}],"collection":[{"href":"https:\/\/www.oaxaca.gob.mx\/occe\/wp-json\/wp\/v2\/pages"}],"about":[{"href":"https:\/\/www.oaxaca.gob.mx\/occe\/wp-json\/wp\/v2\/types\/page"}],"author":[{"embeddable":true,"href":"https:\/\/www.oaxaca.gob.mx\/occe\/wp-json\/wp\/v2\/users\/63"}],"replies":[{"embeddable":true,"href":"https:\/\/www.oaxaca.gob.mx\/occe\/wp-json\/wp\/v2\/comments?post=2956"}],"version-history":[{"count":5,"href":"https:\/\/www.oaxaca.gob.mx\/occe\/wp-json\/wp\/v2\/pages\/2956\/revisions"}],"predecessor-version":[{"id":2962,"href":"https:\/\/www.oaxaca.gob.mx\/occe\/wp-json\/wp\/v2\/pages\/2956\/revisions\/2962"}],"wp:attachment":[{"href":"https:\/\/www.oaxaca.gob.mx\/occe\/wp-json\/wp\/v2\/media?parent=2956"}],"wp:term":[{"taxonomy":"category","embeddable":true,"href":"https:\/\/www.oaxaca.gob.mx\/occe\/wp-json\/wp\/v2\/categories?post=2956"},{"taxonomy":"post_tag","embeddable":true,"href":"https:\/\/www.oaxaca.gob.mx\/occe\/wp-json\/wp\/v2\/tags?post=2956"}],"curies":[{"name":"wp","href":"https:\/\/api.w.org\/{rel}","templated":true}]}}