{"id":2439,"date":"2019-08-09T15:54:12","date_gmt":"2019-08-09T20:54:12","guid":{"rendered":"https:\/\/www.oaxaca.gob.mx\/ocv\/?page_id=2439"},"modified":"2025-03-12T16:14:13","modified_gmt":"2025-03-12T22:14:13","slug":"tu-boda-en-oaxaca","status":"publish","type":"page","link":"https:\/\/www.oaxaca.gob.mx\/occe\/tu-boda-en-oaxaca\/","title":{"rendered":"Tu boda en Oaxaca"},"content":{"rendered":"<ul class=\"nav nav-tabs\" id=\"myTab\" role=\"tablist\">\n<li class=\"nav-item\" role=\"presentation\">\n      <button class=\"nav-link active\" id=\"oaxaca-juarez\" data-bs-toggle=\"tab\" data-bs-target=\"#oaxaca-tab-pane\" type=\"button\" role=\"tab\" aria-controls=\"oaxaca-tab-pane\" aria-selected=\"true\">Oaxaca de Ju\u00e1rez<\/button>\n    <\/li>\n<li class=\"nav-item\" role=\"presentation\">\n      <button class=\"nav-link\" id=\"huatulco-tab\" data-bs-toggle=\"tab\" data-bs-target=\"#huatulco-tab-pane\" type=\"button\" role=\"tab\" aria-controls=\"huatulco-tab-pane\" aria-selected=\"false\">Santa Mar\u00eda Huatulco<\/button>\n    <\/li>\n<li class=\"nav-item\" role=\"presentation\">\n      <button class=\"nav-link\" id=\"puerto-escondido-tab\" data-bs-toggle=\"tab\" data-bs-target=\"#puertoescondido-tab-pane\" type=\"button\" role=\"tab\" aria-controls=\"puertoescondido-tab-pane\" aria-selected=\"false\">Puerto Escondido<\/button>\n    <\/li>\n<\/ul>\n<div class=\"tab-content\" id=\"myTabContent\">\n<div class=\"tab-pane fade show active\" id=\"oaxaca-tab-pane\" role=\"tabpanel\" aria-labelledby=\"oaxaca-juarez\" tabindex=\"0\">\n<h4>&nbsp;<\/h4>\n<div class=\"flexslider\">\n<ul class=\"slides\">\n<li><img decoding=\"async\" class=\"aligncenter size-full wp-image-104\"\n                        src=\"\/wp-content\/uploads\/sites\/55\/2018\/08\/Oaxaca02.jpg\" alt=\"OCV Oaxaca\" width=\"100%\"\n                        height=\"100%\" \/>\n<p class=\"flex-caption\">Oficina de Convenciones, Congresos y Eventos de Oaxaca.<\/p>\n<\/li>\n<li><img decoding=\"async\" class=\"aligncenter size-full wp-image-104\"\n                        src=\"\/wp-content\/uploads\/sites\/55\/2018\/08\/Oaxaca03.jpg\" alt=\"OCV Oaxaca\" width=\"100%\"\n                        height=\"100%\" \/>\n<p class=\"flex-caption\">Oficina de Convenciones, Congresos y Eventos de Oaxaca.<\/p>\n<\/li>\n<li><img decoding=\"async\" class=\"aligncenter size-full wp-image-104\"\n                        src=\"\/wp-content\/uploads\/sites\/55\/2018\/08\/Oaxaca04.jpg\" alt=\"OCV Oaxaca\" width=\"100%\"\n                        height=\"100%\" \/>\n<p class=\"flex-caption\">Oficina de Convenciones, Congresos y Eventos de Oaxaca.<\/p>\n<\/li>\n<li><img decoding=\"async\" class=\"aligncenter size-full wp-image-104\"\n                        src=\"\/wp-content\/uploads\/sites\/55\/2018\/08\/Oaxaca05.jpg\" alt=\"OCV Oaxaca\" width=\"100%\"\n                        height=\"100%\" \/>\n<p class=\"flex-caption\">Oficina de Convenciones, Congresos y Eventos de Oaxaca.<\/p>\n<\/li>\n<li><img decoding=\"async\" class=\"aligncenter size-full wp-image-104\"\n                        src=\"\/wp-content\/uploads\/sites\/55\/2018\/08\/Oaxaca06.jpg\" alt=\"OCV Oaxaca\" width=\"100%\"\n                        height=\"100%\" \/>\n<p class=\"flex-caption\">Oficina de Convenciones, Congresos y Eventos de Oaxaca.<\/p>\n<\/li>\n<li><img decoding=\"async\" class=\"aligncenter size-full wp-image-104\"\n                        src=\"\/wp-content\/uploads\/sites\/55\/2018\/08\/Oaxaca07.jpg\" alt=\"OCV Oaxaca\" width=\"100%\"\n                        height=\"100%\" \/>\n<p class=\"flex-caption\">Oficina de Convenciones, Congresos y Eventos de Oaxaca.<\/p>\n<\/li>\n<li><img decoding=\"async\" class=\"aligncenter size-full wp-image-104\"\n                        src=\"\/wp-content\/uploads\/sites\/55\/2018\/08\/Oaxaca08.jpg\" alt=\"OCV Oaxaca\" width=\"100%\"\n                        height=\"100%\" \/>\n<p class=\"flex-caption\">Oficina de Convenciones, Congresos y Eventos de Oaxaca.<\/p>\n<\/li>\n<li><img decoding=\"async\" class=\"aligncenter size-full wp-image-104\"\n                        src=\"\/wp-content\/uploads\/sites\/55\/2018\/08\/Oaxaca09.jpg\" alt=\"OCV Oaxaca\" width=\"100%\"\n                        height=\"100%\" \/>\n<p class=\"flex-caption\">Oficina de Convenciones, Congresos y Eventos de Oaxaca.<\/p>\n<\/li>\n<li><img decoding=\"async\" class=\"aligncenter size-full wp-image-104\"\n                        src=\"\/wp-content\/uploads\/sites\/55\/2018\/08\/Oaxaca10.jpg\" alt=\"OCV Oaxaca\" width=\"100%\"\n                        height=\"100%\" \/>\n<p class=\"flex-caption\">Oficina de Convenciones, Congresos y Eventos de Oaxaca.<\/p>\n<\/li>\n<li><img decoding=\"async\" class=\"aligncenter size-full wp-image-104\"\n                        src=\"\/wp-content\/uploads\/sites\/55\/2018\/08\/Oaxaca11.jpg\" alt=\"OCV Oaxaca\" width=\"100%\"\n                        height=\"100%\" \/>\n<p class=\"flex-caption\">Oficina de Convenciones, Congresos y Eventos de Oaxaca.<\/p>\n<\/li>\n<li><img decoding=\"async\" class=\"aligncenter size-full wp-image-104\"\n                        src=\"\/wp-content\/uploads\/sites\/55\/2018\/08\/Oaxaca12.jpg\" alt=\"OCV Oaxaca\" width=\"100%\"\n                        height=\"100%\" \/>\n<p class=\"flex-caption\">Oficina de Convenciones, Congresos y Eventos de Oaxaca.<\/p>\n<\/li>\n<\/ul><\/div>\n<h4><span style=\"font-family: tahoma, arial, helvetica, sans-serif\">En Oaxaca SE VIVE UNA HISTORIA<\/span><\/h4>\n<p>        <span style=\"font-family: tahoma, arial, helvetica, sans-serif\"> Ciudad declarada Patrimonio de la Humanidad por la UNESCO en 1987, la capital de Oaxaca tiene sabor propio como ninguna otra ciudad, pues adem\u00e1s de sus tesoros art\u00edsticos y arquitect\u00f3nicos, en ella se mezclan distintas etnias y culturas que aumentan su riqueza, convirti\u00e9ndola en un lugar m\u00e1gico, colorido y \u00fanico en el mundo entero.<\/span><\/p>\n<h4><span style=\"font-family: tahoma, arial, helvetica, sans-serif\">Gastronom\u00eda PARA EVENTOS U\u0301NICOS<\/span><\/h4>\n<p>        <span style=\"font-family: tahoma, arial, helvetica, sans-serif\"> Aqu\u00ed podr\u00e1s degustar desde la deliciosa y ancestral comida prehispa\u0301nica hecha por cocineras tradicionales, hasta platillos gourmet elaborados por nuestros chefs mundialmente reconocidos.<\/span><\/p>\n<p>        <span style=\"font-family: tahoma, arial, helvetica, sans-serif\"> No podemos dejar de mencionar la bebida de moda, el Mezcal. Este elixir adema\u0301s de ser 100% oaxaquen\u0303o, esta\u0301 en boga por todo el mundo; en Oaxaca podra\u0301s encontrar todo tipo Mezcal, artesanal, blanco y an\u0303ejo, so\u0301lo por mencionar algunos. Sin duda alguna esta bebida hara\u0301 de tu boda una experiencia u\u0301nica e innovadora.<\/span><\/p>\n<h4><span style=\"font-family: tahoma, arial, helvetica, sans-serif\">El tradicional CONVITE<\/span><\/h4>\n<p>        <span style=\"font-family: tahoma, arial, helvetica, sans-serif\"> Lo que no puede faltar en tu boda es \u201cEl Convite\u201d, en la cual se realiza un recorrido muy colorido donde caminara\u0301s sobre el hermoso andador turi\u0301stico Macedonio Alcala\u0301 en el corazo\u0301n de la ciudad, acompan\u0303ado de mu\u0301sica tradicional de banda, Chinas Oaxaquen\u0303as (mujeres ataviadas con trajes regionales y canastas enfloradas), marmotas (globos gigantes de manta con los nombres<\/span><br \/>\n        <span style=\"font-family: tahoma, arial, helvetica, sans-serif\"> de los novios) y farolitos de colores que enmarcan la felicidad de los recie\u0301n casados.<\/span><\/p>\n<h4><span style=\"font-family: tahoma, arial, helvetica, sans-serif\">El enlace PERFECTO<\/span><\/h4>\n<p>        <span style=\"font-family: tahoma, arial, helvetica, sans-serif\">Oaxaca cuenta con las iglesias y templos ideales para tu boda. Tanto para la ceremonia civil como religiosa, existen lugares verdaderamente increi\u0301bles, dentro de las principales podemos mencionar El templo de Santo Domingo de Guzma\u0301n, reconocido por su interior ban\u0303ado en oro; La Catedral de la Ciudad, ubicada en el corazo\u0301n del centro histo\u0301rico o\u0301 la Basi\u0301lica de la Virgen de la Soledad, cuya categori\u0301a fue otorgada por el Papa Juan Pablo Segundo en su visita a esta ciudad.<\/span><\/p>\n<h4><span style=\"font-family: tahoma, arial, helvetica, sans-serif\">La comodidad que MERECEN TUS INVITADOS<\/span><\/h4>\n<p>        <span style=\"font-family: tahoma, arial, helvetica, sans-serif\">Oaxaca ofrece ma\u0301s de 4500 habitaciones en varias opciones de hospedaje, con espacios coloniales, contempora\u0301neos, exclusivos y modernas, dentro de un ambiente de confort, hospitalidad y calidez. Van desde hoteles de clasificacio\u0301n Especial, Gran Turismo, Bussines Class, 5, 4 y 3 estrellas, adema\u0301s de maravillosos Hoteles Boutique y con el distintivito \u201cTesoros de Me\u0301xico\u201d.<\/span>\n    <\/div>\n<div class=\"tab-pane fade\" id=\"huatulco-tab-pane\" role=\"tabpanel\" aria-labelledby=\"huatulco-tab\" tabindex=\"0\">\n<h4>&nbsp;<\/h4>\n<div class=\"flexslider\">\n<ul class=\"slides\">\n<li><img decoding=\"async\" class=\"aligncenter size-full wp-image-104\"\n                        src=\"\/wp-content\/uploads\/sites\/55\/2018\/08\/Huatulco02.jpg\" alt=\"OCV Oaxaca\" width=\"100%\"\n                        height=\"100%\" \/>\n<p class=\"flex-caption\">Oficina de Convenciones, Congresos y Eventos de Oaxaca.<\/p>\n<\/li>\n<li><img decoding=\"async\" class=\"aligncenter size-full wp-image-104\"\n                        src=\"\/wp-content\/uploads\/sites\/55\/2018\/08\/Huatulco03.jpg\" alt=\"OCV Oaxaca\" width=\"100%\"\n                        height=\"100%\" \/>\n<p class=\"flex-caption\">Oficina de Convenciones, Congresos y Eventos de Oaxaca.<\/p>\n<\/li>\n<li><img decoding=\"async\" class=\"aligncenter size-full wp-image-104\"\n                        src=\"\/wp-content\/uploads\/sites\/55\/2018\/08\/Huatulco04.jpg\" alt=\"OCV Oaxaca\" width=\"100%\"\n                        height=\"100%\" \/>\n<p class=\"flex-caption\">Oficina de Convenciones, Congresos y Eventos de Oaxaca.<\/p>\n<\/li>\n<li><img decoding=\"async\" class=\"aligncenter size-full wp-image-104\"\n                        src=\"\/wp-content\/uploads\/sites\/55\/2018\/08\/Huatulco05.jpg\" alt=\"OCV Oaxaca\" width=\"100%\"\n                        height=\"100%\" \/>\n<p class=\"flex-caption\">Oficina de Convenciones, Congresos y Eventos de Oaxaca.<\/p>\n<\/li>\n<li><img decoding=\"async\" class=\"aligncenter size-full wp-image-104\"\n                        src=\"\/wp-content\/uploads\/sites\/55\/2018\/08\/Huatulco06.jpg\" alt=\"OCV Oaxaca\" width=\"100%\"\n                        height=\"100%\" \/>\n<p class=\"flex-caption\">Oficina de Convenciones, Congresos y Eventos de Oaxaca.<\/p>\n<\/li>\n<li><img decoding=\"async\" class=\"aligncenter size-full wp-image-104\"\n                        src=\"\/wp-content\/uploads\/sites\/55\/2018\/08\/Huatulco07.jpg\" alt=\"OCV Oaxaca\" width=\"100%\"\n                        height=\"100%\" \/>\n<p class=\"flex-caption\">Oficina de Convenciones, Congresos y Eventos de Oaxaca.<\/p>\n<\/li>\n<li><img decoding=\"async\" class=\"aligncenter size-full wp-image-104\"\n                        src=\"\/wp-content\/uploads\/sites\/55\/2018\/08\/Huatulco08.jpg\" alt=\"OCV Oaxaca\" width=\"100%\"\n                        height=\"100%\" \/>\n<p class=\"flex-caption\">Oficina de Convenciones, Congresos y Eventos de Oaxaca.<\/p>\n<\/li>\n<li><img decoding=\"async\" class=\"aligncenter size-full wp-image-104\"\n                        src=\"\/wp-content\/uploads\/sites\/55\/2018\/08\/Huatulco09.jpg\" alt=\"OCV Oaxaca\" width=\"100%\"\n                        height=\"100%\" \/>\n<p class=\"flex-caption\">Oficina de Convenciones, Congresos y Eventos de Oaxaca.<\/p>\n<\/li>\n<li><img decoding=\"async\" class=\"aligncenter size-full wp-image-104\"\n                        src=\"\/wp-content\/uploads\/sites\/55\/2018\/08\/Huatulco10.jpg\" alt=\"OCV Oaxaca\" width=\"100%\"\n                        height=\"100%\" \/>\n<p class=\"flex-caption\">Oficina de Convenciones, Congresos y Eventos de Oaxaca.<\/p>\n<\/li>\n<li><img decoding=\"async\" class=\"aligncenter size-full wp-image-104\"\n                        src=\"\/wp-content\/uploads\/sites\/55\/2018\/08\/Huatulco11.jpg\" alt=\"OCV Oaxaca\" width=\"100%\"\n                        height=\"100%\" \/>\n<p class=\"flex-caption\">Oficina de Convenciones, Congresos y Eventos de Oaxaca.<\/p>\n<\/li>\n<\/ul><\/div>\n<h4><span style=\"font-family: tahoma, arial, helvetica, sans-serif\">Huatulco, EL PARAISO EN LA TIERRA<\/span><br \/>\n        <\/h4>\n<p>        <span style=\"font-family: tahoma, arial, helvetica, sans-serif\">Bahi\u0301as de Huatulco es un privilegiado desarrollo turi\u0301stico ubicado a 277 kilo\u0301metros al sur de la capital del estado, en donde encontrara\u0301s 9 hermosas bahi\u0301as que forman 36 playas con un clima ca\u0301lido que permite disfrutar de 365 di\u0301as soleados. Inesperados paisajes, con amaneceres espectaculares y hermosos escenarios de ensuen\u0303o, son algunos de los atractivos que te ofrece este ede\u0301n.<\/span><\/p>\n<p>        <span style=\"font-family: tahoma, arial, helvetica, sans-serif\">Huatulco se convirtio\u0301 en el 2005, en el primer destino turi\u0301stico del Continente Americano y el tercero en el mundo en alcanzar la certificacio\u0301n EarthCheck como \u201cComunidad Turi\u0301stica Sustentable\u201d. En el 2010 alcanzo\u0301 la certificacio\u0301n Earthcheck Gold y ahora en 2015 nos sentimos orgullosos de ser el primer y u\u0301nico destino turi\u0301stico del mundo en ostentar la certificacio\u0301n Earthcheck Platinum. Asi\u0301 tambie\u0301n, su Bahi\u0301a Chahue\u0301 ha recibido la certificacio\u0301n \u201cBlue Flag\u201d, la cual se distingue por la calidad del agua, seguridad y sustentabilidad ecolo\u0301gica, esto y ma\u0301s hace de Huatulco, el parai\u0301so en la tierra.<\/span><\/p>\n<h4><span style=\"font-family: tahoma, arial, helvetica, sans-serif\">Bodas ZAPOTECAS<\/span><\/h4>\n<p>        <span style=\"font-family: tahoma, arial, helvetica, sans-serif\">Oaxaca no so\u0301lo ofrece el perfecto enlace tradicional, en esta ciudad podra\u0301s encontrar una opcio\u0301n totalmente diferente que mezcla las tendencias actuales con las ancestrales, aqui\u0301 podra\u0301s experimentar el maravilloso ritual de una boda zapoteca, llena de tradicio\u0301n y misticismo, en donde te encontrara\u0301s de cerca con las ma\u0301s bellas costumbres de nuestros antepasados reencarnadas en una ceremonia que sin duda alguna, hara\u0301n de tu boda un di\u0301a perfecto y fuera de lo comu\u0301n.<\/span><\/p>\n<h4><span style=\"font-family: tahoma, arial, helvetica, sans-serif\">El confort QUE NECESITAS<\/span><\/h4>\n<p>        <span style=\"font-family: tahoma, arial, helvetica, sans-serif\">Huatulco ofrece un total de 2,400 habitaciones albergadas en una gran variedad de hoteles, desde los ma\u0301s acogedores y elegantes hoteles boutique, hasta los ma\u0301s exclusivos y lujosos all inclusive.<\/span>\n    <\/div>\n<div class=\"tab-pane fade\" id=\"puertoescondido-tab-pane\" role=\"tabpanel\" aria-labelledby=\"puerto-escondido-tab\" tabindex=\"0\">\n<h4>&nbsp;<\/h4>\n<div class=\"flexslider\">\n<ul class=\"slides\">\n<li><img decoding=\"async\" class=\"aligncenter size-full wp-image-104\"\n                        src=\"\/wp-content\/uploads\/sites\/55\/2018\/08\/Puerto02.jpg\" alt=\"OCV Oaxaca\" width=\"100%\"\n                        height=\"100%\" \/>\n<p class=\"flex-caption\">Oficina de Convenciones, Congresos y Eventos de Oaxaca.<\/p>\n<\/li>\n<li><img decoding=\"async\" class=\"aligncenter size-full wp-image-104\"\n                        src=\"\/wp-content\/uploads\/sites\/55\/2018\/08\/Puerto03.jpg\" alt=\"OCV Oaxaca\" width=\"100%\"\n                        height=\"100%\" \/>\n<p class=\"flex-caption\">Oficina de Convenciones, Congresos y Eventos de Oaxaca.<\/p>\n<\/li>\n<li><img decoding=\"async\" class=\"aligncenter size-full wp-image-104\"\n                        src=\"\/wp-content\/uploads\/sites\/55\/2018\/08\/Puerto04.jpg\" alt=\"OCV Oaxaca\" width=\"100%\"\n                        height=\"100%\" \/>\n<p class=\"flex-caption\">Oficina de Convenciones, Congresos y Eventos de Oaxaca.<\/p>\n<\/li>\n<li><img decoding=\"async\" class=\"aligncenter size-full wp-image-104\"\n                        src=\"\/wp-content\/uploads\/sites\/55\/2018\/08\/Puerto05.jpg\" alt=\"OCV Oaxaca\" width=\"100%\"\n                        height=\"100%\" \/>\n<p class=\"flex-caption\">Oficina de Convenciones, Congresos y Eventos de Oaxaca.<\/p>\n<\/li>\n<li><img decoding=\"async\" class=\"aligncenter size-full wp-image-104\"\n                        src=\"\/wp-content\/uploads\/sites\/55\/2018\/08\/Puerto06.jpg\" alt=\"OCV Oaxaca\" width=\"100%\"\n                        height=\"100%\" \/>\n<p class=\"flex-caption\">Oficina de Convenciones, Congresos y Eventos de Oaxaca.<\/p>\n<\/li>\n<\/ul><\/div>\n<h4><span style=\"font-family: tahoma, arial, helvetica, sans-serif\">Puerto Escondido EL LUGAR DONDE SON\u0303ASTE LLEGAR AL ALTAR<\/span><\/h4>\n<p>        <span style=\"font-family: tahoma, arial, helvetica, sans-serif\">Ubicado en la costa de Oaxaca, es uno de los polos de atraccio\u0301n turi\u0301stica ma\u0301s antiguos e importantes en la costa del Paci\u0301fico, la exo\u0301tica belleza de sus 7 playas, te hara\u0301n vivir experiencias u\u0301nicas e inolvidables a trave\u0301s de actividades como la cabalgata, el kayak, el surf y la pesca, so\u0301lo por mencionar algunas.<\/span><br \/>\n        <span style=\"font-family: tahoma, arial, helvetica, sans-serif\"> Puerto Escondido se localiza a 290 km. de la capital del estado. Esta\u0301 catalogado mundialmente dentro de los 3 principales destinos turi\u0301sticos para practicar surf debido a sus imponentes olas, sin duda alguna la belleza natural de sus playas y lagunas cautiva a toda persona que se atreve a descubrir estos paradisi\u0301acos paisajes, llenos de magia y vida.<\/span><\/p>\n<h4><span style=\"font-family: tahoma, arial, helvetica, sans-serif\">La comodidad QUE NECESITAS<\/span><\/h4>\n<p>        <span style=\"font-family: tahoma, arial, helvetica, sans-serif\">Puerto Escondido tiene una infraestructura que contempla hoteles Boutique, 5, y 4 Estrellas que cuentan con todas las comodidades y lujo, mezcladas en un ambiente paradisi\u0301aco, jardines, club de playa, terrazas al aire libre y toda una gama de servicios de alto nivel.<\/span><br \/>\n        <span style=\"font-family: tahoma, arial, helvetica, sans-serif\"> Dentro de su maravillosa oferta hotelera, Puerto Escondido tambie\u0301n cuenta con Hoteles de Categori\u0301a Especial, donde encontrara\u0301s los ma\u0301s exo\u0301ticos espacios eco-naturales fuera de lo comu\u0301n dentro de un ambiente lleno de confort y exclusividad.<\/span>\n    <\/div>\n<\/p><\/div>\n","protected":false},"excerpt":{"rendered":"<p>Oaxaca de Ju\u00e1rez Santa Mar\u00eda Huatulco Puerto Escondido &nbsp; Oficina de Convenciones, Congresos y Eventos de Oaxaca. Oficina de Convenciones, Congresos y Eventos de Oaxaca. Oficina de Convenciones, Congresos y Eventos de Oaxaca. Oficina de Convenciones, Congresos y Eventos de Oaxaca. Oficina de Convenciones, Congresos y Eventos de Oaxaca. Oficina de Convenciones, Congresos y Eventos [&hellip;]<\/p>\n","protected":false},"author":1,"featured_media":0,"parent":0,"menu_order":0,"comment_status":"closed","ping_status":"closed","template":"","meta":{"episode_type":"","audio_file":"","podmotor_file_id":"","podmotor_episode_id":"","cover_image":"","cover_image_id":"","duration":"","filesize":"","filesize_raw":"","date_recorded":"","explicit":"","block":"","itunes_episode_number":"","itunes_title":"","itunes_season_number":"","itunes_episode_type":"","footnotes":""},"categories":[],"tags":[],"class_list":["post-2439","page","type-page","status-publish","hentry"],"acf":[],"publishpress_future_action":{"enabled":false,"date":"2026-05-10 10:36:36","action":"change-status","newStatus":"draft","terms":[],"taxonomy":"category","extraData":[]},"publishpress_future_workflow_manual_trigger":{"enabledWorkflows":[]},"_links":{"self":[{"href":"https:\/\/www.oaxaca.gob.mx\/occe\/wp-json\/wp\/v2\/pages\/2439","targetHints":{"allow":["GET"]}}],"collection":[{"href":"https:\/\/www.oaxaca.gob.mx\/occe\/wp-json\/wp\/v2\/pages"}],"about":[{"href":"https:\/\/www.oaxaca.gob.mx\/occe\/wp-json\/wp\/v2\/types\/page"}],"author":[{"embeddable":true,"href":"https:\/\/www.oaxaca.gob.mx\/occe\/wp-json\/wp\/v2\/users\/1"}],"replies":[{"embeddable":true,"href":"https:\/\/www.oaxaca.gob.mx\/occe\/wp-json\/wp\/v2\/comments?post=2439"}],"version-history":[{"count":2,"href":"https:\/\/www.oaxaca.gob.mx\/occe\/wp-json\/wp\/v2\/pages\/2439\/revisions"}],"predecessor-version":[{"id":4340,"href":"https:\/\/www.oaxaca.gob.mx\/occe\/wp-json\/wp\/v2\/pages\/2439\/revisions\/4340"}],"wp:attachment":[{"href":"https:\/\/www.oaxaca.gob.mx\/occe\/wp-json\/wp\/v2\/media?parent=2439"}],"wp:term":[{"taxonomy":"category","embeddable":true,"href":"https:\/\/www.oaxaca.gob.mx\/occe\/wp-json\/wp\/v2\/categories?post=2439"},{"taxonomy":"post_tag","embeddable":true,"href":"https:\/\/www.oaxaca.gob.mx\/occe\/wp-json\/wp\/v2\/tags?post=2439"}],"curies":[{"name":"wp","href":"https:\/\/api.w.org\/{rel}","templated":true}]}}