{"id":2219,"date":"2019-05-13T10:36:44","date_gmt":"2019-05-13T16:36:44","guid":{"rendered":"https:\/\/www.oaxaca.gob.mx\/ocv\/?page_id=2219"},"modified":"2019-05-13T10:36:44","modified_gmt":"2019-05-13T16:36:44","slug":"centro-de-convenciones-de-oaxaca","status":"publish","type":"page","link":"https:\/\/www.oaxaca.gob.mx\/occe\/centro-de-convenciones-de-oaxaca\/","title":{"rendered":"Centro de Convenciones de Oaxaca"},"content":{"rendered":"<p>.flexslider {<br \/>\n    margin: 0 0 40px;<br \/>\n}<br \/>\n.flex-caption {<br \/>\n    color: #fff !important;<br \/>\n}<br \/>\n.embed-container {<br \/>\n    position: relative;<br \/>\n    padding-bottom: 56.25%;<br \/>\n    height: 0;<br \/>\n    overflow: hidden;<br \/>\n}<br \/>\n.embed-container iframe {<br \/>\n    position: absolute;<br \/>\n    top:0;<br \/>\n    left: 0;<br \/>\n    width: 100%;<br \/>\n    height: 100%;<br \/>\n}<\/p>\n<div class=\"flexslider\">\n<ul class=\"slides\">\n<li><img class=\"aligncenter size-full wp-image-104\" \/>\n<p class=\"flex-caption\">Oficina de Convenciones y Visitantes de Oaxaca.<\/p>\n<\/li>\n<li><img decoding=\"async\" class=\"aligncenter size-full wp-image-104\" src=\"https:\/\/www.oaxaca.gob.mx\/ocv\/wp-content\/uploads\/sites\/55\/2018\/08\/Auditorio2.jpg\" alt=\"OCV Oaxaca\" width=\"100%\" height=\"100%\" \/>\n<p class=\"flex-caption\">Oficina de Convenciones y Visitantes de Oaxaca.<\/p>\n<\/li>\n<li><img decoding=\"async\" class=\"aligncenter size-full wp-image-104\" src=\"https:\/\/www.oaxaca.gob.mx\/ocv\/wp-content\/uploads\/sites\/55\/2018\/08\/Auditorio3.jpg\" alt=\"OCV Oaxaca\" width=\"100%\" height=\"100%\" \/>\n<p class=\"flex-caption\">Oficina de Convenciones y Visitantes de Oaxaca.<\/p>\n<\/li>\n<li><img decoding=\"async\" class=\"aligncenter size-full wp-image-104\" src=\"https:\/\/www.oaxaca.gob.mx\/ocv\/wp-content\/uploads\/sites\/55\/2018\/08\/Auditorio4.jpg\" alt=\"OCV Oaxaca\" width=\"100%\" height=\"100%\" \/>\n<p class=\"flex-caption\">Oficina de Convenciones y Visitantes de Oaxaca.<\/p>\n<\/li>\n<\/ul>\n<\/div>\n<p><span style=\"font-family: tahoma, arial, helvetica, sans-serif\">El Centro de Convenciones de Oaxaca, es un recinto .<\/span><\/p>\n<ul>\n<li><span style=\"font-family: tahoma, arial, helvetica, sans-serif\">Capacidad m\u00e1xima de 10,980 personas.<\/span><\/li>\n<li><span style=\"font-family: tahoma, arial, helvetica, sans-serif\">Aire Acondicionado: (Semitechado).<\/span><\/li>\n<li><span style=\"font-family: tahoma, arial, helvetica, sans-serif\">Cafeter\u00eda.<\/span><\/li>\n<li><span style=\"font-family: tahoma, arial, helvetica, sans-serif\">Estacionamiento.<\/span><\/li>\n<li><span style=\"font-family: tahoma, arial, helvetica, sans-serif\">Acceso a personas con movilidad reducida.<\/span><\/li>\n<li><span style=\"font-family: tahoma, arial, helvetica, sans-serif\">Acceso a autobuses.<\/span><\/li>\n<\/ul>\n<p><span style=\"font-family: tahoma, arial, helvetica, sans-serif\">Direcci\u00f3n: Av. L\u00e1zaro C\u00e1rdenas S\/N, Colonia El Baj\u00edo, Santa Luc\u00eda del Camino Oaxaca de Ju\u00e1rez, Oax.<\/span><\/p>\n<hr \/>\n<div class=\"embed-container\">\n<\/div>\n","protected":false},"excerpt":{"rendered":"<p>.flexslider { margin: 0 0 40px; } .flex-caption { color: #fff !important; } .embed-container { position: relative; padding-bottom: 56.25%; height: 0; overflow: hidden; } .embed-container iframe { position: absolute; top:0; left: 0; width: 100%; height: 100%; } Oficina de Convenciones y Visitantes de Oaxaca. Oficina de Convenciones y Visitantes de Oaxaca. Oficina de Convenciones y [&hellip;]<\/p>\n","protected":false},"author":1,"featured_media":0,"parent":0,"menu_order":0,"comment_status":"closed","ping_status":"closed","template":"","meta":{"episode_type":"","audio_file":"","podmotor_file_id":"","podmotor_episode_id":"","cover_image":"","cover_image_id":"","duration":"","filesize":"","filesize_raw":"","date_recorded":"","explicit":"","block":"","itunes_episode_number":"","itunes_title":"","itunes_season_number":"","itunes_episode_type":"","footnotes":""},"categories":[],"tags":[],"class_list":["post-2219","page","type-page","status-publish","hentry"],"acf":[],"publishpress_future_action":{"enabled":false,"date":"2026-04-23 22:02:42","action":"change-status","newStatus":"draft","terms":[],"taxonomy":"category","extraData":[]},"publishpress_future_workflow_manual_trigger":{"enabledWorkflows":[]},"_links":{"self":[{"href":"https:\/\/www.oaxaca.gob.mx\/occe\/wp-json\/wp\/v2\/pages\/2219","targetHints":{"allow":["GET"]}}],"collection":[{"href":"https:\/\/www.oaxaca.gob.mx\/occe\/wp-json\/wp\/v2\/pages"}],"about":[{"href":"https:\/\/www.oaxaca.gob.mx\/occe\/wp-json\/wp\/v2\/types\/page"}],"author":[{"embeddable":true,"href":"https:\/\/www.oaxaca.gob.mx\/occe\/wp-json\/wp\/v2\/users\/1"}],"replies":[{"embeddable":true,"href":"https:\/\/www.oaxaca.gob.mx\/occe\/wp-json\/wp\/v2\/comments?post=2219"}],"version-history":[{"count":1,"href":"https:\/\/www.oaxaca.gob.mx\/occe\/wp-json\/wp\/v2\/pages\/2219\/revisions"}],"predecessor-version":[{"id":3089,"href":"https:\/\/www.oaxaca.gob.mx\/occe\/wp-json\/wp\/v2\/pages\/2219\/revisions\/3089"}],"wp:attachment":[{"href":"https:\/\/www.oaxaca.gob.mx\/occe\/wp-json\/wp\/v2\/media?parent=2219"}],"wp:term":[{"taxonomy":"category","embeddable":true,"href":"https:\/\/www.oaxaca.gob.mx\/occe\/wp-json\/wp\/v2\/categories?post=2219"},{"taxonomy":"post_tag","embeddable":true,"href":"https:\/\/www.oaxaca.gob.mx\/occe\/wp-json\/wp\/v2\/tags?post=2219"}],"curies":[{"name":"wp","href":"https:\/\/api.w.org\/{rel}","templated":true}]}}