{"id":43,"date":"2018-11-14T17:14:43","date_gmt":"2018-11-14T23:14:43","guid":{"rendered":"http:\/\/www.notarias.oaxaca.gob.mx\/?page_id=43"},"modified":"2018-11-14T17:14:43","modified_gmt":"2018-11-14T23:14:43","slug":"mision-y-vision","status":"publish","type":"page","link":"https:\/\/www.oaxaca.gob.mx\/notarias\/mision-y-vision\/","title":{"rendered":"Misi\u00f3n, visi\u00f3n y objetivo"},"content":{"rendered":"<blockquote class=\"blockquote\">\n<h4 class=\"mb-0\">Misi\u00f3n<\/h4>\n<footer class=\"blockquote-footer\">La Direcci\u00f3n General de Notarias y Archivo General de Notarias en el Estado de Oaxaca, es una instituci\u00f3n p\u00fablica dependiente de la Consejer\u00eda Jur\u00eddica del Gobierno del Estado, encargada de vigilar el debido ejercicio de la funci\u00f3n notarial, as\u00ed como de resguardar el acervo Notarial conforme lo dispone la Ley del Notariado para el Estado de Oaxaca.<\/footer>\n<\/blockquote>\n<blockquote class=\"blockquote\">\n<h4 class=\"mb-0\">Visi\u00f3n<\/h4>\n<footer class=\"blockquote-footer\">Ser una Instituci\u00f3n p\u00fablica con calidad en el servicio a la Ciudadan\u00eda, desempe\u00f1\u00e1ndose con eficiencia, transparencia y estricto apego a la Ley para, supervisar y controlar la funci\u00f3n notarial; as\u00ed como resguardar, conservar y restaurar el Archivo de Notarias del Estado de Oaxaca.<\/footer>\n<\/blockquote>\n<blockquote class=\"blockquote\">\n<h4 class=\"mb-0\">Objetivo<\/h4>\n<footer class=\"blockquote-footer\">La Direcci\u00f3n General de Notar\u00edas y Archivo General de Notar\u00edas, se encarga de coordinar, organizar y supervisar las actividades de los Notarios P\u00fablicos del Estado de Oaxaca.<\/footer>\n<footer class=\"blockquote-footer\">Llevar el registro y control de los Fedatarios P\u00fablicos del Estado, en lo relativo a su apertura, funcionamiento y cierre de protocolo.<\/footer>\n<footer class=\"blockquote-footer\">Revisar, inspeccionar y supervisar los protocolos de las Notar\u00edas P\u00fablicas, as\u00ed como verificar el cumplimiento de las formalidades legales;<\/footer>\n<footer class=\"blockquote-footer\">Sustanciar los procedimientos administrativos de queja formulados en contra de Notarios P\u00fablicos seg\u00fan la Ley del Notariado para el Estado de Oaxaca;<\/footer>\n<footer class=\"blockquote-footer\">Vigilar que los libros de protocolo de los Notarios P\u00fablicos cumplan los requisitos previstos en la Ley del Notariado para el Estado de Oaxaca para su recepci\u00f3n y custodia definitiva; y Garantizar la certeza jur\u00eddica de los libros que se encuentran concentrados en la Direcci\u00f3n.<\/footer>\n<\/blockquote>\n","protected":false},"excerpt":{"rendered":"<p>Misi\u00f3n La Direcci\u00f3n General de Notarias y Archivo General de Notarias en el Estado de Oaxaca, es una instituci\u00f3n p\u00fablica dependiente de la Consejer\u00eda Jur\u00eddica del Gobierno del Estado, encargada de vigilar el debido ejercicio de la funci\u00f3n notarial, as\u00ed como de resguardar el acervo Notarial conforme lo dispone la Ley del Notariado para el [&hellip;]<\/p>\n","protected":false},"author":1,"featured_media":52,"parent":0,"menu_order":0,"comment_status":"closed","ping_status":"closed","template":"","meta":{"episode_type":"","audio_file":"","podmotor_file_id":"","podmotor_episode_id":"","cover_image":"","cover_image_id":"","duration":"","filesize":"","filesize_raw":"","date_recorded":"","explicit":"","block":"","itunes_episode_number":"","itunes_title":"","itunes_season_number":"","itunes_episode_type":"","footnotes":""},"categories":[],"tags":[],"class_list":["post-43","page","type-page","status-publish","has-post-thumbnail","hentry"],"acf":[],"publishpress_future_action":{"enabled":false,"date":"2026-05-10 11:57:54","action":"change-status","newStatus":"draft","terms":[],"taxonomy":"category","extraData":[]},"publishpress_future_workflow_manual_trigger":{"enabledWorkflows":[]},"_links":{"self":[{"href":"https:\/\/www.oaxaca.gob.mx\/notarias\/wp-json\/wp\/v2\/pages\/43","targetHints":{"allow":["GET"]}}],"collection":[{"href":"https:\/\/www.oaxaca.gob.mx\/notarias\/wp-json\/wp\/v2\/pages"}],"about":[{"href":"https:\/\/www.oaxaca.gob.mx\/notarias\/wp-json\/wp\/v2\/types\/page"}],"author":[{"embeddable":true,"href":"https:\/\/www.oaxaca.gob.mx\/notarias\/wp-json\/wp\/v2\/users\/1"}],"replies":[{"embeddable":true,"href":"https:\/\/www.oaxaca.gob.mx\/notarias\/wp-json\/wp\/v2\/comments?post=43"}],"version-history":[{"count":0,"href":"https:\/\/www.oaxaca.gob.mx\/notarias\/wp-json\/wp\/v2\/pages\/43\/revisions"}],"wp:featuredmedia":[{"embeddable":true,"href":"https:\/\/www.oaxaca.gob.mx\/notarias\/wp-json\/wp\/v2\/media\/52"}],"wp:attachment":[{"href":"https:\/\/www.oaxaca.gob.mx\/notarias\/wp-json\/wp\/v2\/media?parent=43"}],"wp:term":[{"taxonomy":"category","embeddable":true,"href":"https:\/\/www.oaxaca.gob.mx\/notarias\/wp-json\/wp\/v2\/categories?post=43"},{"taxonomy":"post_tag","embeddable":true,"href":"https:\/\/www.oaxaca.gob.mx\/notarias\/wp-json\/wp\/v2\/tags?post=43"}],"curies":[{"name":"wp","href":"https:\/\/api.w.org\/{rel}","templated":true}]}}