{"id":8369,"date":"2019-06-03T22:48:10","date_gmt":"2019-06-03T20:48:10","guid":{"rendered":"https:\/\/www.oaxaca.gob.mx\/semaedeso\/?page_id=8369"},"modified":"2024-04-24T09:39:30","modified_gmt":"2024-04-24T15:39:30","slug":"titular-de-la-dependencia","status":"publish","type":"page","link":"https:\/\/www.oaxaca.gob.mx\/medioambiente\/titular-de-la-dependencia\/","title":{"rendered":"Titular de la dependencia"},"content":{"rendered":"\n<link rel='stylesheet' id='16687-css'  href='https:\/\/www.oaxaca.gob.mx\/medioambiente\/wp-content\/uploads\/sites\/59\/winp-css-js\/16687.css?ver=1699575202' type='text\/css' media='all' \/>\n\n<h3 style=\"text-align: center;margin-top: 50px\">Secretar\u00eda de Medio Ambiente, Biodiversidad, Energ\u00edas y Sostenibilidad<\/h3>\n<hr>\n<div class=\"row\">\n<div class=\"col-md-12\">\n<p style=\"width: 100%;background: #000;padding:5px;text-align: center;color: #fff\">Dra. Karime Unda Harp<\/p>\n<\/div>\n<\/div>\n<div class=\"row\">\n<div class=\"col-md-4\">\n<img decoding=\"async\" class=\"d-block w-100\" style=\"padding: 20px\" src=\"https:\/\/www.oaxaca.gob.mx\/medioambiente\/wp-content\/uploads\/sites\/59\/2024\/04\/foto-titular.jpg\" \/>\n<\/div>\n<div class=\"col-md-8\">\n<div class=\"titular3\" style=\"margin-top: 10px;font-size: 17px;color: #000;background: #FFF;padding: 30px\">Originaria de la Ciudad de Oaxaca. Es ingeniera Ec\u00f3loga egresada de la UPAEP, Maestra en Conservaci\u00f3n y Manejo de Vida Silvestre por el Instituto Nacional de Costa Rica y Doctora en Desarrollo Sustentable con orientaci\u00f3n en Conservaci\u00f3n de la Biodiversidad, por Colegio de la Frontera Sur.<\/div>\n<div class=\"col-md-12\" style=\"background: #FAFAFA;padding: 25px 50px;border-top: 1px solid #ccc;border-bottom: 1px solid #ccc\">\n<p style=\"font-size: 18px;color: #999;width: 55%;margin-left: auto;margin-right: auto;text-align: center\">\u201cLa conservaci\u00f3n de recursos naturales es a lo que he dedicado mi vida de manera acad\u00e9mica y de educaci\u00f3n ambiental. Pondr\u00e9 toda mi disposici\u00f3n y conocimiento para preservar al estado m\u00e1s biodiverso del pa\u00eds\u201d.<\/p>\n<\/div>\n<\/div>\n<\/div>\n<div class=\"row\">\n<div class=\"col-md-12\">\n<p style=\"width: 100%;background: #000;height: 15px;text-align: center;color: #fff\">&nbsp;<\/p>\n<\/div>\n<\/div>\n<hr \/>\n","protected":false},"excerpt":{"rendered":"<p>Secretar\u00eda de Medio Ambiente, Biodiversidad, Energ\u00edas y Sostenibilidad Dra. Karime Unda Harp Originaria de la Ciudad de Oaxaca. Es ingeniera Ec\u00f3loga egresada de la UPAEP, Maestra en Conservaci\u00f3n y Manejo de Vida Silvestre por el Instituto Nacional de Costa Rica y Doctora en Desarrollo Sustentable con orientaci\u00f3n en Conservaci\u00f3n de la Biodiversidad, por Colegio de [&hellip;]<\/p>\n","protected":false},"author":1,"featured_media":0,"parent":0,"menu_order":0,"comment_status":"closed","ping_status":"closed","template":"","meta":{"episode_type":"","audio_file":"","podmotor_file_id":"","podmotor_episode_id":"","cover_image":"","cover_image_id":"","duration":"","filesize":"","filesize_raw":"","date_recorded":"","explicit":"","block":"","itunes_episode_number":"","itunes_title":"","itunes_season_number":"","itunes_episode_type":"","footnotes":""},"categories":[],"tags":[],"class_list":["post-8369","page","type-page","status-publish","hentry"],"acf":[],"publishpress_future_action":{"enabled":false,"date":"2026-05-06 13:24:35","action":"change-status","newStatus":"draft","terms":[],"taxonomy":"category","extraData":[]},"publishpress_future_workflow_manual_trigger":{"enabledWorkflows":[]},"_links":{"self":[{"href":"https:\/\/www.oaxaca.gob.mx\/medioambiente\/wp-json\/wp\/v2\/pages\/8369","targetHints":{"allow":["GET"]}}],"collection":[{"href":"https:\/\/www.oaxaca.gob.mx\/medioambiente\/wp-json\/wp\/v2\/pages"}],"about":[{"href":"https:\/\/www.oaxaca.gob.mx\/medioambiente\/wp-json\/wp\/v2\/types\/page"}],"author":[{"embeddable":true,"href":"https:\/\/www.oaxaca.gob.mx\/medioambiente\/wp-json\/wp\/v2\/users\/1"}],"replies":[{"embeddable":true,"href":"https:\/\/www.oaxaca.gob.mx\/medioambiente\/wp-json\/wp\/v2\/comments?post=8369"}],"version-history":[{"count":3,"href":"https:\/\/www.oaxaca.gob.mx\/medioambiente\/wp-json\/wp\/v2\/pages\/8369\/revisions"}],"predecessor-version":[{"id":18588,"href":"https:\/\/www.oaxaca.gob.mx\/medioambiente\/wp-json\/wp\/v2\/pages\/8369\/revisions\/18588"}],"wp:attachment":[{"href":"https:\/\/www.oaxaca.gob.mx\/medioambiente\/wp-json\/wp\/v2\/media?parent=8369"}],"wp:term":[{"taxonomy":"category","embeddable":true,"href":"https:\/\/www.oaxaca.gob.mx\/medioambiente\/wp-json\/wp\/v2\/categories?post=8369"},{"taxonomy":"post_tag","embeddable":true,"href":"https:\/\/www.oaxaca.gob.mx\/medioambiente\/wp-json\/wp\/v2\/tags?post=8369"}],"curies":[{"name":"wp","href":"https:\/\/api.w.org\/{rel}","templated":true}]}}

<link rel='stylesheet' id='16687-css'  href='https://www.oaxaca.gob.mx/medioambiente/wp-content/uploads/sites/59/winp-css-js/16687.css?ver=1699575202' type='text/css' media='all' />

<h3 style="text-align: center;margin-top: 50px">Secretaría de Medio Ambiente, Biodiversidad, Energías y Sostenibilidad</h3>
<hr>
<div class="row">
<div class="col-md-12">
<p style="width: 100%;background: #000;padding:5px;text-align: center;color: #fff">Dra. Karime Unda Harp</p>
</div>
</div>
<div class="row">
<div class="col-md-4">
<img decoding="async" class="d-block w-100" style="padding: 20px" src="https://www.oaxaca.gob.mx/medioambiente/wp-content/uploads/sites/59/2024/04/foto-titular.jpg" />
</div>
<div class="col-md-8">
<div class="titular3" style="margin-top: 10px;font-size: 17px;color: #000;background: #FFF;padding: 30px">Originaria de la Ciudad de Oaxaca. Es ingeniera Ecóloga egresada de la UPAEP, Maestra en Conservación y Manejo de Vida Silvestre por el Instituto Nacional de Costa Rica y Doctora en Desarrollo Sustentable con orientación en Conservación de la Biodiversidad, por Colegio de la Frontera Sur.</div>
<div class="col-md-12" style="background: #FAFAFA;padding: 25px 50px;border-top: 1px solid #ccc;border-bottom: 1px solid #ccc">
<p style="font-size: 18px;color: #999;width: 55%;margin-left: auto;margin-right: auto;text-align: center">“La conservación de recursos naturales es a lo que he dedicado mi vida de manera académica y de educación ambiental. Pondré toda mi disposición y conocimiento para preservar al estado más biodiverso del país”.</p>
</div>
</div>
</div>
<div class="row">
<div class="col-md-12">
<p style="width: 100%;background: #000;height: 15px;text-align: center;color: #fff">&nbsp;</p>
</div>
</div>
<hr />

<p>Secretaría de Medio Ambiente, Biodiversidad, Energías y Sostenibilidad Dra. Karime Unda Harp Originaria de la Ciudad de Oaxaca. Es ingeniera Ecóloga egresada de la UPAEP, Maestra en Conservación y Manejo de Vida Silvestre por el Instituto Nacional de Costa Rica y Doctora en Desarrollo Sustentable con orientación en Conservación de la Biodiversidad, por Colegio de [&hellip;]</p>
