{"id":23955,"date":"2026-05-07T16:25:38","date_gmt":"2026-05-07T22:25:38","guid":{"rendered":"https:\/\/www.oaxaca.gob.mx\/medioambiente\/?page_id=23955"},"modified":"2026-05-07T18:06:51","modified_gmt":"2026-05-08T00:06:51","slug":"__trashed","status":"publish","type":"page","link":"https:\/\/www.oaxaca.gob.mx\/medioambiente\/__trashed\/","title":{"rendered":"T"},"content":{"rendered":"<link href=\"https:\/\/cdnjs.cloudflare.com\/ajax\/libs\/bootstrap-icons\/1.10.3\/font\/bootstrap-icons.min.css\" rel=\"stylesheet\">\r\n\n\n<link rel='stylesheet' id='20474-css'  href='https:\/\/www.oaxaca.gob.mx\/medioambiente\/wp-content\/uploads\/sites\/59\/winp-css-js\/20474.css?ver=1728337657' type='text\/css' media='all' \/>\n\n\n<link rel='stylesheet' id='21847-css'  href='https:\/\/www.oaxaca.gob.mx\/medioambiente\/wp-content\/uploads\/sites\/59\/winp-css-js\/21847.css?ver=1742527800' type='text\/css' media='all' \/>\n\n<!-- Google Fonts -->\r\n<link href=\"https:\/\/fonts.googleapis.com\/css2?family=Fredoka:wght@300;400;600&display=swap\" rel=\"stylesheet\" \/>\r\n\n<div class=\"text-center\">\n<p><img decoding=\"async\" class=\"alignnone wp-image-1269 size-full\" src=\"https:\/\/www.oaxaca.gob.mx\/medioambiente\/wp-content\/uploads\/sites\/59\/2026\/05\/banner.png\" alt=\"\" width=\"100%\" height=\"350\" style=\"margin-top: 5px\" \/><\/p>\n<h1 class=\"body-page h1\"><img decoding=\"async\" src=\"https:\/\/www.oaxaca.gob.mx\/medioambiente\/wp-content\/uploads\/sites\/59\/2026\/05\/Logo-1-scaled.png\" alt=\"\" height=\"150\" style=\"margin-top: 5px\" \/><\/h1>\n<p style=\"font-size:14px\">Paisajes vivos por una gesti\u00f3n integrada y sostenible de los territorios rurales mexicanos<\/p>\n<\/div>\n<hr>\n<div class=\"container py-3\">\n\t<!-- Navegaci\u00f3n de tabs --><\/p>\n<nav class=\"text-center\">\n<div id=\"nav-tab\" class=\"nav-tab-wrapper\" role=\"tablist\">\n\t\t\t<a id=\"nav_tab_uno\" class=\"nav-item-link active mx-2\" role=\"tab\" href=\"#nav_uno\" data-bs-toggle=\"tab\"><br \/>\n\t\t\t\t<span>Introducci\u00f3n<\/span><br \/>\n\t\t\t\t<i class=\"bi bi-house\"><\/i><br \/>\n\t\t\t<\/a><br \/>\n\t\t\t<a id=\"nav_tab_dos\" class=\"nav-item-link mx-2\" role=\"tab\" href=\"#nav_dos\" data-bs-toggle=\"tab\"><br \/>\n\t\t\t\t<span>Actividades<\/span><br \/>\n\t\t\t\t<i class=\"bi bi-journal\"><\/i><br \/>\n\t\t\t<\/a><br \/>\n\t\t\t<a id=\"nav_tab_tres\" class=\"nav-item-link mx-2\" role=\"tab\" href=\"#nav_tres\" data-bs-toggle=\"tab\"><br \/>\n\t\t\t\t<span>Webinarios<\/span><br \/>\n\t\t\t\t<i class=\"bi bi-camera-video\"><\/i><br \/>\n\t\t\t<\/a><br \/>\n\t\t\t<a id=\"nav_tab_cuatro\" class=\"nav-item-link mx-2\" role=\"tab\" href=\"#nav_cuatro\" data-bs-toggle=\"tab\"><br \/>\n\t\t\t\t<span>Cont\u00e1ctanos<\/span><br \/>\n\t\t\t\t<i class=\"bi bi-universal-access-circle\"><\/i><br \/>\n\t\t\t<\/a>\n\t\t<\/div>\n<\/nav>\n<p><!-- HTML --><br \/>\n<!-- Contenido de los tabs --><\/p>\n<div class=\"tab-content pt-5 body-page\">\n<div id=\"nav_uno\" class=\"tab-pane fade show active\" role=\"tabpanel\" aria-labelledby=\"nav_tab_uno\">\n<h2 class=\"section-title pb-3\" data-aos=\"fade-up\">Antecedentes<\/h2>\n<div class=\"row pt-3 align-items-center\" style=\"background-color: #eee;padding: 20px;border-radius: 15px\">\n\t\t\t<!-- Columna de texto --><\/p>\n<div class=\"col-md-12\">\n<p style=\"font-size: 17px;text-align: justify;color: #222;font-weight: 500\">\n\t\t\t\t\tEl proyecto <strong>TERRAVIVA \u2013 Paisajes bioculturales<\/strong> nace de la cooperaci\u00f3n de m\u00e1s de una d\u00e9cada entre M\u00e9xico y la Federaci\u00f3n de los Parques Naturales Regionales de Francia (FPNRF), iniciada con un proyecto del Fondo Franc\u00e9s Mundial para el Medio Ambiente en Jalisco. De esta primera iniciativa, surgi\u00f3 el Paisaje Biocultural de la Sierra Occidental de Jalisco (PBSOJ), que fue reconocido oficialmente en enero de 2023 gracias al reconocimiento del modelo de paisaje biocultural en la Ley de Equilibrio Ecol\u00f3gico y Protecci\u00f3n del Ambiente (LEEPA) del Estado de Jalisco en 2020.\n\t\t\t\t<\/p>\n<p style=\"font-size: 17px;text-align: justify;color: #222;font-weight: 500\">\n\t\t\t\t\tDespu\u00e9s de viajes de estudio entre 2023 y 2024, se consolid\u00f3 el proyecto TERRAVIVA entre la FPNRF y la Secretar\u00eda de Medio Ambiente, Biodiversidad, Energ\u00edas y Sostenibilidad del Estado de Oaxaca para centrarse en la implementaci\u00f3n operativa en la Sierra Mixe-Villa Alta-Choapam. La Secretar\u00eda de Medio Ambiente y Desarrollo Territorial (SEMADET) de Jalisco, el Instituto para el Medio Ambiente y el Desarrollo Sustentable (IMADES) de Colima, el Paisaje Biocultural de la Sierra Occidental de Jalisco (PBSOJ), la Junta Intermunicipal de la Sierra Occidental y Costa (JISOC) y los Parques Naturales Regionales de Haut Languedoc y de Montagne de Reims que participan todos, como socios institucionales en la realizaci\u00f3n de este proyecto.\n\t\t\t\t<\/p>\n<\/p><\/div>\n<p>\t\t\t<!-- Columna de imagen --><\/p>\n<div class=\"col-md-12 text-center\">\n\t\t\t\t<img decoding=\"async\" src=\"https:\/\/www.oaxaca.gob.mx\/medioambiente\/wp-content\/uploads\/sites\/59\/2026\/05\/LOGO-TERRAVIVA-1-scaled.png\" class=\"img-fluid img-thumbnail\" style=\"border-radius: 15px;max-width: 50%\" \/>\n\t\t\t<\/div>\n<\/p><\/div>\n<p>\t\t\t\t<!-- Nueva secci\u00f3n con imagen y texto en dos columnas --><\/p>\n<div id=\"info_adicional\" class=\"row align-items-center pt-5\">\n\t\t\t<!-- Columna de imagen --><\/p>\n<div class=\"col-md-6 text-center\">\n\t\t\t\t<iframe loading=\"lazy\" id=\"videoIntroduccion\" src=\"https:\/\/drive.google.com\/file\/d\/11o8yqXQpUCpss9FyZGmnByqAV8Ipwbx-\/preview\" width=\"700\" height=\"350\" frameborder=\"0\" allowfullscreen style=\"border-radius: 15px;max-width: 100%\"><br \/>\n\t\t\t\t<\/iframe>\n\t\t\t<\/div>\n<p>\t\t\t<!-- Columna de texto --><\/p>\n<div class=\"col-md-6\">\n<div class=\"mensaje-destacado\" style=\"font-size: 15px;text-align: justify;width: 100%\">\n\t\t\t\t\t<strong>TERRAVIVA <\/strong> busca promover una nueva herramienta de planificaci\u00f3n espacial, bajo el modelo de \u201cpaisaje biocultural\u201d ya desarrollado en el Estado de Jalisco, para expandirlo a los Estados de Oaxaca, en la Sierra Mixe-Villa Alta y de Colima. <\/p>\n<hr>\n<p>\t\t\t\t\tEl enfoque de paisaje biocultural, que vincula biodiversidad y cultura local, se estar\u00e1 probando en comunidades organizadas seg\u00fan \u00abusos y costumbres\u00bb. El proyecto estar\u00e1 estructurando un sitio piloto en la Sierra Norte del Estado (creaci\u00f3n de un territorio), haci\u00e9ndolo operativo con gobernanza territorial e impulso de un marco legal en la normativa ambiental estatal (creaci\u00f3n de un paisaje biocultural), y creando una red de actores para compartir herramientas, m\u00e9todos y formaci\u00f3n a nivel federal (creaci\u00f3n de una red).\n\t\t\t\t\t<\/p><\/div>\n<\/p><\/div>\n<\/p><\/div>\n<\/p><\/div>\n<\/div>\n<p><!-- Termina HTML --><br \/>\n        <script type='text\/javascript'>\nvar id = \"21856\";<\/script>\n<script type='text\/javascript' src='https:\/\/www.oaxaca.gob.mx\/medioambiente\/wp-content\/uploads\/sites\/59\/winp-css-js\/21856.js?ver=1740068046'><\/script>\n\n<\/div>\n","protected":false},"excerpt":{"rendered":"<p>Paisajes vivos por una gesti\u00f3n integrada y sostenible de los territorios rurales mexicanos Introducci\u00f3n Actividades Webinarios Cont\u00e1ctanos Antecedentes El proyecto TERRAVIVA \u2013 Paisajes bioculturales nace de la cooperaci\u00f3n de m\u00e1s de una d\u00e9cada entre M\u00e9xico y la Federaci\u00f3n de los Parques Naturales Regionales de Francia (FPNRF), iniciada con un proyecto del Fondo Franc\u00e9s Mundial para [&hellip;]<\/p>\n","protected":false},"author":67,"featured_media":0,"parent":0,"menu_order":0,"comment_status":"closed","ping_status":"closed","template":"","meta":{"episode_type":"","audio_file":"","podmotor_file_id":"","podmotor_episode_id":"","cover_image":"","cover_image_id":"","duration":"","filesize":"","filesize_raw":"","date_recorded":"","explicit":"","block":"","itunes_episode_number":"","itunes_title":"","itunes_season_number":"","itunes_episode_type":"","footnotes":""},"categories":[],"tags":[],"class_list":["post-23955","page","type-page","status-publish","hentry"],"acf":[],"publishpress_future_action":{"enabled":false,"date":"2026-05-17 13:22:36","action":"change-status","newStatus":"draft","terms":[],"taxonomy":"category","extraData":[]},"publishpress_future_workflow_manual_trigger":{"enabledWorkflows":[]},"_links":{"self":[{"href":"https:\/\/www.oaxaca.gob.mx\/medioambiente\/wp-json\/wp\/v2\/pages\/23955","targetHints":{"allow":["GET"]}}],"collection":[{"href":"https:\/\/www.oaxaca.gob.mx\/medioambiente\/wp-json\/wp\/v2\/pages"}],"about":[{"href":"https:\/\/www.oaxaca.gob.mx\/medioambiente\/wp-json\/wp\/v2\/types\/page"}],"author":[{"embeddable":true,"href":"https:\/\/www.oaxaca.gob.mx\/medioambiente\/wp-json\/wp\/v2\/users\/67"}],"replies":[{"embeddable":true,"href":"https:\/\/www.oaxaca.gob.mx\/medioambiente\/wp-json\/wp\/v2\/comments?post=23955"}],"version-history":[{"count":2,"href":"https:\/\/www.oaxaca.gob.mx\/medioambiente\/wp-json\/wp\/v2\/pages\/23955\/revisions"}],"predecessor-version":[{"id":23988,"href":"https:\/\/www.oaxaca.gob.mx\/medioambiente\/wp-json\/wp\/v2\/pages\/23955\/revisions\/23988"}],"wp:attachment":[{"href":"https:\/\/www.oaxaca.gob.mx\/medioambiente\/wp-json\/wp\/v2\/media?parent=23955"}],"wp:term":[{"taxonomy":"category","embeddable":true,"href":"https:\/\/www.oaxaca.gob.mx\/medioambiente\/wp-json\/wp\/v2\/categories?post=23955"},{"taxonomy":"post_tag","embeddable":true,"href":"https:\/\/www.oaxaca.gob.mx\/medioambiente\/wp-json\/wp\/v2\/tags?post=23955"}],"curies":[{"name":"wp","href":"https:\/\/api.w.org\/{rel}","templated":true}]}}