{"id":18262,"date":"2024-02-22T14:42:13","date_gmt":"2024-02-22T20:42:13","guid":{"rendered":"https:\/\/www.oaxaca.gob.mx\/medioambiente\/?page_id=18262"},"modified":"2025-04-01T17:04:29","modified_gmt":"2025-04-01T23:04:29","slug":"comite-de-etica","status":"publish","type":"page","link":"https:\/\/www.oaxaca.gob.mx\/medioambiente\/comite-de-etica\/","title":{"rendered":"Comit\u00e9 de \u00c9tica"},"content":{"rendered":"<div class=\"container\" style=\"margin-top:-30px;margin-bottom:0px\">\n<div style=\"color: #333;font-size:15px;text-align: justify\">\n    <span style=\"font-weight: 600;font-size:15px;color: #000\"><br \/>\n    COMIT\u00c9 DE \u00c9TICA Y PREVENCI\u00d3N DE CONFLICTOS DE INTER\u00c9S DE LA SECRETAR\u00cdA DE MEDIO AMBIENTE, BIODIVERSIDAD, ENERG\u00cdAS Y SOSTENIBILIDAD<\/span><\/p>\n<div style=\"width:100%;height:1px;background:#ccc\"> &nbsp;<\/div>\n<\/p><\/div>\n<div class=\"container\" style=\"margin-top:25px;margin-bottom:30px\">\n<nav style=\"margin-bottom: 30px\">\n<div class=\"nav nav-tabs\" id=\"nav-tab\" role=\"tablist\">\n<a id=\"nav_tab_uno\" class=\"nav-item nav-link active\" role=\"tab\" href=\"#nav_uno\" data-bs-toggle=\"tab\">Comit\u00e9 de \u00c9tica<\/a><br \/>\n<a id=\"nav_tab_dos\" class=\"nav-item nav-link\" role=\"tab\" href=\"#nav_dos\" data-bs-toggle=\"tab\">Marco Jur\u00eddico<\/a><br \/>\n<a id=\"nav_tab_tres\" class=\"nav-item nav-link\" role=\"tab\" href=\"#nav_tres\" data-bs-toggle=\"tab\">Actas de Sesiones<\/a><br \/>\n<a id=\"nav_tab_cuatro\" class=\"nav-item nav-link\" role=\"tab\" href=\"#nav_cuatro\" data-bs-toggle=\"tab\">Documentaci\u00f3n<\/a><br \/>\n<a id=\"nav_tab_cinco\" class=\"nav-item nav-link\" role=\"tab\" href=\"#nav_cinco\" data-bs-toggle=\"tab\">Buz\u00f3n de Quejas y Denuncias<\/a>\n<\/div>\n<\/nav>\n<div style=\"width:100%;height:4px;background:#F5A9A9\"> &nbsp;<\/div>\n<div id=\"nav-tabContent\" class=\"tab-content\">\n<div id=\"nav_uno\" class=\"tab-pane fade show active\" role=\"tabpanel\" aria-labelledby=\"nav_tab_uno\">\n<div class=\"row col-md-12\" style=\"margin-left:3px\">\n<div class=\"row\">\n<div class=\"col-sm-12 col-lg-12\" style=\"margin-bottom: 0px;line-height:28px\">\n    <\/p>\n<p class=\"titular4\" style=\"font-size: 15px;text-align: justify;color: #222\">\n<strong style=\"color: #000;font-weight:600;font-size:16px\">\u00bfQU\u00c9 ES EL COMIT\u00c9 DE \u00c9TICA?<\/strong><br \/>\nUn \u00f3rgano plural conformado por Servidoras y Servidores P\u00fablicos de los distintos niveles jer\u00e1rquicos que integran las Dependencias, Entidades y \u00d3rganos Auxiliares de la Administraci\u00f3n P\u00fablica de Oaxaca. <\/p>\n<p style=\"font-size: 15px;text-align: justify;color: #222\">\n<strong style=\"color: #000;font-weight:600;font-size:16px\">OBJETIVO<\/strong><br \/>\nFomentar la \u00e9tica y la integridad p\u00fablica en Servidoras y Servidores P\u00fablicos, para lograr una mejora constante del clima y cultura organizacional de las Dependencias, Entidades y \u00d3rganos Auxiliares de la Administraci\u00f3n P\u00fablica de Oaxaca, a trav\u00e9s de la difusi\u00f3n de principios y valores del C\u00f3digo de \u00c9tica y del C\u00f3digo de Conducta, capacitaciones, identificaci\u00f3n, pronunciamiento y seguimiento a las acciones de mejoras, y emisi\u00f3n de opiniones y recomendaciones.<\/p>\n<p style=\"font-size: 15px;text-align: justify;color: #222\">\n<strong style=\"color: #000;font-weight:600;font-size:16px\">PROP\u00d3SITO:<\/strong><br \/>\nPromover la cultura de la \u00e9tica e integridad p\u00fablica en Servidoras y Servidores P\u00fablicos; la prevenci\u00f3n y erradicaci\u00f3n de la corrupci\u00f3n; con el fin de aumentar la confianza entre la sociedad y las Dependencias, Entidades y \u00d3rganos Auxiliares de la Administraci\u00f3n P\u00fablica de Oaxaca.\n<\/p>\n<p style=\"font-size: 15px;text-align: justify;color: #222\">\n<strong style=\"color: #000;font-weight:600;font-size:16px\">OBLIGACIONES:<\/strong><br \/>\nDesempe\u00f1ar funciones y atribuciones con apego a los valores y las reglas de integridad.<br \/>\nCumplir y promover el cumplimiento del C\u00f3digo de \u00c9tica, las Reglas de Integridad y el C\u00f3digo de Conducta.<br \/>\nDar seguimiento a las denuncias.\n<\/p>\n<p style=\"font-size: 15px;text-align: justify;color: #222\">\n<strong style=\"color: #000;font-weight:600;font-size:16px\">PRINCIPIOS Y CRITERIOS:<\/strong><br \/>\nEn el desarrollo de sus funciones y en establecimiento de acciones de mejoras derivadas de los asuntos que impliquen la contravenci\u00f3n del C\u00f3digo de \u00c9tica, actuaran con reserva y discreci\u00f3n, ajustando sus determinaciones a los principios del C\u00f3digo de \u00c9tica.\n<\/p>\n<\/div>\n<\/div><\/div>\n<div style=\"width:100%;height:4px;background:#555;margin-top:20px\"> &nbsp;<\/div>\n<\/div>\n<div id=\"nav_dos\" class=\"tab-pane fade\" role=\"tabpanel\" aria-labelledby=\"nav_tab_dos\">\n<div class=\"row col-md-12\" style=\"margin-left:3px\">\n<table id=\"tablepress-106\" class=\"tablepress tablepress-id-106\">\n<thead>\n<tr class=\"row-1\">\n\t<th class=\"column-1\">#<\/th><th class=\"column-2\">Descripci\u00f3n<\/th><th class=\"column-3\">Descarga<\/th>\n<\/tr>\n<\/thead>\n<tbody class=\"row-striping row-hover\">\n<tr class=\"row-2\">\n\t<td class=\"column-1\">01<\/td><td class=\"column-2\">C\u00d3DIGO DE CONDUCTA<\/td><td class=\"column-3\"><a style=\"text-align:center\" href=\"https:\/\/www.oaxaca.gob.mx\/medioambiente\/wp-content\/uploads\/sites\/59\/2024\/02\/Codigo-de-Conducta-Medio-Ambiente.pdf\" target=\"_blank\" class=\"\" rel=\"noopener\">&nbsp; &nbsp; &nbsp; <i class=\"far fa-file-pdf fa-2x\">\u00a0<\/i><\/a><\/td>\n<\/tr>\n<\/tbody>\n<\/table>\n<!-- #tablepress-106 from cache --><\/div>\n<div style=\"width:100%;height:4px;background:#DBA901\"> &nbsp;<\/div>\n<\/div>\n<div id=\"nav_tres\" class=\"tab-pane fade\" role=\"tabpanel\" aria-labelledby=\"nav_tab_tres\">\n<div class=\"row col-md-12\" style=\"margin-left:3px\">&nbsp;&nbsp;&nbsp;<\/div>\n<div style=\"width:100%;height:4px;background:#DBA901\"> &nbsp;<\/div>\n<\/div>\n<div id=\"nav_cuatro\" class=\"tab-pane fade\" role=\"tabpanel\" aria-labelledby=\"nav_tab_cuatro\">\n<div class=\"row col-md-12\" style=\"margin-left:3px\">&nbsp;&nbsp;&nbsp;<\/div>\n\n<table id=\"tablepress-161\" class=\"tablepress tablepress-id-161\">\n<thead>\n<tr class=\"row-1\">\n\t<th class=\"column-1\">N\u00famero<\/th><th class=\"column-2\">Documento<\/th><th class=\"column-3\">Ver \/ Desacargar<\/th>\n<\/tr>\n<\/thead>\n<tbody class=\"row-striping row-hover\">\n<tr class=\"row-2\">\n\t<td class=\"column-1\">01<\/td><td class=\"column-2\">Convocatoria renovaci\u00f3n parcial del Comit\u00e9 de \u00c9tica y de Prevenci\u00f3n de Conflictos de Inter\u00e9s (CEPCI)<\/td><td class=\"column-3\"><a href=\"https:\/\/www.oaxaca.gob.mx\/medioambiente\/wp-content\/uploads\/sites\/59\/2025\/04\/CEPCI-2025-Convocatoria_cartel.pdf\" target=\"_blank\" rel=\"noopener\"><div style=\"text-align: center\"><i class=\"far fa-file-pdf fa-2x\">\u00a0<\/i><\/div><\/a><\/td>\n<\/tr>\n<tr class=\"row-3\">\n\t<td class=\"column-1\"><\/td><td class=\"column-2\"><\/td><td class=\"column-3\"><\/td>\n<\/tr>\n<\/tbody>\n<\/table>\n<!-- #tablepress-161 from cache -->\n<div style=\"width:100%;height:4px;background:#DBA901\"> &nbsp;<\/div>\n<\/div>\n<div id=\"nav_cinco\" class=\"tab-pane fade\" role=\"tabpanel\" aria-labelledby=\"nav_tab_cinco\">\n<div class=\"row col-md-12\" style=\"margin-left:3px\">&nbsp;&nbsp;&nbsp;<\/div>\n<div style=\"width:100%;height:4px;background:#DBA901\"> &nbsp;<\/div>\n<\/div>\n<\/div>\n<\/div>\n<\/div>\n","protected":false},"excerpt":{"rendered":"<p>COMIT\u00c9 DE \u00c9TICA Y PREVENCI\u00d3N DE CONFLICTOS DE INTER\u00c9S DE LA SECRETAR\u00cdA DE MEDIO AMBIENTE, BIODIVERSIDAD, ENERG\u00cdAS Y SOSTENIBILIDAD &nbsp; Comit\u00e9 de \u00c9tica Marco Jur\u00eddico Actas de Sesiones Documentaci\u00f3n Buz\u00f3n de Quejas y Denuncias &nbsp; \u00bfQU\u00c9 ES EL COMIT\u00c9 DE \u00c9TICA? Un \u00f3rgano plural conformado por Servidoras y Servidores P\u00fablicos de los distintos niveles jer\u00e1rquicos [&hellip;]<\/p>\n","protected":false},"author":67,"featured_media":0,"parent":0,"menu_order":0,"comment_status":"closed","ping_status":"closed","template":"","meta":{"episode_type":"","audio_file":"","podmotor_file_id":"","podmotor_episode_id":"","cover_image":"","cover_image_id":"","duration":"","filesize":"","filesize_raw":"","date_recorded":"","explicit":"","block":"","itunes_episode_number":"","itunes_title":"","itunes_season_number":"","itunes_episode_type":"","footnotes":""},"categories":[],"tags":[],"class_list":["post-18262","page","type-page","status-publish","hentry"],"acf":[],"publishpress_future_action":{"enabled":false,"date":"2026-05-20 09:38:34","action":"change-status","newStatus":"draft","terms":[],"taxonomy":"category","extraData":[]},"publishpress_future_workflow_manual_trigger":{"enabledWorkflows":[]},"_links":{"self":[{"href":"https:\/\/www.oaxaca.gob.mx\/medioambiente\/wp-json\/wp\/v2\/pages\/18262","targetHints":{"allow":["GET"]}}],"collection":[{"href":"https:\/\/www.oaxaca.gob.mx\/medioambiente\/wp-json\/wp\/v2\/pages"}],"about":[{"href":"https:\/\/www.oaxaca.gob.mx\/medioambiente\/wp-json\/wp\/v2\/types\/page"}],"author":[{"embeddable":true,"href":"https:\/\/www.oaxaca.gob.mx\/medioambiente\/wp-json\/wp\/v2\/users\/67"}],"replies":[{"embeddable":true,"href":"https:\/\/www.oaxaca.gob.mx\/medioambiente\/wp-json\/wp\/v2\/comments?post=18262"}],"version-history":[{"count":2,"href":"https:\/\/www.oaxaca.gob.mx\/medioambiente\/wp-json\/wp\/v2\/pages\/18262\/revisions"}],"predecessor-version":[{"id":22490,"href":"https:\/\/www.oaxaca.gob.mx\/medioambiente\/wp-json\/wp\/v2\/pages\/18262\/revisions\/22490"}],"wp:attachment":[{"href":"https:\/\/www.oaxaca.gob.mx\/medioambiente\/wp-json\/wp\/v2\/media?parent=18262"}],"wp:term":[{"taxonomy":"category","embeddable":true,"href":"https:\/\/www.oaxaca.gob.mx\/medioambiente\/wp-json\/wp\/v2\/categories?post=18262"},{"taxonomy":"post_tag","embeddable":true,"href":"https:\/\/www.oaxaca.gob.mx\/medioambiente\/wp-json\/wp\/v2\/tags?post=18262"}],"curies":[{"name":"wp","href":"https:\/\/api.w.org\/{rel}","templated":true}]}}