{"id":1137,"date":"2023-01-14T12:12:52","date_gmt":"2023-01-14T18:12:52","guid":{"rendered":"https:\/\/www.oaxaca.gob.mx\/?page_id=1137"},"modified":"2024-06-14T16:38:45","modified_gmt":"2024-06-14T22:38:45","slug":"guias-de-impacto-y-riesgo-ambiental","status":"publish","type":"page","link":"https:\/\/www.oaxaca.gob.mx\/medioambiente\/guias-y-formatos\/","title":{"rendered":"Gu\u00edas y Formatos"},"content":{"rendered":"<div class=\"container-fluid\" style=\"padding: 0px;margin-top: -60px\">\n<div class=\"carousel-inner\">\n       <img decoding=\"async\" style=\"width: 100%\" src=\"https:\/\/www.oaxaca.gob.mx\/semaedeso\/wp-content\/uploads\/sites\/59\/2016\/03\/BANNER-GUIAS-Y-FORMATOS123.jpg\" alt=\"\">\n  <\/div>\n<\/div>\n<div class=\"container\" style=\"margin-top:30px;margin-bottom: 50px\">\n<nav style=\"margin-bottom: 10px\">\n<div id=\"lenav-tab\" class=\"nav nav-tabs\" role=\"tablist\">\n        <a id=\"lenav_tab_uno\" class=\"nav-item nav-link active\" role=\"tab\" href=\"#lenav_uno\" data-bs-toggle=\"tab\">Impacto Ambiental<\/a><br \/>\n        <a id=\"lenav_tab_dos\" class=\"nav-item nav-link\" role=\"tab\" href=\"#lenav_dos\" data-bs-toggle=\"tab\">Residuos de Manejo Especial (RME)<\/a><br \/>\n        <a id=\"lenav_tab_cuatro\" class=\"nav-item nav-link\" role=\"tab\" href=\"#lenav_cuatro\" data-bs-toggle=\"tab\">Calidad del Aire<\/a><br \/>\n        <a id=\"lenav_tab_cinco\" class=\"nav-item nav-link\" role=\"tab\" href=\"#lenav_cinco\" data-bs-toggle=\"tab\">Restauraci\u00f3n Ecol\u00f3gica<\/a>\n      <\/div>\n<\/nav>\n<div id=\"lenav-tabContent\" class=\"tab-content\">\n<div id=\"lenav_uno\" class=\"tab-pane fade show active\" role=\"tabpanel\" aria-labelledby=\"lenav_tab_uno\">\n     \n<table id=\"tablepress-37\" class=\"tablepress tablepress-id-37 tbody-has-connected-cells\">\n<thead>\n<tr class=\"row-1\">\n\t<th colspan=\"2\" class=\"column-1\"><div style=\"padding: 5px;text-align:center;background: #444;font-weight: 600;font-size: 12px;color: #FFF\">GU\u00cdAS<\/div><\/th>\n<\/tr>\n<\/thead>\n<tbody class=\"row-striping row-hover\">\n<tr class=\"row-2\">\n\t<td class=\"column-1\">\u2022 GU\u00cdA PARA LA FORMULACI\u00d3N DEL ESTUDIO DE EVALUACI\u00d3N DE DA\u00d1O AMBIENTAL Y MEDIDAS DE MITIGACI\u00d3N PARA OBRAS YA INICIADAS<\/td><td class=\"column-2\"><div style=\"text-align:center\"><a href=\"https:\/\/www.oaxaca.gob.mx\/medioambiente\/wp-content\/uploads\/sites\/59\/2025\/03\/GUIA_ESTUDIO_EVALUACION_DAnO_AMBIENTAL_2025.pdf\" target=\"_blank\" class=\"\" rel=\"noopener\"><i class=\"far fa-file-pdf fa-2x\">\u00a0<\/i><\/a><\/div><\/td>\n<\/tr>\n<tr class=\"row-3\">\n\t<td class=\"column-1\">\u2022  GU\u00cdA PARA LA FORMULACI\u00d3N DEL INFORME PREVENTIVO<\/td><td class=\"column-2\"><div style=\"text-align:center\"><a href=\"https:\/\/www.oaxaca.gob.mx\/medioambiente\/wp-content\/uploads\/sites\/59\/2025\/06\/INFORME-PREVENTIVO-IMPACTO-AMBIENTAL_2025.docx\" target=\"_blank\" class=\"\" rel=\"noopener\"><i class=\"far fa-file-word fa-2x\">\u00a0<\/i><\/a><\/div><\/td>\n<\/tr>\n<tr class=\"row-4\">\n\t<td class=\"column-1\">\u2022 GU\u00cdA PARA LA PRESENTACI\u00d3N DEL ESTUDIO DE IMPACTO AMBIENTAL, MATERIALES P\u00c9TREOS<\/td><td class=\"column-2\"><div style=\"text-align:center\"><a href=\"https:\/\/www.oaxaca.gob.mx\/medioambiente\/wp-content\/uploads\/sites\/59\/2025\/03\/GUIA_BANCO_DE_MATERIALES_2025.pdf\" target=\"_blank\" class=\"\" rel=\"noopener\"><i class=\"far fa-file-pdf fa-2x\">\u00a0<\/i><\/a><\/div><\/td>\n<\/tr>\n<tr class=\"row-5\">\n\t<td class=\"column-1\">\u2022 GU\u00cdA PARA LA FORMULACI\u00d3N DE LA MANIFESTACI\u00d3N DE IMPACTO AMBIENTAL<\/td><td class=\"column-2\"><div style=\"text-align:center\"><a href=\"https:\/\/www.oaxaca.gob.mx\/medioambiente\/wp-content\/uploads\/sites\/59\/2025\/03\/GUIA_MIA_2025.pdf\" target=\"_blank\" class=\"\" rel=\"noopener\"><i class=\"far fa-file-pdf fa-2x\">\u00a0<\/i><\/a><\/div><\/td>\n<\/tr>\n<tr class=\"row-6\">\n\t<td class=\"column-1\">\u2022 GUIA PARA LA FORMULACI\u00d3N DEL ESTUDIO DE RIESGO AMBIENTAL PARA ACTIVIDADES CONSIDERADAS NO ALTAMENTE RIESGOSAS <\/td><td class=\"column-2\"><div style=\"text-align:center\"><a href=\"https:\/\/www.oaxaca.gob.mx\/medioambiente\/wp-content\/uploads\/sites\/59\/2025\/06\/ESTUDIO-ANAiLISIS-DE-RIESGO-ACTIVIDADES-NO-ALTAMENTE-RIESGOSAS_2025.docx\" target=\"_blank\" class=\"\" rel=\"noopener\"><i class=\"far fa-file-word fa-2x\">\u00a0<\/i><\/a><\/div><\/td>\n<\/tr>\n<tr class=\"row-7\">\n\t<td class=\"column-1\">\u2022 GU\u00cdA PARA LA FORMULACION DEL INFORME PRELIMINAR DE RIESGO<\/td><td class=\"column-2\"><div style=\"text-align:center\"><a href=\"https:\/\/www.oaxaca.gob.mx\/medioambiente\/wp-content\/uploads\/sites\/59\/2025\/03\/GUI_INF_PRELIMINAR_RIESGO_2025.pdf\" target=\"_blank\" class=\"\" rel=\"noopener\"><i class=\"far fa-file-pdf fa-2x\">\u00a0<\/i><\/a><\/div><\/td>\n<\/tr>\n<tr class=\"row-8\">\n\t<td class=\"column-1\">\u2022 GU\u00cdA PARA LA FORMULACI\u00d3N DEL ESTUDIO PARA OBTENER LA LICENCIA AMBIENTAL INTEGRAL Y MEDIDAS DE MITIGACI\u00d3N<\/td><td class=\"column-2\"><div style=\"text-align:center\"><a href=\"https:\/\/www.oaxaca.gob.mx\/medioambiente\/wp-content\/uploads\/sites\/59\/2025\/03\/GUIA-Licencia-Ambiental-Integral-2025.pdf\" target=\"_blank\" class=\"\" rel=\"noopener\"><i class=\"far fa-file-pdf fa-2x\">\u00a0<\/i><\/a><\/div><\/td>\n<\/tr>\n<tr class=\"row-9\">\n\t<td class=\"column-1\"><\/td><td class=\"column-2\"><\/td>\n<\/tr>\n<tr class=\"row-10\">\n\t<td colspan=\"2\" class=\"column-1\"><div style=\"padding: 5px;text-align:center;background: #C0C0C0;font-weight: 600;font-size: 14px;color: #FFF\">FORMATOS<\/div><\/td>\n<\/tr>\n<tr class=\"row-11\">\n\t<td class=\"column-1\">\u2022 FORMATO 1. SOLICITUD DE LA MODALIDAD DE ESTUDIOS A PRESENTAR  (2026)<\/td><td class=\"column-2\"><div style=\"text-align:center\"><a href=\"https:\/\/www.oaxaca.gob.mx\/medioambiente\/wp-content\/uploads\/sites\/59\/2026\/03\/FORMATO-1-1A.pdf\" target=\"_blank\" class=\"\" rel=\"noopener\"><i class=\"far fa-file-pdf fa-2x\">\u00a0<\/i><\/a><\/div><\/td>\n<\/tr>\n<tr class=\"row-12\">\n\t<td class=\"column-1\">\u2022 FOMATO 2. INGRESO DE ESTUDIOS DE IMPACTO AMBIENTAL Y ACTIVIDADES CONSIDERADAS NO ALTAMENTE RIESGOSAS  (2025)<\/td><td class=\"column-2\"><div style=\"text-align:center\"><a href=\"https:\/\/www.oaxaca.gob.mx\/medioambiente\/wp-content\/uploads\/sites\/59\/2025\/03\/FORMATO-2.-INGRESO-DE-ESTUDIOS-IMPACTO-AMBIENTAL-Y-ACTIVIDADES-CONSIDERADAS-NO-ALTAMENTE-RIESGOSAS-1_2025.pdf\" target=\"_blank\" class=\"\" rel=\"noopener\"><i class=\"far fa-file-pdf fa-2x\">\u00a0<\/i><\/a><\/div><\/td>\n<\/tr>\n<tr class=\"row-13\">\n\t<td class=\"column-1\">\u2022 FOMATO LAI  (LICENCIA AMBIENTAL INTEGRAL - 2026)<\/td><td class=\"column-2\"><div style=\"text-align:center\"><a href=\"https:\/\/www.oaxaca.gob.mx\/medioambiente\/wp-content\/uploads\/sites\/59\/2026\/03\/FORMATO-PARA-SOLICITAR-LAI-VF.pdf\" target=\"_blank\" class=\"\" rel=\"noopener\"><i class=\"far fa-file-pdf fa-2x\">\u00a0<\/i><\/a><\/div><\/td>\n<\/tr>\n<tr class=\"row-14\">\n\t<td class=\"column-1\">\u2022 LISTA DE CHEQUEO PARA EL INGRESO DE ESTUDIOS DE IMPACTO Y\/O RIESGO AMBIENTAL (2026)<\/td><td class=\"column-2\"><div style=\"text-align:center\"><a href=\"https:\/\/www.oaxaca.gob.mx\/medioambiente\/wp-content\/uploads\/sites\/59\/2026\/03\/LISTA-DE-CHEQUEO-2026.pdf\" target=\"_blank\" class=\"\" rel=\"noopener\"><i class=\"far fa-file-pdf fa-2x\">\u00a0<\/i><\/a><\/div><\/td>\n<\/tr>\n<tr class=\"row-15\">\n\t<td class=\"column-1\"><\/td><td class=\"column-2\"><\/td>\n<\/tr>\n<tr class=\"row-16\">\n\t<td colspan=\"2\" class=\"column-1\"><div style=\"padding: 5px;text-align:center;background: #95A5A6;font-weight: 600;font-size: 14px;color: #FFF\">OFICIOS<\/div><\/td>\n<\/tr>\n<tr class=\"row-17\">\n\t<td class=\"column-1\">\u2022 OFICIO CONOCIMIENTO (OBRAS DE NO REQUERIMIENTO DE IMPACTO AMBIENTAL) 2026<\/td><td class=\"column-2\"><div style=\"text-align:center\"><a href=\"https:\/\/www.oaxaca.gob.mx\/medioambiente\/wp-content\/uploads\/sites\/59\/2026\/03\/OBRAS-Y-ACTIVIDADES-QUE-NO-REQUIEREN-EVALUACION-IMPACTO-AMBIENTAL-DE-COMPETENCIA-ESTATAL-2026.pdf\" target=\"_blank\" class=\"\" rel=\"noopener\"><i class=\"far fa-file-pdf fa-2x\">\u00a0<\/i><\/a><\/div><\/td>\n<\/tr>\n<tr class=\"row-18\">\n\t<td colspan=\"2\" class=\"column-1\"><div style=\"padding: 5px;text-align:center;background: #888888;font-weight: 600;font-size: 14px;color: #FFF\">PRECIOS TRAMITES Y SERVICIOS<\/div><\/td>\n<\/tr>\n<tr class=\"row-19\">\n\t<td class=\"column-1\">\u2022 PRECIOS DE TR\u00c1MITES Y SERVICIOS DE IMPACTO Y RIESGO AMBIENTAL 2025<\/td><td class=\"column-2\"><div style=\"text-align:center\"><a href=\"https:\/\/www.oaxaca.gob.mx\/medioambiente\/wp-content\/uploads\/sites\/59\/2025\/03\/PRECIO-DE-TRAMITES-EN-MATERIA-DE-IMPACTO-Y-RIESGO-AMBIENTAL-2025.pdf\" target=\"_blank\" class=\"\" rel=\"noopener\"><i class=\"far fa-file-pdf fa-2x\">\u00a0<\/i><\/a><\/div><\/td>\n<\/tr>\n<tr class=\"row-20\">\n\t<td colspan=\"2\" class=\"column-1\"><div style=\"padding: 3px;text-align:center;background: #C0C0C0;font-weight: 600;font-size: 14px;color:#fff\">REQUISITOS PRESTADORES DE SERVICIOS AMBIENTALES<\/div><\/td>\n<\/tr>\n<tr class=\"row-21\">\n\t<td class=\"column-1\">\u2022 REQUISITOS PARA INSCRIPCI\u00d3N Y\/O RENOVACI\u00d3N AL PADR\u00d3N DE PRESTADORES DE SERVICIOS AMBIENTALES 2026<\/td><td class=\"column-2\"><a href=\"https:\/\/www.oaxaca.gob.mx\/medioambiente\/wp-content\/uploads\/sites\/59\/2026\/03\/REQUISITOS-PARA-INSCRIPCION-Y-O-RENOVACION-AL-PADRON-DE-PRESTADORES-DE-SERVICIOS-AMBIENTALES-2026.pdf\" target=\"_blank\" class=\"\" rel=\"noopener\"><i style=\"text-align: right\" class=\"far fa-file-pdf fa-2x\">\u00a0<\/i><\/a><br \/>\n<\/td>\n<\/tr>\n<\/tbody>\n<\/table>\n<!-- #tablepress-37 from cache -->\n      <\/div>\n<div id=\"lenav_dos\" class=\"tab-pane fade\" role=\"tabpanel\" aria-labelledby=\"lenav_tab_dos\">\n       \n<table id=\"tablepress-32\" class=\"tablepress tablepress-id-32 tbody-has-connected-cells\">\n<thead>\n<tr class=\"row-1\">\n\t<th colspan=\"2\" class=\"column-1\"><div style=\"padding: 3px;text-align:center;background: #333;font-weight: 600;font-size: 14px;color: #fff\">FORMATOS <\/div><\/th>\n<\/tr>\n<\/thead>\n<tbody class=\"row-striping row-hover\">\n<tr class=\"row-2\">\n\t<td class=\"column-1\">FORMATO DE OFICIO PARA EL INGRESO DEL FORMATO G1<\/td><td class=\"column-2\"><a href=\"https:\/\/www.oaxaca.gob.mx\/medioambiente\/wp-content\/uploads\/sites\/59\/2025\/06\/FORMATO-DE-OFICIO-PARA-EL-INGRESO-DEL-FORMATO-G1.doc\" target=\"_blank\" rel=\"noopener noreferrer\"><i class=\"far fa-file-word fa-2x\">\u00a0<\/i><\/a><\/td>\n<\/tr>\n<tr class=\"row-3\">\n\t<td class=\"column-1\">FORMATO G1, SOLICITUD DE REQUERIMIENTO DE PLAN DE MANEJO DE RESIDUOS DE MANEJO ESPECIAL<\/td><td class=\"column-2\"><a href=\"https:\/\/www.oaxaca.gob.mx\/medioambiente\/wp-content\/uploads\/sites\/59\/2025\/06\/FORMATO-G1_SOLICITUD-DE-REQUERIMIENTO-DE-PLAN-DE-MANEJO-DE-RESIDUOS-DE-MANEJO-ESPECIAL.doc\" target=\"_blank\" rel=\"noopener noreferrer\"><i class=\"far fa-file-word fa-2x\">\u00a0<\/i><\/a><\/td>\n<\/tr>\n<tr class=\"row-4\">\n\t<td class=\"column-1\">FORMATO DE OFICIO PARA EL INGRESO DEL PLAN DE MANEJO DE RME<\/td><td class=\"column-2\"><a href=\"https:\/\/www.oaxaca.gob.mx\/medioambiente\/wp-content\/uploads\/sites\/59\/2025\/06\/FORMATO-DE-OFICIO-PARA-EL-INGRESO-DEL-PLAN-DE-MANEJO-DE-RME.doc\" target=\"_blank\" rel=\"noopener noreferrer\"><i class=\"far fa-file-word fa-2x\">\u00a0<\/i><\/a><\/td>\n<\/tr>\n<tr class=\"row-5\">\n\t<td class=\"column-1\">FORMATO DE OFICIO PARA EL INGRESO DEL PLAN DE MANEJO DE RTAAT<\/td><td class=\"column-2\"><a href=\"https:\/\/www.oaxaca.gob.mx\/medioambiente\/wp-content\/uploads\/sites\/59\/2025\/06\/FORMATO-DE-OFICIO-PARA-EL-INGRESO-DEL-PLAN-DE-MANEJO-RTAAT.doc\" target=\"_blank\" rel=\"noopener noreferrer\"><i class=\"far fa-file-word fa-2x\">\u00a0<\/i><\/a><\/td>\n<\/tr>\n<tr class=\"row-6\">\n\t<td class=\"column-1\">FORMATO DE PROTESTA DE VERACIDAD DE LA INFORMACI\u00d3N PRESENTADA EN PLANES<\/td><td class=\"column-2\"><a href=\"https:\/\/www.oaxaca.gob.mx\/medioambiente\/wp-content\/uploads\/sites\/59\/2024\/08\/PROTESTA-DE-VERACIDAD-DE-LA-INFORMACION-PRESENTADA-EN-PLANES.doc\" target=\"_blank\" rel=\"noopener noreferrer\"><i class=\"far fa-file-word fa-2x\">\u00a0<\/i><\/a><\/td>\n<\/tr>\n<tr class=\"row-7\">\n\t<td class=\"column-1\">FORMATO DE INFORME PLAN DE MANEJO DE RESIDUOS DE UN SOLO USO<\/td><td class=\"column-2\"><a href=\"https:\/\/www.oaxaca.gob.mx\/medioambiente\/wp-content\/uploads\/sites\/59\/2024\/08\/FORMATO-DE-INFORME-PLAN-ENVASES-DE-PLASTICO.docx\" target=\"_blank\" rel=\"noopener noreferrer\"><i class=\"far fa-file-word fa-2x\">\u00a0<\/i><\/a><\/td>\n<\/tr>\n<tr class=\"row-8\">\n\t<td class=\"column-1\">FORMATO DE INFORME DE PM RECOLECCIO\u0301N, TRANSPORTE, ACOPIO, ALMACENAMIENTO Y TRATAMIENTO<\/td><td class=\"column-2\"><a href=\"https:\/\/www.oaxaca.gob.mx\/medioambiente\/wp-content\/uploads\/sites\/59\/2026\/01\/FORMATO-DE-INFORME-DE-PM-RECOLECCION-TRANSPORTE-ACOPIO-ALMACENAMIENTO-Y-TRATAMIENTO-2026.docx\" target=\"_blank\" rel=\"noopener noreferrer\"><i class=\"far fa-file-word fa-2x\">\u00a0<\/i><\/a><\/td>\n<\/tr>\n<tr class=\"row-9\">\n\t<td class=\"column-1\">FORMATO DE INFORMES DE PLAN DE MANEJO DE RME<\/td><td class=\"column-2\"><a href=\"https:\/\/www.oaxaca.gob.mx\/medioambiente\/wp-content\/uploads\/sites\/59\/2026\/01\/FORMATO-DE-INFORMES-DE-PLAN-DE-MANEJO-DE-RME-2026.docx\" target=\"_blank\" rel=\"noopener noreferrer\"><i class=\"far fa-file-word fa-2x\">\u00a0<\/i><\/a><\/td>\n<\/tr>\n<tr class=\"row-10\">\n\t<td class=\"column-1\">FORMATO MANIFIESTO DE ENTREGA, TRANSPORTE Y RECEPCI\u00d3N DE RESIDUOS DE MANEJO ESPECIAL<\/td><td class=\"column-2\"><a href=\"https:\/\/www.oaxaca.gob.mx\/medioambiente\/wp-content\/uploads\/sites\/59\/2026\/02\/FORMATO-MANIFIESTO-RME-SEMABES-2026.pdf\" target=\"_blank\" rel=\"noopener noreferrer\"><i class=\"far fa-file-pdf fa-2x\">\u00a0<\/i><\/a><\/td>\n<\/tr>\n<tr class=\"row-11\">\n\t<td class=\"column-1\"><\/td><td class=\"column-2\"><\/td>\n<\/tr>\n<tr class=\"row-12\">\n\t<td colspan=\"2\" class=\"column-1\"><div style=\"padding: 3px;text-align:center;background: #808080;font-weight: 600;font-size: 14px;color: #fff\">GU\u00cdAS<\/div><\/td>\n<\/tr>\n<tr class=\"row-13\">\n\t<td class=\"column-1\"><div style=\"color:#000;font-weight: 600\">\u2022 GU\u00cdA PARA LA ELABORACI\u00d3N DE PLAN DE MANEJO PARA ENVASES PL\u00c1STICOS DE UN SOLO USO.<\/div><\/td><td class=\"column-2\"><a style=\"text-align:center\" href=\"https:\/\/www.oaxaca.gob.mx\/medioambiente\/wp-content\/uploads\/sites\/59\/2025\/02\/FORMATO-NUEVO-DE-GUIA-ENVASES-DE-UN-SOLO-USO-2025.docx\" target=\"_blank\" rel=\"noopener noreferrer\"><i class=\"far fa-file-word fa-2x\">\u00a0<\/i><\/a><\/td>\n<\/tr>\n<tr class=\"row-14\">\n\t<td class=\"column-1\">\u2022 GU\u00cdA PARA LA ELABORACI\u00d3N DE PLAN DE MANEJO DE RESIDUOS DE MANEJO ESPECIAL (GENERADOR)<\/td><td class=\"column-2\"><a style=\"text-align:center\" href=\"https:\/\/www.oaxaca.gob.mx\/medioambiente\/wp-content\/uploads\/sites\/59\/2026\/01\/GUIA-PARA-LA-ELABORACION-DE-PLAN-DE-MANEJO-DE-RESIDUOS-DE-MANEJO-ESPECIAL_2026.docx\" target=\"_blank\" rel=\"noopener noreferrer\"><i class=\"far fa-file-word fa-2x\">\u00a0<\/i><\/a><\/td>\n<\/tr>\n<tr class=\"row-15\">\n\t<td class=\"column-1\">\u2022 GU\u00cdA PARA LA ELABORACI\u00d3N DEL PLAN DE MANEJO PARA LA RECOLECCI\u00d3N, TRANSPORTE, ACOPIO, ALMACENAMIENTO Y TRATAMIENTO DE RESIDUOS DE MANEJO ESPECIAL.<\/td><td class=\"column-2\"><a href=\"https:\/\/www.oaxaca.gob.mx\/medioambiente\/wp-content\/uploads\/sites\/59\/2026\/01\/GUIA-PARA-LA-ELABORACION-DE-PLAN-DE-MANEJO-DE-RTAAyT_2026.docx\" target=\"_blank\" rel=\"noopener noreferrer\"><i class=\"far fa-file-word fa-2x\">\u00a0<\/i><\/a><\/td>\n<\/tr>\n<tr class=\"row-16\">\n\t<td class=\"column-1\">\u2022 GU\u00cdA PARA LA ELABORACI\u00d3N DE PROGRAMAS MUNICIPALES PARA LA PREVENCI\u00d3N Y GESTI\u00d3N INTEGRAL DE LOS RESIDUOS S\u00d3LIDOS URBANOS.<\/td><td class=\"column-2\"><a href=\"https:\/\/www.oaxaca.gob.mx\/medioambiente\/wp-content\/uploads\/sites\/59\/2024\/08\/Guia_PMPGIRSU.pdf\" target=\"_blank\" rel=\"noopener noreferrer\"><i class=\"far fa-file-pdf fa-2x\">\u00a0<\/i><\/a><\/td>\n<\/tr>\n<tr class=\"row-17\">\n\t<td class=\"column-1\">\u2022 GU\u00cdA PARA LA REALIZACI\u00d3N DE PLANES DE REGULARIZACI\u00d3N CONFORME A LA NOM-083-SEMARNAT-2003.<\/td><td class=\"column-2\"><a href=\"https:\/\/www.oaxaca.gob.mx\/medioambiente\/wp-content\/uploads\/sites\/59\/2024\/08\/guia-planes-de-regularizacion-Nom-083.pdf\" target=\"_blank\" rel=\"noopener noreferrer\"><i class=\"far fa-file-pdf fa-2x\">\u00a0<\/i><\/a><\/td>\n<\/tr>\n<tr class=\"row-18\">\n\t<td class=\"column-1\"><\/td><td class=\"column-2\"><\/td>\n<\/tr>\n<tr class=\"row-19\">\n\t<td colspan=\"2\" class=\"column-1\"><div style=\"padding: 3px;text-align:center;background: #95A5A6;font-weight: 600;font-size: 14px;color:#fff\">PRECIOS TRAMITES Y SERVICIOS <\/div><\/td>\n<\/tr>\n<tr class=\"row-20\">\n\t<td class=\"column-1\">\u2022 LISTA DE PRECIOS TRAMITES Y SERVICIOS<\/td><td class=\"column-2\"><a href=\"https:\/\/www.oaxaca.gob.mx\/medioambiente\/wp-content\/uploads\/sites\/59\/2025\/06\/LISTA-DE-PRECIOS-TRAMITES-Y-SERVICIOS.pdf\" target=\"_blank\" rel=\"noopener noreferrer\"><i class=\"far fa-file-pdf fa-2x\">\u00a0<\/i><\/a><\/td>\n<\/tr>\n<tr class=\"row-21\">\n\t<td colspan=\"2\" class=\"column-1\"><div style=\"padding: 3px;text-align:center;background: #999;font-weight: 600;font-size: 14px;color:#fff\">BASE DE DATOS DE RESIDUOS S\u00d3LIDOS TRATADOS<\/div><\/td>\n<\/tr>\n<tr class=\"row-22\">\n\t<td class=\"column-1\">BASE DE DATOS DE RESIDUOS S\u00d3LIDOS TRATADOS O CONFINADOS ADECUADAMENTE EN EL ESTADO DE OAXACA (A\u00d1O 2018)<\/td><td class=\"column-2\"><a href=\"https:\/\/www.oaxaca.gob.mx\/semaedeso\/wp-content\/uploads\/sites\/59\/2022\/01\/Base-de-Datos-de-Residuos-Solidos-Tratados-o-Confinados-Adecuadamente-Ano-2018.pdf\" target=\"_blank\" rel=\"noopener noreferrer\"><i class=\"far fa-file-pdf fa-2x\">\u00a0<\/i><\/a><\/td>\n<\/tr>\n<tr class=\"row-23\">\n\t<td class=\"column-1\">BASE DE DATOS DE RESIDUOS S\u00d3LIDOS TRATADOS O CONFINADOS ADECUADAMENTE EN EL ESTADO DE OAXACA (A\u00d1O 2019)<\/td><td class=\"column-2\"><a href=\"https:\/\/www.oaxaca.gob.mx\/semaedeso\/wp-content\/uploads\/sites\/59\/2022\/01\/Base-de-Datos-de-Residuos-Solidos-Tratados-o-Confinados-Adecuadamente-Ano-2019.pdf\" target=\"_blank\" rel=\"noopener noreferrer\"><i class=\"far fa-file-pdf fa-2x\">\u00a0<\/i><\/a><\/td>\n<\/tr>\n<tr class=\"row-24\">\n\t<td class=\"column-1\">BASE DE DATOS DE RESIDUOS S\u00d3LIDOS TRATADOS O CONFINADOS ADECUADAMENTE EN EL ESTADO DE OAXACA (A\u00d1O 2020)<\/td><td class=\"column-2\"><a href=\"https:\/\/www.oaxaca.gob.mx\/semaedeso\/wp-content\/uploads\/sites\/59\/2022\/01\/Base-de-Datos-de-Residuos-Solidos-Tratados-o-Confinados-Adecuadamente-Ano-2020-OK.pdf\" target=\"_blank\" rel=\"noopener noreferrer\"><i class=\"far fa-file-pdf fa-2x\">\u00a0<\/i><\/a><\/td>\n<\/tr>\n<tr class=\"row-25\">\n\t<td class=\"column-1\">BASE DE DATOS DE RESIDUOS S\u00d3LIDOS TRATADOS O CONFINADOS ADECUADAMENTE EN EL ESTADO DE OAXACA (A\u00d1O 2021)<\/td><td class=\"column-2\"><a href=\"https:\/\/www.oaxaca.gob.mx\/semaedeso\/wp-content\/uploads\/sites\/59\/2022\/01\/Base-de-Datos-de-Residuos-Solidos-Tratados-o-Confinados-Adecuadamente-Ano-2021-OK.pdf\" target=\"_blank\" rel=\"noopener noreferrer\"><i class=\"far fa-file-pdf fa-2x\">\u00a0<\/i><\/a><\/td>\n<\/tr>\n<tr class=\"row-26\">\n\t<td colspan=\"2\" class=\"column-1\"><div style=\"padding: 3px;text-align:center;background: #555;font-weight: 600;font-size: 14px;color:#fff\">PROGRAMA ESTATAL<\/div><\/td>\n<\/tr>\n<tr class=\"row-27\">\n\t<td class=\"column-1\">RESUMEN EJECUTIVO DEL PROGRAMA ESTATAL PARA LA PREVENCI\u00d3N Y GESTI\u00d3N INTEGRAL DE LOS RESIDUOS S\u00d3LIDOS URBANOS Y DE MANEJO ESPECIAL EN EL ESTADO DE OAXACA<\/td><td class=\"column-2\"><a href=\"https:\/\/www.oaxaca.gob.mx\/medioambiente\/wp-content\/uploads\/sites\/59\/2025\/06\/Resumen-Ejecutivo-PEPGIRSUME-2023.pdf\" target=\"_blank\" rel=\"noopener noreferrer\"><i class=\"far fa-file-pdf fa-2x\">\u00a0<\/i><\/a><\/td>\n<\/tr>\n<\/tbody>\n<\/table>\n<!-- #tablepress-32 from cache -->\n      <\/div>\n<div id=\"lenav_cuatro\" class=\"tab-pane fade\" role=\"tabpanel\" aria-labelledby=\"lenav_tab_cuatro\">\n\n<table id=\"tablepress-34\" class=\"tablepress tablepress-id-34\">\n<thead>\n<tr class=\"row-1\">\n\t<th colspan=\"2\" class=\"column-1\"><div style=\"padding: 3px;text-align:center;background: #86A685;font-weight: 600;font-size: 14px;color: #000\">FORMATOS<\/div><\/th>\n<\/tr>\n<\/thead>\n<tbody class=\"row-striping row-hover\">\n<tr class=\"row-2\">\n\t<td class=\"column-1\">\u2022 FORMATO 1 Licencia de Funcionamiento<\/td><td class=\"column-2\"><a style=\"text-align:center\" href=\"https:\/\/www.oaxaca.gob.mx\/medioambiente\/wp-content\/uploads\/sites\/59\/2024\/08\/OFICIO-FORMATO-1-LF.docx\" target=\"_blank\" rel=\"noopener\"><i class=\"far fa-file-word fa-2x\">\u00a0<\/i><\/a><\/td>\n<\/tr>\n<\/tbody>\n<\/table>\n<!-- #tablepress-34 from cache -->\n      <\/div>\n<div id=\"lenav_cinco\" class=\"tab-pane fade\" role=\"tabpanel\" aria-labelledby=\"lenav_tab_cinco\">\n\n<table id=\"tablepress-35\" class=\"tablepress tablepress-id-35\">\n<thead>\n<tr class=\"row-1\">\n\t<th colspan=\"2\" class=\"column-1\"><div style=\"padding: 3px;text-align:center;background: #86A685;font-weight: 600;font-size: 14px;color: #000\">FORMULARIOS<\/div><\/th>\n<\/tr>\n<\/thead>\n<tbody class=\"row-striping row-hover\">\n<tr class=\"row-2\">\n\t<td class=\"column-1\">\u2022 Formulario para la Evaluaci\u00f3n de \u00c1rboles Urbanos<\/td><td class=\"column-2\"><a style=\"text-align:center\" href=\"https:\/\/www.oaxaca.gob.mx\/medioambiente\/wp-content\/uploads\/sites\/59\/2024\/06\/Formulario-para-la-Evaluacion-de-Arboles-Urbanos.pdf\" target=\"_blank\" rel=\"noopener\"><i class=\"far fa-file-pdf fa-2x\">\u00a0<\/i><\/a><\/td>\n<\/tr>\n<\/tbody>\n<\/table>\n<!-- #tablepress-35 from cache -->\n      <\/div>\n<\/p><\/div>\n<div style=\"width:100%;height:2px;background:#3b83bd\"> &nbsp;<\/div>\n<\/p><\/div>\n","protected":false},"excerpt":{"rendered":"<p>Impacto Ambiental Residuos de Manejo Especial (RME) Calidad del Aire Restauraci\u00f3n Ecol\u00f3gica &nbsp;<\/p>\n","protected":false},"author":1,"featured_media":0,"parent":0,"menu_order":0,"comment_status":"closed","ping_status":"closed","template":"","meta":{"episode_type":"","audio_file":"","podmotor_file_id":"","podmotor_episode_id":"","cover_image":"","cover_image_id":"","duration":"","filesize":"","filesize_raw":"","date_recorded":"","explicit":"","block":"","itunes_episode_number":"","itunes_title":"","itunes_season_number":"","itunes_episode_type":"","footnotes":""},"categories":[],"tags":[],"class_list":["post-1137","page","type-page","status-publish","hentry"],"acf":[],"publishpress_future_action":{"enabled":false,"date":"2026-05-11 15:10:33","action":"change-status","newStatus":"draft","terms":[],"taxonomy":"category","extraData":[]},"publishpress_future_workflow_manual_trigger":{"enabledWorkflows":[]},"_links":{"self":[{"href":"https:\/\/www.oaxaca.gob.mx\/medioambiente\/wp-json\/wp\/v2\/pages\/1137","targetHints":{"allow":["GET"]}}],"collection":[{"href":"https:\/\/www.oaxaca.gob.mx\/medioambiente\/wp-json\/wp\/v2\/pages"}],"about":[{"href":"https:\/\/www.oaxaca.gob.mx\/medioambiente\/wp-json\/wp\/v2\/types\/page"}],"author":[{"embeddable":true,"href":"https:\/\/www.oaxaca.gob.mx\/medioambiente\/wp-json\/wp\/v2\/users\/1"}],"replies":[{"embeddable":true,"href":"https:\/\/www.oaxaca.gob.mx\/medioambiente\/wp-json\/wp\/v2\/comments?post=1137"}],"version-history":[{"count":3,"href":"https:\/\/www.oaxaca.gob.mx\/medioambiente\/wp-json\/wp\/v2\/pages\/1137\/revisions"}],"predecessor-version":[{"id":18882,"href":"https:\/\/www.oaxaca.gob.mx\/medioambiente\/wp-json\/wp\/v2\/pages\/1137\/revisions\/18882"}],"wp:attachment":[{"href":"https:\/\/www.oaxaca.gob.mx\/medioambiente\/wp-json\/wp\/v2\/media?parent=1137"}],"wp:term":[{"taxonomy":"category","embeddable":true,"href":"https:\/\/www.oaxaca.gob.mx\/medioambiente\/wp-json\/wp\/v2\/categories?post=1137"},{"taxonomy":"post_tag","embeddable":true,"href":"https:\/\/www.oaxaca.gob.mx\/medioambiente\/wp-json\/wp\/v2\/tags?post=1137"}],"curies":[{"name":"wp","href":"https:\/\/api.w.org\/{rel}","templated":true}]}}