{"id":255,"date":"2017-07-10T17:27:36","date_gmt":"2017-07-10T17:27:36","guid":{"rendered":"http:\/\/www.conciliacionyarbitraje.oaxaca.gob.mx\/?page_id=255"},"modified":"2019-11-06T11:37:16","modified_gmt":"2019-11-06T17:37:16","slug":"junta-especial-de-tehuantepec","status":"publish","type":"page","link":"https:\/\/www.oaxaca.gob.mx\/jlca\/junta-especial-de-tehuantepec\/","title":{"rendered":"JUNTA ESPECIAL DE TEHUANTEPEC"},"content":{"rendered":"<p><strong>Competencia:<\/strong><\/p>\n<ul>\n<li>Comprendiendo todas las actividades de las Juntas del Centro, exceptuando los asuntos colectivos y de los que conozca la Junta Especial N\u00famero Cuatro, y solo con jurisdicci\u00f3n territorial en el distrito del mismo nombre y en el de Juchit\u00e1n, Oaxaca.<\/li>\n<\/ul>\n<p><strong>Lic. Jes\u00fas S\u00e1nchez R\u00edos<\/strong><br \/>\nPresidente<\/p>\n","protected":false},"excerpt":{"rendered":"<p>Competencia: Comprendiendo todas las actividades de las Juntas del Centro, exceptuando los asuntos colectivos y de los que conozca la Junta Especial N\u00famero Cuatro, y solo con jurisdicci\u00f3n territorial en el distrito del mismo nombre y en el de Juchit\u00e1n, Oaxaca. Lic. Jes\u00fas S\u00e1nchez R\u00edos Presidente<\/p>\n","protected":false},"author":1,"featured_media":0,"parent":0,"menu_order":0,"comment_status":"closed","ping_status":"closed","template":"","meta":{"episode_type":"","audio_file":"","podmotor_file_id":"","podmotor_episode_id":"","cover_image":"","cover_image_id":"","duration":"","filesize":"","filesize_raw":"","date_recorded":"","explicit":"","block":"","itunes_episode_number":"","itunes_title":"","itunes_season_number":"","itunes_episode_type":"","footnotes":""},"categories":[],"tags":[],"class_list":["post-255","page","type-page","status-publish","hentry"],"acf":[],"publishpress_future_action":{"enabled":false,"date":"2026-05-10 09:02:32","action":"change-status","newStatus":"draft","terms":[],"taxonomy":"category","extraData":[]},"publishpress_future_workflow_manual_trigger":{"enabledWorkflows":[]},"_links":{"self":[{"href":"https:\/\/www.oaxaca.gob.mx\/jlca\/wp-json\/wp\/v2\/pages\/255","targetHints":{"allow":["GET"]}}],"collection":[{"href":"https:\/\/www.oaxaca.gob.mx\/jlca\/wp-json\/wp\/v2\/pages"}],"about":[{"href":"https:\/\/www.oaxaca.gob.mx\/jlca\/wp-json\/wp\/v2\/types\/page"}],"author":[{"embeddable":true,"href":"https:\/\/www.oaxaca.gob.mx\/jlca\/wp-json\/wp\/v2\/users\/1"}],"replies":[{"embeddable":true,"href":"https:\/\/www.oaxaca.gob.mx\/jlca\/wp-json\/wp\/v2\/comments?post=255"}],"version-history":[{"count":2,"href":"https:\/\/www.oaxaca.gob.mx\/jlca\/wp-json\/wp\/v2\/pages\/255\/revisions"}],"predecessor-version":[{"id":1291,"href":"https:\/\/www.oaxaca.gob.mx\/jlca\/wp-json\/wp\/v2\/pages\/255\/revisions\/1291"}],"wp:attachment":[{"href":"https:\/\/www.oaxaca.gob.mx\/jlca\/wp-json\/wp\/v2\/media?parent=255"}],"wp:term":[{"taxonomy":"category","embeddable":true,"href":"https:\/\/www.oaxaca.gob.mx\/jlca\/wp-json\/wp\/v2\/categories?post=255"},{"taxonomy":"post_tag","embeddable":true,"href":"https:\/\/www.oaxaca.gob.mx\/jlca\/wp-json\/wp\/v2\/tags?post=255"}],"curies":[{"name":"wp","href":"https:\/\/api.w.org\/{rel}","templated":true}]}}

<p><strong>Competencia:</strong></p>
<ul>
<li>Comprendiendo todas las actividades de las Juntas del Centro, exceptuando los asuntos colectivos y de los que conozca la Junta Especial Número Cuatro, y solo con jurisdicción territorial en el distrito del mismo nombre y en el de Juchitán, Oaxaca.</li>
</ul>
<p><strong>Lic. Jesús Sánchez Ríos</strong><br />
Presidente</p>

<p>Competencia: Comprendiendo todas las actividades de las Juntas del Centro, exceptuando los asuntos colectivos y de los que conozca la Junta Especial Número Cuatro, y solo con jurisdicción territorial en el distrito del mismo nombre y en el de Juchitán, Oaxaca. Lic. Jesús Sánchez Ríos Presidente</p>
