{"id":240,"date":"2017-06-28T16:55:59","date_gmt":"2017-06-28T16:55:59","guid":{"rendered":"http:\/\/www.conciliacionyarbitraje.oaxaca.gob.mx\/?page_id=240"},"modified":"2019-11-06T11:39:00","modified_gmt":"2019-11-06T17:39:00","slug":"junta-especial-3","status":"publish","type":"page","link":"https:\/\/www.oaxaca.gob.mx\/jlca\/junta-especial-3\/","title":{"rendered":"JUNTA ESPECIAL 3"},"content":{"rendered":"<p><strong>Competencia:<\/strong><\/p>\n<p><strong>Artes Manuales<\/strong><\/p>\n<ul>\n<li>Comprendiendo artes gr\u00e1ficas, ecuadernaci\u00f3n, joyer\u00eda, alfarer\u00eda, curtidur\u00eda, carpinter\u00eda, alba\u00f1iler\u00eda, herrer\u00eda, plomer\u00eda, pirotecnia, sastrer\u00eda y oficios similares; talleres en los que no se emplea maquinaria, cantera de m\u00e1rmol y materiales de construcci\u00f3n; industrias y trabajos conexos a las anteriores ramas y trabajos no especificados.<\/li>\n<\/ul>\n<p><strong>Lic. Noem\u00ed Lorena V\u00e1squez Lagunas<\/strong><br \/>\nPresidente<\/p>\n","protected":false},"excerpt":{"rendered":"<p>Competencia: Artes Manuales Comprendiendo artes gr\u00e1ficas, ecuadernaci\u00f3n, joyer\u00eda, alfarer\u00eda, curtidur\u00eda, carpinter\u00eda, alba\u00f1iler\u00eda, herrer\u00eda, plomer\u00eda, pirotecnia, sastrer\u00eda y oficios similares; talleres en los que no se emplea maquinaria, cantera de m\u00e1rmol y materiales de construcci\u00f3n; industrias y trabajos conexos a las anteriores ramas y trabajos no especificados. Lic. Noem\u00ed Lorena V\u00e1squez Lagunas Presidente<\/p>\n","protected":false},"author":1,"featured_media":0,"parent":0,"menu_order":0,"comment_status":"closed","ping_status":"closed","template":"","meta":{"episode_type":"","audio_file":"","podmotor_file_id":"","podmotor_episode_id":"","cover_image":"","cover_image_id":"","duration":"","filesize":"","filesize_raw":"","date_recorded":"","explicit":"","block":"","itunes_episode_number":"","itunes_title":"","itunes_season_number":"","itunes_episode_type":"","footnotes":""},"categories":[],"tags":[],"class_list":["post-240","page","type-page","status-publish","hentry"],"acf":[],"publishpress_future_action":{"enabled":false,"date":"2026-05-16 01:07:06","action":"change-status","newStatus":"draft","terms":[],"taxonomy":"category","extraData":[]},"publishpress_future_workflow_manual_trigger":{"enabledWorkflows":[]},"_links":{"self":[{"href":"https:\/\/www.oaxaca.gob.mx\/jlca\/wp-json\/wp\/v2\/pages\/240","targetHints":{"allow":["GET"]}}],"collection":[{"href":"https:\/\/www.oaxaca.gob.mx\/jlca\/wp-json\/wp\/v2\/pages"}],"about":[{"href":"https:\/\/www.oaxaca.gob.mx\/jlca\/wp-json\/wp\/v2\/types\/page"}],"author":[{"embeddable":true,"href":"https:\/\/www.oaxaca.gob.mx\/jlca\/wp-json\/wp\/v2\/users\/1"}],"replies":[{"embeddable":true,"href":"https:\/\/www.oaxaca.gob.mx\/jlca\/wp-json\/wp\/v2\/comments?post=240"}],"version-history":[{"count":1,"href":"https:\/\/www.oaxaca.gob.mx\/jlca\/wp-json\/wp\/v2\/pages\/240\/revisions"}],"predecessor-version":[{"id":1295,"href":"https:\/\/www.oaxaca.gob.mx\/jlca\/wp-json\/wp\/v2\/pages\/240\/revisions\/1295"}],"wp:attachment":[{"href":"https:\/\/www.oaxaca.gob.mx\/jlca\/wp-json\/wp\/v2\/media?parent=240"}],"wp:term":[{"taxonomy":"category","embeddable":true,"href":"https:\/\/www.oaxaca.gob.mx\/jlca\/wp-json\/wp\/v2\/categories?post=240"},{"taxonomy":"post_tag","embeddable":true,"href":"https:\/\/www.oaxaca.gob.mx\/jlca\/wp-json\/wp\/v2\/tags?post=240"}],"curies":[{"name":"wp","href":"https:\/\/api.w.org\/{rel}","templated":true}]}}