{"id":28,"date":"2017-04-21T11:38:03","date_gmt":"2017-04-21T17:38:03","guid":{"rendered":"https:\/\/www.oaxaca.gob.mx\/jca\/?page_id=28"},"modified":"2024-10-10T13:28:59","modified_gmt":"2024-10-10T19:28:59","slug":"quienes-somos","status":"publish","type":"page","link":"https:\/\/www.oaxaca.gob.mx\/jca\/quienes-somos\/","title":{"rendered":"\u00bfQUIENES SOMOS?"},"content":{"rendered":"<p>SOMOS UN ORGANISMO DE INTER\u00c9S P\u00daBLICO Y DE UTILIDAD SOCIAL, CREADO POR EL GOBIERNO DEL ESTADO DE OAXACA, PARA LA ATENCI\u00d3N Y CONCILIACI\u00d3N DE LOS CONFLICTOS AGRARIOS QUE SE SUSCITEN ENTRE COMUNIDADES, EJIDOS, N\u00daCLEOS DE POBLACI\u00d3N Y PEQUE\u00d1OS PROPIETARIOS O CUALQUIER OTRO CONFLICTO AGRARIO DE NATURALEZA COLECTIVA. NUESTRA ORGANIZACI\u00d3N Y ATRIBUCIONES SE ENCUENTRAN ESTABLECIDAS POR LA PROPIA LEY, COORDINADOS EN TODO MOMENTO CON LAS DEPENDENCIAS FEDERALES, Y ENTIDADES FEDERATIVAS, SEG\u00daN SEA EL CASO.<\/p>\n","protected":false},"excerpt":{"rendered":"<p>SOMOS UN ORGANISMO DE INTER\u00c9S P\u00daBLICO Y DE UTILIDAD SOCIAL, CREADO POR EL GOBIERNO DEL ESTADO DE OAXACA, PARA LA ATENCI\u00d3N Y CONCILIACI\u00d3N DE LOS CONFLICTOS AGRARIOS QUE SE SUSCITEN ENTRE COMUNIDADES, EJIDOS, N\u00daCLEOS DE POBLACI\u00d3N Y PEQUE\u00d1OS PROPIETARIOS O CUALQUIER OTRO CONFLICTO AGRARIO DE NATURALEZA COLECTIVA. NUESTRA ORGANIZACI\u00d3N Y ATRIBUCIONES SE ENCUENTRAN ESTABLECIDAS POR [&hellip;]<\/p>\n","protected":false},"author":1,"featured_media":0,"parent":0,"menu_order":0,"comment_status":"closed","ping_status":"closed","template":"","meta":{"episode_type":"","audio_file":"","podmotor_file_id":"","podmotor_episode_id":"","cover_image":"","cover_image_id":"","duration":"","filesize":"","filesize_raw":"","date_recorded":"","explicit":"","block":"","itunes_episode_number":"","itunes_title":"","itunes_season_number":"","itunes_episode_type":"","footnotes":""},"categories":[],"tags":[],"class_list":["post-28","page","type-page","status-publish","hentry"],"acf":[],"publishpress_future_action":{"enabled":false,"date":"2026-05-07 13:04:16","action":"change-status","newStatus":"draft","terms":[],"taxonomy":"category","extraData":[]},"publishpress_future_workflow_manual_trigger":{"enabledWorkflows":[]},"_links":{"self":[{"href":"https:\/\/www.oaxaca.gob.mx\/jca\/wp-json\/wp\/v2\/pages\/28","targetHints":{"allow":["GET"]}}],"collection":[{"href":"https:\/\/www.oaxaca.gob.mx\/jca\/wp-json\/wp\/v2\/pages"}],"about":[{"href":"https:\/\/www.oaxaca.gob.mx\/jca\/wp-json\/wp\/v2\/types\/page"}],"author":[{"embeddable":true,"href":"https:\/\/www.oaxaca.gob.mx\/jca\/wp-json\/wp\/v2\/users\/1"}],"replies":[{"embeddable":true,"href":"https:\/\/www.oaxaca.gob.mx\/jca\/wp-json\/wp\/v2\/comments?post=28"}],"version-history":[{"count":2,"href":"https:\/\/www.oaxaca.gob.mx\/jca\/wp-json\/wp\/v2\/pages\/28\/revisions"}],"predecessor-version":[{"id":4731,"href":"https:\/\/www.oaxaca.gob.mx\/jca\/wp-json\/wp\/v2\/pages\/28\/revisions\/4731"}],"wp:attachment":[{"href":"https:\/\/www.oaxaca.gob.mx\/jca\/wp-json\/wp\/v2\/media?parent=28"}],"wp:term":[{"taxonomy":"category","embeddable":true,"href":"https:\/\/www.oaxaca.gob.mx\/jca\/wp-json\/wp\/v2\/categories?post=28"},{"taxonomy":"post_tag","embeddable":true,"href":"https:\/\/www.oaxaca.gob.mx\/jca\/wp-json\/wp\/v2\/tags?post=28"}],"curies":[{"name":"wp","href":"https:\/\/api.w.org\/{rel}","templated":true}]}}

<p>SOMOS UN ORGANISMO DE INTERÉS PÚBLICO Y DE UTILIDAD SOCIAL, CREADO POR EL GOBIERNO DEL ESTADO DE OAXACA, PARA LA ATENCIÓN Y CONCILIACIÓN DE LOS CONFLICTOS AGRARIOS QUE SE SUSCITEN ENTRE COMUNIDADES, EJIDOS, NÚCLEOS DE POBLACIÓN Y PEQUEÑOS PROPIETARIOS O CUALQUIER OTRO CONFLICTO AGRARIO DE NATURALEZA COLECTIVA. NUESTRA ORGANIZACIÓN Y ATRIBUCIONES SE ENCUENTRAN ESTABLECIDAS POR LA PROPIA LEY, COORDINADOS EN TODO MOMENTO CON LAS DEPENDENCIAS FEDERALES, Y ENTIDADES FEDERATIVAS, SEGÚN SEA EL CASO.</p>

<p>SOMOS UN ORGANISMO DE INTERÉS PÚBLICO Y DE UTILIDAD SOCIAL, CREADO POR EL GOBIERNO DEL ESTADO DE OAXACA, PARA LA ATENCIÓN Y CONCILIACIÓN DE LOS CONFLICTOS AGRARIOS QUE SE SUSCITEN ENTRE COMUNIDADES, EJIDOS, NÚCLEOS DE POBLACIÓN Y PEQUEÑOS PROPIETARIOS O CUALQUIER OTRO CONFLICTO AGRARIO DE NATURALEZA COLECTIVA. NUESTRA ORGANIZACIÓN Y ATRIBUCIONES SE ENCUENTRAN ESTABLECIDAS POR [&hellip;]</p>
