{"id":2292,"date":"2019-05-14T20:04:03","date_gmt":"2019-05-14T18:04:03","guid":{"rendered":"https:\/\/www.oaxaca.gob.mx\/jca\/?page_id=2292"},"modified":"2024-10-03T11:54:44","modified_gmt":"2024-10-03T17:54:44","slug":"mision-vision-y-objetivos","status":"publish","type":"page","link":"https:\/\/www.oaxaca.gob.mx\/jca\/mision-vision-y-objetivos\/","title":{"rendered":"Misi\u00f3n, Visi\u00f3n y Objetivos"},"content":{"rendered":"<h4>Misi\u00f3n<\/h4>\n<p>La atenci\u00f3n y soluci\u00f3n de los conflictos agrarios que se<br \/>\nsusciten entre comunidades, ejidos, n\u00facleos de poblaci\u00f3n y<br \/>\npeque\u00f1os propietarios de naturaleza colectiva mediante la<br \/>\nconciliaci\u00f3n.<\/p>\n<p>&nbsp;<\/p>\n<h4>Visi\u00f3n<\/h4>\n<p>Ser una instituci\u00f3n que por medio del di\u00e1logo solucione de<br \/>\nmanera definitiva los conflictos agrarios.<\/p>\n<p>&nbsp;<\/p>\n<h4>Objetivos<\/h4>\n<p>Promover la conciliaci\u00f3n y concertaci\u00f3n de los<br \/>\nn\u00facleos agrarios con intereses opuestos para lograr la<br \/>\nsoluci\u00f3n definitiva. Generando con ello gobernabilidad y paz social en el estado.<\/p>\n","protected":false},"excerpt":{"rendered":"<p>Misi\u00f3n La atenci\u00f3n y soluci\u00f3n de los conflictos agrarios que se susciten entre comunidades, ejidos, n\u00facleos de poblaci\u00f3n y peque\u00f1os propietarios de naturaleza colectiva mediante la conciliaci\u00f3n. &nbsp; Visi\u00f3n Ser una instituci\u00f3n que por medio del di\u00e1logo solucione de manera definitiva los conflictos agrarios. &nbsp; Objetivos Promover la conciliaci\u00f3n y concertaci\u00f3n de los n\u00facleos agrarios [&hellip;]<\/p>\n","protected":false},"author":1,"featured_media":0,"parent":0,"menu_order":0,"comment_status":"closed","ping_status":"closed","template":"","meta":{"episode_type":"","audio_file":"","podmotor_file_id":"","podmotor_episode_id":"","cover_image":"","cover_image_id":"","duration":"","filesize":"","filesize_raw":"","date_recorded":"","explicit":"","block":"","itunes_episode_number":"","itunes_title":"","itunes_season_number":"","itunes_episode_type":"","footnotes":""},"categories":[],"tags":[],"class_list":["post-2292","page","type-page","status-publish","hentry"],"acf":[],"publishpress_future_action":{"enabled":false,"date":"2026-05-07 13:04:13","action":"change-status","newStatus":"draft","terms":[],"taxonomy":"category","extraData":[]},"publishpress_future_workflow_manual_trigger":{"enabledWorkflows":[]},"_links":{"self":[{"href":"https:\/\/www.oaxaca.gob.mx\/jca\/wp-json\/wp\/v2\/pages\/2292","targetHints":{"allow":["GET"]}}],"collection":[{"href":"https:\/\/www.oaxaca.gob.mx\/jca\/wp-json\/wp\/v2\/pages"}],"about":[{"href":"https:\/\/www.oaxaca.gob.mx\/jca\/wp-json\/wp\/v2\/types\/page"}],"author":[{"embeddable":true,"href":"https:\/\/www.oaxaca.gob.mx\/jca\/wp-json\/wp\/v2\/users\/1"}],"replies":[{"embeddable":true,"href":"https:\/\/www.oaxaca.gob.mx\/jca\/wp-json\/wp\/v2\/comments?post=2292"}],"version-history":[{"count":2,"href":"https:\/\/www.oaxaca.gob.mx\/jca\/wp-json\/wp\/v2\/pages\/2292\/revisions"}],"predecessor-version":[{"id":4966,"href":"https:\/\/www.oaxaca.gob.mx\/jca\/wp-json\/wp\/v2\/pages\/2292\/revisions\/4966"}],"wp:attachment":[{"href":"https:\/\/www.oaxaca.gob.mx\/jca\/wp-json\/wp\/v2\/media?parent=2292"}],"wp:term":[{"taxonomy":"category","embeddable":true,"href":"https:\/\/www.oaxaca.gob.mx\/jca\/wp-json\/wp\/v2\/categories?post=2292"},{"taxonomy":"post_tag","embeddable":true,"href":"https:\/\/www.oaxaca.gob.mx\/jca\/wp-json\/wp\/v2\/tags?post=2292"}],"curies":[{"name":"wp","href":"https:\/\/api.w.org\/{rel}","templated":true}]}}

Misión, Visión y Objetivos

<h4>Misión</h4>
<p>La atención y solución de los conflictos agrarios que se<br />
susciten entre comunidades, ejidos, núcleos de población y<br />
pequeños propietarios de naturaleza colectiva mediante la<br />
conciliación.</p>
<p>&nbsp;</p>
<h4>Visión</h4>
<p>Ser una institución que por medio del diálogo solucione de<br />
manera definitiva los conflictos agrarios.</p>
<p>&nbsp;</p>
<h4>Objetivos</h4>
<p>Promover la conciliación y concertación de los<br />
núcleos agrarios con intereses opuestos para lograr la<br />
solución definitiva. Generando con ello gobernabilidad y paz social en el estado.</p>

<p>Misión La atención y solución de los conflictos agrarios que se susciten entre comunidades, ejidos, núcleos de población y pequeños propietarios de naturaleza colectiva mediante la conciliación. &nbsp; Visión Ser una institución que por medio del diálogo solucione de manera definitiva los conflictos agrarios. &nbsp; Objetivos Promover la conciliación y concertación de los núcleos agrarios [&hellip;]</p>
