{"id":1403,"date":"2021-03-25T10:46:58","date_gmt":"2021-03-25T16:46:58","guid":{"rendered":"https:\/\/www.oaxaca.gob.mx\/jaespo\/?page_id=1403"},"modified":"2023-04-18T17:35:25","modified_gmt":"2023-04-18T23:35:25","slug":"actas-de-sesion","status":"publish","type":"page","link":"https:\/\/www.oaxaca.gob.mx\/jaespo\/actas-de-sesion\/","title":{"rendered":"Actas de Sesi\u00f3n"},"content":{"rendered":"[heading style=\u00bbdefault\u00bb size=\u00bb18&#8243; align=\u00bbleft\u00bb margin=\u00bb20&#8243;]ACTAS 2020[\/heading]\n<h4><strong><a href=\"https:\/\/www.oaxaca.gob.mx\/jaespo\/wp-content\/uploads\/sites\/50\/2021\/03\/Acta-de-la-1ra.-Sesion-ord.-Comite-de-etica-JAESPO-2020.pdf\" target=\"_blank\" rel=\"noopener\">1ra. Sesi\u00f3n<\/a><\/strong><\/h4>\n<h4><strong><a href=\"https:\/\/www.oaxaca.gob.mx\/jaespo\/wp-content\/uploads\/sites\/50\/2021\/03\/Acta-de-la-2da.-Sesion-ord.-Comite-de-etica-JAESPO-2020.pdf\" target=\"_blank\" rel=\"noopener\">2da. Sesi\u00f3n<\/a><\/strong><\/h4>\n<h4><strong><a href=\"https:\/\/www.oaxaca.gob.mx\/jaespo\/wp-content\/uploads\/sites\/50\/2021\/03\/Acta-de-la-3ra.-Sesion-ord.-Comite-de-etica-JAESPO-2020.pdf\" target=\"_blank\" rel=\"noopener\">3ra. Sesi\u00f3n<\/a><\/strong><\/h4>\n[heading style=\u00bbdefault\u00bb size=\u00bb18&#8243; align=\u00bbleft\u00bb margin=\u00bb20&#8243;]ACTAS 2021[\/heading]\n<h4><a href=\"https:\/\/www.oaxaca.gob.mx\/jaespo\/wp-content\/uploads\/sites\/50\/2021\/05\/Acta-1ra-Sesion-Ordinaria-CEPCI.pdf\" target=\"_blank\" rel=\"noopener\"><strong>1ra. Sesi\u00f3n<\/strong><\/a><\/h4>\n","protected":false},"excerpt":{"rendered":"<p>[heading style=\u00bbdefault\u00bb size=\u00bb18&#8243; align=\u00bbleft\u00bb margin=\u00bb20&#8243;]ACTAS 2020[\/heading] 1ra. Sesi\u00f3n 2da. Sesi\u00f3n 3ra. Sesi\u00f3n [heading style=\u00bbdefault\u00bb size=\u00bb18&#8243; align=\u00bbleft\u00bb margin=\u00bb20&#8243;]ACTAS 2021[\/heading] 1ra. Sesi\u00f3n<\/p>\n","protected":false},"author":59,"featured_media":0,"parent":0,"menu_order":0,"comment_status":"closed","ping_status":"closed","template":"","meta":{"episode_type":"","audio_file":"","podmotor_file_id":"","podmotor_episode_id":"","cover_image":"","cover_image_id":"","duration":"","filesize":"","filesize_raw":"","date_recorded":"","explicit":"","block":"","itunes_episode_number":"","itunes_title":"","itunes_season_number":"","itunes_episode_type":"","footnotes":""},"categories":[],"tags":[],"class_list":["post-1403","page","type-page","status-publish","hentry"],"acf":[],"publishpress_future_action":{"enabled":false,"date":"2026-05-08 04:37:31","action":"change-status","newStatus":"draft","terms":[],"taxonomy":"category","extraData":[]},"publishpress_future_workflow_manual_trigger":{"enabledWorkflows":[]},"_links":{"self":[{"href":"https:\/\/www.oaxaca.gob.mx\/jaespo\/wp-json\/wp\/v2\/pages\/1403","targetHints":{"allow":["GET"]}}],"collection":[{"href":"https:\/\/www.oaxaca.gob.mx\/jaespo\/wp-json\/wp\/v2\/pages"}],"about":[{"href":"https:\/\/www.oaxaca.gob.mx\/jaespo\/wp-json\/wp\/v2\/types\/page"}],"author":[{"embeddable":true,"href":"https:\/\/www.oaxaca.gob.mx\/jaespo\/wp-json\/wp\/v2\/users\/59"}],"replies":[{"embeddable":true,"href":"https:\/\/www.oaxaca.gob.mx\/jaespo\/wp-json\/wp\/v2\/comments?post=1403"}],"version-history":[{"count":39,"href":"https:\/\/www.oaxaca.gob.mx\/jaespo\/wp-json\/wp\/v2\/pages\/1403\/revisions"}],"predecessor-version":[{"id":1559,"href":"https:\/\/www.oaxaca.gob.mx\/jaespo\/wp-json\/wp\/v2\/pages\/1403\/revisions\/1559"}],"wp:attachment":[{"href":"https:\/\/www.oaxaca.gob.mx\/jaespo\/wp-json\/wp\/v2\/media?parent=1403"}],"wp:term":[{"taxonomy":"category","embeddable":true,"href":"https:\/\/www.oaxaca.gob.mx\/jaespo\/wp-json\/wp\/v2\/categories?post=1403"},{"taxonomy":"post_tag","embeddable":true,"href":"https:\/\/www.oaxaca.gob.mx\/jaespo\/wp-json\/wp\/v2\/tags?post=1403"}],"curies":[{"name":"wp","href":"https:\/\/api.w.org\/{rel}","templated":true}]}}

Actas de Sesión

[heading style=»default» size=»18&#8243; align=»left» margin=»20&#8243;]ACTAS 2020[/heading]
<h4><strong><a href="https://www.oaxaca.gob.mx/jaespo/wp-content/uploads/sites/50/2021/03/Acta-de-la-1ra.-Sesion-ord.-Comite-de-etica-JAESPO-2020.pdf" target="_blank" rel="noopener">1ra. Sesión</a></strong></h4>
<h4><strong><a href="https://www.oaxaca.gob.mx/jaespo/wp-content/uploads/sites/50/2021/03/Acta-de-la-2da.-Sesion-ord.-Comite-de-etica-JAESPO-2020.pdf" target="_blank" rel="noopener">2da. Sesión</a></strong></h4>
<h4><strong><a href="https://www.oaxaca.gob.mx/jaespo/wp-content/uploads/sites/50/2021/03/Acta-de-la-3ra.-Sesion-ord.-Comite-de-etica-JAESPO-2020.pdf" target="_blank" rel="noopener">3ra. Sesión</a></strong></h4>
[heading style=»default» size=»18&#8243; align=»left» margin=»20&#8243;]ACTAS 2021[/heading]
<h4><a href="https://www.oaxaca.gob.mx/jaespo/wp-content/uploads/sites/50/2021/05/Acta-1ra-Sesion-Ordinaria-CEPCI.pdf" target="_blank" rel="noopener"><strong>1ra. Sesión</strong></a></h4>

<p>[heading style=»default» size=»18&#8243; align=»left» margin=»20&#8243;]ACTAS 2020[/heading] 1ra. Sesión 2da. Sesión 3ra. Sesión [heading style=»default» size=»18&#8243; align=»left» margin=»20&#8243;]ACTAS 2021[/heading] 1ra. Sesión</p>
