{"id":72,"date":"2026-03-12T22:20:11","date_gmt":"2026-03-12T21:20:11","guid":{"rendered":"https:\/\/www.oaxaca.gob.mx\/itpo\/?page_id=72"},"modified":"2026-03-12T22:20:11","modified_gmt":"2026-03-12T21:20:11","slug":"tramites-y-servicios","status":"publish","type":"page","link":"https:\/\/www.oaxaca.gob.mx\/itpo\/tramites-y-servicios\/","title":{"rendered":"Tr\u00e1mites y Servicios"},"content":{"rendered":"<ol type=\"I\">\n<li>Constituir y mantener actualizados sus sistemas de archivo y gesti\u00f3n documental, conforme a las disposiciones jur\u00eddicas aplicables;<\/li>\n<li>Promover la generaci\u00f3n, documentaci\u00f3n y publicaci\u00f3n de la informaci\u00f3n en formatos abiertos y accesibles;<\/li>\n<li>Proteger y resguardar la informaci\u00f3n clasificada como reservada o confidencial, conforme a las disposiciones aplicables;<\/li>\n<li>Atender los requerimientos, observaciones, recomendaciones y criterios en materia de transparencia y acceso a la informaci\u00f3n emitidos por las Autoridades garantes locales y federal, el Sistema Nacional y el Subsistema Estatal;<\/li>\n<li>Difundir proactivamente la informaci\u00f3n de inter\u00e9s p\u00fablico;<\/li>\n<\/ol>\n","protected":false},"excerpt":{"rendered":"<p>Constituir y mantener actualizados sus sistemas de archivo y gesti\u00f3n documental, conforme a las disposiciones jur\u00eddicas aplicables; Promover la generaci\u00f3n, documentaci\u00f3n y publicaci\u00f3n de la informaci\u00f3n en formatos abiertos y accesibles; Proteger y resguardar la informaci\u00f3n clasificada como reservada o confidencial, conforme a las disposiciones aplicables; Atender los requerimientos, observaciones, recomendaciones y criterios en materia [&hellip;]<\/p>\n","protected":false},"author":1,"featured_media":0,"parent":0,"menu_order":0,"comment_status":"closed","ping_status":"closed","template":"","meta":{"episode_type":"","audio_file":"","podmotor_file_id":"","podmotor_episode_id":"","cover_image":"","cover_image_id":"","duration":"","filesize":"","filesize_raw":"","date_recorded":"","explicit":"","block":"","itunes_episode_number":"","itunes_title":"","itunes_season_number":"","itunes_episode_type":"","footnotes":""},"categories":[],"tags":[],"class_list":["post-72","page","type-page","status-publish","hentry"],"acf":[],"publishpress_future_action":{"enabled":false,"date":"2026-05-10 10:50:51","action":"change-status","newStatus":"draft","terms":[],"taxonomy":"category","extraData":[]},"publishpress_future_workflow_manual_trigger":{"enabledWorkflows":[]},"_links":{"self":[{"href":"https:\/\/www.oaxaca.gob.mx\/itpo\/wp-json\/wp\/v2\/pages\/72","targetHints":{"allow":["GET"]}}],"collection":[{"href":"https:\/\/www.oaxaca.gob.mx\/itpo\/wp-json\/wp\/v2\/pages"}],"about":[{"href":"https:\/\/www.oaxaca.gob.mx\/itpo\/wp-json\/wp\/v2\/types\/page"}],"author":[{"embeddable":true,"href":"https:\/\/www.oaxaca.gob.mx\/itpo\/wp-json\/wp\/v2\/users\/1"}],"replies":[{"embeddable":true,"href":"https:\/\/www.oaxaca.gob.mx\/itpo\/wp-json\/wp\/v2\/comments?post=72"}],"version-history":[{"count":1,"href":"https:\/\/www.oaxaca.gob.mx\/itpo\/wp-json\/wp\/v2\/pages\/72\/revisions"}],"predecessor-version":[{"id":73,"href":"https:\/\/www.oaxaca.gob.mx\/itpo\/wp-json\/wp\/v2\/pages\/72\/revisions\/73"}],"wp:attachment":[{"href":"https:\/\/www.oaxaca.gob.mx\/itpo\/wp-json\/wp\/v2\/media?parent=72"}],"wp:term":[{"taxonomy":"category","embeddable":true,"href":"https:\/\/www.oaxaca.gob.mx\/itpo\/wp-json\/wp\/v2\/categories?post=72"},{"taxonomy":"post_tag","embeddable":true,"href":"https:\/\/www.oaxaca.gob.mx\/itpo\/wp-json\/wp\/v2\/tags?post=72"}],"curies":[{"name":"wp","href":"https:\/\/api.w.org\/{rel}","templated":true}]}}