{"id":30,"date":"2026-03-12T20:21:56","date_gmt":"2026-03-12T19:21:56","guid":{"rendered":"https:\/\/www.oaxaca.gob.mx\/itpo\/?page_id=30"},"modified":"2026-03-12T20:24:46","modified_gmt":"2026-03-12T19:24:46","slug":"titular-de-la-dependencia","status":"publish","type":"page","link":"https:\/\/www.oaxaca.gob.mx\/itpo\/titular-de-la-dependencia\/","title":{"rendered":"Titular de la dependencia"},"content":{"rendered":"<p>L.A.E Y LD Josu\u00e9 Solana Salmor\u00e1n<br \/>\nDirector General del ITPO <\/p>\n<p style=\"text-align: justify;\">Es un profesional con una s\u00f3lida trayectoria en transparencia, protecci\u00f3n de datos personales y administraci\u00f3n p\u00fablica en el estado de Oaxaca.<\/p>\n<p style=\"text-align: justify;\">Formaci\u00f3n y Perfil Acad\u00e9mico<br \/>\nCuenta con dos licenciaturas: una en Administraci\u00f3n de Empresas y otra en Derecho, adem\u00e1s de ser maestrante en Pedagog\u00eda. Su perfil se complementa con diversos diplomados y talleres especializados en rendici\u00f3n de cuentas, combate a la corrupci\u00f3n y archivos p\u00fablicos.<\/p>\n<p style=\"text-align: justify;\">Trayectoria Profesional<br \/>\nHa desempe\u00f1ado cargos de alta responsabilidad como:<br \/>\nComisionado Presidente del \u00d3rgano Garante de Acceso a la Informaci\u00f3n P\u00fablica, Transparencia, Protecci\u00f3n de Datos Personales y Buen Gobierno del Estado de Oaxaca (OGAIPO).<br \/>\nDirector del Centro de Estudios Sociales y de Opini\u00f3n P\u00fablica del H. Congreso del Estado de Oaxaca.<br \/>\nSecretario T\u00e9cnico y Asesor en diversas comisiones legislativas relacionadas con transparencia, justicia y grupos vulnerables.<\/p>\n<p style=\"text-align: justify;\">Participaci\u00f3n y Docencia<br \/>\nEs un activo conferencista y ponente en foros nacionales e internacionales sobre derechos digitales, inteligencia artificial y el derecho a saber de comunidades ind\u00edgenas.<br \/>\nEn el \u00e1mbito acad\u00e9mico, ha sido docente en niveles medio superior y superior, incluyendo el Instituto Tecnol\u00f3gico de Oaxaca.<\/p>\n<p style=\"text-align: justify;\">Datos Relevantes<br \/>\nHa sido reconocido con el sexto lugar nacional en el Premio Santander a la Innovaci\u00f3n Empresarial.<br \/>\nA lo largo de su carrera, ha demostrado un fuerte enfoque en la promoci\u00f3n de la transparencia, la rendici\u00f3n de cuentas, y el buen gobierno, trabajando para fortalecer la confianza ciudadana en las instituciones p\u00fablicas.<br \/>\nSu experiencia y conocimiento lo convierten en un referente en temas de acceso a la informaci\u00f3n y protecci\u00f3n de datos personales en Oaxaca.<\/p>\n","protected":false},"excerpt":{"rendered":"<p>L.A.E Y LD Josu\u00e9 Solana Salmor\u00e1n Director General del ITPO Es un profesional con una s\u00f3lida trayectoria en transparencia, protecci\u00f3n de datos personales y administraci\u00f3n p\u00fablica en el estado de Oaxaca. Formaci\u00f3n y Perfil Acad\u00e9mico Cuenta con dos licenciaturas: una en Administraci\u00f3n de Empresas y otra en Derecho, adem\u00e1s de ser maestrante en Pedagog\u00eda. Su [&hellip;]<\/p>\n","protected":false},"author":1,"featured_media":0,"parent":0,"menu_order":0,"comment_status":"closed","ping_status":"closed","template":"","meta":{"episode_type":"","audio_file":"","podmotor_file_id":"","podmotor_episode_id":"","cover_image":"","cover_image_id":"","duration":"","filesize":"","filesize_raw":"","date_recorded":"","explicit":"","block":"","itunes_episode_number":"","itunes_title":"","itunes_season_number":"","itunes_episode_type":"","footnotes":""},"categories":[],"tags":[],"class_list":["post-30","page","type-page","status-publish","hentry"],"acf":[],"publishpress_future_action":{"enabled":false,"date":"2026-05-10 10:50:49","action":"change-status","newStatus":"draft","terms":[],"taxonomy":"category","extraData":[]},"publishpress_future_workflow_manual_trigger":{"enabledWorkflows":[]},"_links":{"self":[{"href":"https:\/\/www.oaxaca.gob.mx\/itpo\/wp-json\/wp\/v2\/pages\/30","targetHints":{"allow":["GET"]}}],"collection":[{"href":"https:\/\/www.oaxaca.gob.mx\/itpo\/wp-json\/wp\/v2\/pages"}],"about":[{"href":"https:\/\/www.oaxaca.gob.mx\/itpo\/wp-json\/wp\/v2\/types\/page"}],"author":[{"embeddable":true,"href":"https:\/\/www.oaxaca.gob.mx\/itpo\/wp-json\/wp\/v2\/users\/1"}],"replies":[{"embeddable":true,"href":"https:\/\/www.oaxaca.gob.mx\/itpo\/wp-json\/wp\/v2\/comments?post=30"}],"version-history":[{"count":2,"href":"https:\/\/www.oaxaca.gob.mx\/itpo\/wp-json\/wp\/v2\/pages\/30\/revisions"}],"predecessor-version":[{"id":33,"href":"https:\/\/www.oaxaca.gob.mx\/itpo\/wp-json\/wp\/v2\/pages\/30\/revisions\/33"}],"wp:attachment":[{"href":"https:\/\/www.oaxaca.gob.mx\/itpo\/wp-json\/wp\/v2\/media?parent=30"}],"wp:term":[{"taxonomy":"category","embeddable":true,"href":"https:\/\/www.oaxaca.gob.mx\/itpo\/wp-json\/wp\/v2\/categories?post=30"},{"taxonomy":"post_tag","embeddable":true,"href":"https:\/\/www.oaxaca.gob.mx\/itpo\/wp-json\/wp\/v2\/tags?post=30"}],"curies":[{"name":"wp","href":"https:\/\/api.w.org\/{rel}","templated":true}]}}

<p>L.A.E Y LD Josué Solana Salmorán<br />
Director General del ITPO </p>
<p style="text-align: justify;">Es un profesional con una sólida trayectoria en transparencia, protección de datos personales y administración pública en el estado de Oaxaca.</p>
<p style="text-align: justify;">Formación y Perfil Académico<br />
Cuenta con dos licenciaturas: una en Administración de Empresas y otra en Derecho, además de ser maestrante en Pedagogía. Su perfil se complementa con diversos diplomados y talleres especializados en rendición de cuentas, combate a la corrupción y archivos públicos.</p>
<p style="text-align: justify;">Trayectoria Profesional<br />
Ha desempeñado cargos de alta responsabilidad como:<br />
Comisionado Presidente del Órgano Garante de Acceso a la Información Pública, Transparencia, Protección de Datos Personales y Buen Gobierno del Estado de Oaxaca (OGAIPO).<br />
Director del Centro de Estudios Sociales y de Opinión Pública del H. Congreso del Estado de Oaxaca.<br />
Secretario Técnico y Asesor en diversas comisiones legislativas relacionadas con transparencia, justicia y grupos vulnerables.</p>
<p style="text-align: justify;">Participación y Docencia<br />
Es un activo conferencista y ponente en foros nacionales e internacionales sobre derechos digitales, inteligencia artificial y el derecho a saber de comunidades indígenas.<br />
En el ámbito académico, ha sido docente en niveles medio superior y superior, incluyendo el Instituto Tecnológico de Oaxaca.</p>
<p style="text-align: justify;">Datos Relevantes<br />
Ha sido reconocido con el sexto lugar nacional en el Premio Santander a la Innovación Empresarial.<br />
A lo largo de su carrera, ha demostrado un fuerte enfoque en la promoción de la transparencia, la rendición de cuentas, y el buen gobierno, trabajando para fortalecer la confianza ciudadana en las instituciones públicas.<br />
Su experiencia y conocimiento lo convierten en un referente en temas de acceso a la información y protección de datos personales en Oaxaca.</p>

<p>L.A.E Y LD Josué Solana Salmorán Director General del ITPO Es un profesional con una sólida trayectoria en transparencia, protección de datos personales y administración pública en el estado de Oaxaca. Formación y Perfil Académico Cuenta con dos licenciaturas: una en Administración de Empresas y otra en Derecho, además de ser maestrante en Pedagogía. Su [&hellip;]</p>
