{"id":378,"date":"2017-06-13T17:46:27","date_gmt":"2017-06-13T23:46:27","guid":{"rendered":"https:\/\/www.oaxaca.gob.mx\/iodemc\/?page_id=378"},"modified":"2017-06-13T17:46:27","modified_gmt":"2017-06-13T23:46:27","slug":"incubacion-de-empresas","status":"publish","type":"page","link":"https:\/\/www.oaxaca.gob.mx\/iodemc\/incubacion-de-empresas\/","title":{"rendered":"1 Incubaci\u00f3n de empresas"},"content":{"rendered":"<div id=\"titulo\">\n<h2>Convocatoria P\u00fablica IODEMC 1, para acceder a los apoyos del programa \u00abIncubaci\u00f3n de Empresas\u00bb<\/h2>\n<\/div>\n<table border=\"0\" width=\"95%\" cellspacing=\"5\">\n<tbody>\n<tr>\n<td rowspan=\"10\"><\/td>\n<td colspan=\"2\">\n<h3>Red de Aliados del IODEMC<\/h2>\n<\/td>\n<\/tr>\n<tr>\n<td>Descarga\u00a0la convocatoria<\/td>\n<td><a href=\"https:\/\/www.oaxaca.gob.mx\/iodemc\/wp-content\/uploads\/sites\/43\/2017\/02\/Convocatoria-IODEMC001-Red-de-Aliados.pdf\"><img loading=\"lazy\" decoding=\"async\" class=\"alignnone\" src=\"https:\/\/www.oaxaca.gob.mx\/iodemc\/wp-content\/uploads\/sites\/43\/2017\/06\/pdf_icon.png\" width=\"100\" height=\"100\" \/><\/a><\/td>\n<\/tr>\n<tr>\n<td>Descarga la solicitud<\/td>\n<td><a href=\"https:\/\/www.oaxaca.gob.mx\/iodemc\/wp-content\/uploads\/sites\/43\/2017\/02\/SOLICITUD-CONVOCATORIA-IODEMC-001.docx\"><img loading=\"lazy\" decoding=\"async\" class=\"alignnone\" src=\"https:\/\/www.oaxaca.gob.mx\/iodemc\/wp-content\/uploads\/sites\/43\/2017\/06\/word.png\" width=\"100\" height=\"100\" align=\"middle\" \/><\/a><\/td>\n<\/tr>\n<tr>\n<td colspan=\"2\"><\/td>\n<\/tr>\n<tr>\n<td colspan=\"2\"><\/td>\n<\/tr>\n<tr>\n<td><\/td>\n<td><\/td>\n<\/tr>\n<tr>\n<td><\/td>\n<td><\/td>\n<\/tr>\n<\/tbody>\n<\/table>\n<p>\u201cEste programa es de car\u00e1cter p\u00fablico, ajeno a cualquier partido pol\u00edtico. Queda prohibido su uso para fines distintos al Desarrollo Social\u201d<\/p>\n","protected":false},"excerpt":{"rendered":"<p>Convocatoria P\u00fablica IODEMC 1, para acceder a los apoyos del programa \u00abIncubaci\u00f3n de Empresas\u00bb Red de Aliados del IODEMC Descarga\u00a0la convocatoria Descarga la solicitud \u201cEste programa es de car\u00e1cter p\u00fablico, ajeno a cualquier partido pol\u00edtico. Queda prohibido su uso para fines distintos al Desarrollo Social\u201d<\/p>\n","protected":false},"author":1,"featured_media":435,"parent":0,"menu_order":0,"comment_status":"closed","ping_status":"closed","template":"","meta":{"episode_type":"","audio_file":"","podmotor_file_id":"","podmotor_episode_id":"","cover_image":"","cover_image_id":"","duration":"","filesize":"","filesize_raw":"","date_recorded":"","explicit":"","block":"","itunes_episode_number":"","itunes_title":"","itunes_season_number":"","itunes_episode_type":"","footnotes":""},"categories":[],"tags":[],"class_list":["post-378","page","type-page","status-publish","has-post-thumbnail","hentry"],"acf":[],"publishpress_future_action":{"enabled":false,"date":"2026-04-22 20:41:02","action":"change-status","newStatus":"draft","terms":[],"taxonomy":"category","extraData":[]},"publishpress_future_workflow_manual_trigger":{"enabledWorkflows":[]},"_links":{"self":[{"href":"https:\/\/www.oaxaca.gob.mx\/iodemc\/wp-json\/wp\/v2\/pages\/378","targetHints":{"allow":["GET"]}}],"collection":[{"href":"https:\/\/www.oaxaca.gob.mx\/iodemc\/wp-json\/wp\/v2\/pages"}],"about":[{"href":"https:\/\/www.oaxaca.gob.mx\/iodemc\/wp-json\/wp\/v2\/types\/page"}],"author":[{"embeddable":true,"href":"https:\/\/www.oaxaca.gob.mx\/iodemc\/wp-json\/wp\/v2\/users\/1"}],"replies":[{"embeddable":true,"href":"https:\/\/www.oaxaca.gob.mx\/iodemc\/wp-json\/wp\/v2\/comments?post=378"}],"version-history":[{"count":0,"href":"https:\/\/www.oaxaca.gob.mx\/iodemc\/wp-json\/wp\/v2\/pages\/378\/revisions"}],"wp:featuredmedia":[{"embeddable":true,"href":"https:\/\/www.oaxaca.gob.mx\/iodemc\/wp-json\/wp\/v2\/media\/435"}],"wp:attachment":[{"href":"https:\/\/www.oaxaca.gob.mx\/iodemc\/wp-json\/wp\/v2\/media?parent=378"}],"wp:term":[{"taxonomy":"category","embeddable":true,"href":"https:\/\/www.oaxaca.gob.mx\/iodemc\/wp-json\/wp\/v2\/categories?post=378"},{"taxonomy":"post_tag","embeddable":true,"href":"https:\/\/www.oaxaca.gob.mx\/iodemc\/wp-json\/wp\/v2\/tags?post=378"}],"curies":[{"name":"wp","href":"https:\/\/api.w.org\/{rel}","templated":true}]}}