{"id":83,"date":"2016-02-23T11:04:18","date_gmt":"2016-02-23T17:04:18","guid":{"rendered":"http:\/\/www.sai.oaxaca.gob.mx\/?page_id=83"},"modified":"2016-02-23T11:04:18","modified_gmt":"2016-02-23T17:04:18","slug":"uj","status":"publish","type":"page","link":"https:\/\/www.oaxaca.gob.mx\/interculturalidad\/uj\/","title":{"rendered":"Unidad Juridica"},"content":{"rendered":"<p>\t\t\t\tRepresenta legalmente al Secretario y a sus servidores p\u00fablicos, ante cualquier autoridad administrativa o jurisdiccional, en donde tenga injerencia la Secretar\u00eda y\/o sus \u00f3rganos administrativos.<br \/>\nEsta representaci\u00f3n tendr\u00e1 los efectos de mandato judicial y se entiende conferida sin perjuicio de que, en su caso, el Secretario asuma por s\u00ed mismo la intervenci\u00f3n que en dichos actos le corresponde;\u00a0Interviene en los asuntos de car\u00e1cter legal en que tenga injerencia o inter\u00e9s la Secretar\u00eda; Asesora e interviene en el an\u00e1lisis, propuesta y formulaci\u00f3n de anteproyectos de iniciativas de leyes, decretos, reglamentos, circulares, acuerdos, despachos, convenios y dem\u00e1s documentos que suscriba el Secretario, en el \u00e1mbito de su competencia.\t\t<\/p>\n","protected":false},"excerpt":{"rendered":"<p>Representa legalmente al Secretario y a sus servidores p\u00fablicos, ante cualquier autoridad administrativa o jurisdiccional, en donde tenga injerencia la Secretar\u00eda y\/o sus \u00f3rganos administrativos. Esta representaci\u00f3n tendr\u00e1 los efectos de mandato judicial y se entiende conferida sin perjuicio de que, en su caso, el Secretario asuma por s\u00ed mismo la intervenci\u00f3n que en dichos [&hellip;]<\/p>\n","protected":false},"author":1,"featured_media":0,"parent":0,"menu_order":0,"comment_status":"closed","ping_status":"closed","template":"","meta":{"episode_type":"","audio_file":"","podmotor_file_id":"","podmotor_episode_id":"","cover_image":"","cover_image_id":"","duration":"","filesize":"","filesize_raw":"","date_recorded":"","explicit":"","block":"","itunes_episode_number":"","itunes_title":"","itunes_season_number":"","itunes_episode_type":"","footnotes":""},"categories":[],"tags":[],"class_list":["post-83","page","type-page","status-publish","hentry"],"acf":[],"publishpress_future_action":{"enabled":false,"date":"2026-05-06 15:25:02","action":"change-status","newStatus":"draft","terms":[],"taxonomy":"category","extraData":[]},"publishpress_future_workflow_manual_trigger":{"enabledWorkflows":[]},"_links":{"self":[{"href":"https:\/\/www.oaxaca.gob.mx\/interculturalidad\/wp-json\/wp\/v2\/pages\/83","targetHints":{"allow":["GET"]}}],"collection":[{"href":"https:\/\/www.oaxaca.gob.mx\/interculturalidad\/wp-json\/wp\/v2\/pages"}],"about":[{"href":"https:\/\/www.oaxaca.gob.mx\/interculturalidad\/wp-json\/wp\/v2\/types\/page"}],"author":[{"embeddable":true,"href":"https:\/\/www.oaxaca.gob.mx\/interculturalidad\/wp-json\/wp\/v2\/users\/1"}],"replies":[{"embeddable":true,"href":"https:\/\/www.oaxaca.gob.mx\/interculturalidad\/wp-json\/wp\/v2\/comments?post=83"}],"version-history":[{"count":0,"href":"https:\/\/www.oaxaca.gob.mx\/interculturalidad\/wp-json\/wp\/v2\/pages\/83\/revisions"}],"wp:attachment":[{"href":"https:\/\/www.oaxaca.gob.mx\/interculturalidad\/wp-json\/wp\/v2\/media?parent=83"}],"wp:term":[{"taxonomy":"category","embeddable":true,"href":"https:\/\/www.oaxaca.gob.mx\/interculturalidad\/wp-json\/wp\/v2\/categories?post=83"},{"taxonomy":"post_tag","embeddable":true,"href":"https:\/\/www.oaxaca.gob.mx\/interculturalidad\/wp-json\/wp\/v2\/tags?post=83"}],"curies":[{"name":"wp","href":"https:\/\/api.w.org\/{rel}","templated":true}]}}

<p>				Representa legalmente al Secretario y a sus servidores públicos, ante cualquier autoridad administrativa o jurisdiccional, en donde tenga injerencia la Secretaría y/o sus órganos administrativos.<br />
Esta representación tendrá los efectos de mandato judicial y se entiende conferida sin perjuicio de que, en su caso, el Secretario asuma por sí mismo la intervención que en dichos actos le corresponde; Interviene en los asuntos de carácter legal en que tenga injerencia o interés la Secretaría; Asesora e interviene en el análisis, propuesta y formulación de anteproyectos de iniciativas de leyes, decretos, reglamentos, circulares, acuerdos, despachos, convenios y demás documentos que suscriba el Secretario, en el ámbito de su competencia.		</p>

<p>Representa legalmente al Secretario y a sus servidores públicos, ante cualquier autoridad administrativa o jurisdiccional, en donde tenga injerencia la Secretaría y/o sus órganos administrativos. Esta representación tendrá los efectos de mandato judicial y se entiende conferida sin perjuicio de que, en su caso, el Secretario asuma por sí mismo la intervención que en dichos [&hellip;]</p>
