{"id":81,"date":"2016-02-23T11:01:01","date_gmt":"2016-02-23T17:01:01","guid":{"rendered":"http:\/\/www.sai.oaxaca.gob.mx\/?page_id=81"},"modified":"2016-02-23T11:01:01","modified_gmt":"2016-02-23T17:01:01","slug":"ut","status":"publish","type":"page","link":"https:\/\/www.oaxaca.gob.mx\/interculturalidad\/ut\/","title":{"rendered":"Unidad T\u00e9cnica"},"content":{"rendered":"<p>\t\t\t\tEstablece las bases y desarrolla los procedimientos necesarios, a fin de proporcionar al Secretario, la informaci\u00f3n de car\u00e1cter estrat\u00e9gico que sirva para la definici\u00f3n de temas prioritarios de la agenda;\u00a0Lleva el registro y seguimiento puntual de los acuerdos y compromisos que el Secretario contraiga con los pueblos y comunidades ind\u00edgenas, eventos oficiales en la materia y los emanados del Subcomit\u00e9 Especial para la Atenci\u00f3n de los Pueblos y Comunidades Ind\u00edgenas en el Estado de Oaxaca, del Comit\u00e9 de Regulaci\u00f3n de los Pueblos Ind\u00edgenas de la CDI, y en general en todos aquellos donde el Secretario participe;\u00a0Concentra y proporcionar la informaci\u00f3n o estudios inherentes a los pueblos y comunidades ind\u00edgenas, que le solicite el Secretario, para la toma de decisiones;\u00a0Elabora el programa de trabajo de la Unidad T\u00e9cnica, para su integraci\u00f3n en el Anteproyecto del Presupuesto de Egresos de la Secretar\u00eda.\t\t<\/p>\n","protected":false},"excerpt":{"rendered":"<p>Establece las bases y desarrolla los procedimientos necesarios, a fin de proporcionar al Secretario, la informaci\u00f3n de car\u00e1cter estrat\u00e9gico que sirva para la definici\u00f3n de temas prioritarios de la agenda;\u00a0Lleva el registro y seguimiento puntual de los acuerdos y compromisos que el Secretario contraiga con los pueblos y comunidades ind\u00edgenas, eventos oficiales en la materia [&hellip;]<\/p>\n","protected":false},"author":1,"featured_media":0,"parent":0,"menu_order":0,"comment_status":"closed","ping_status":"closed","template":"","meta":{"episode_type":"","audio_file":"","podmotor_file_id":"","podmotor_episode_id":"","cover_image":"","cover_image_id":"","duration":"","filesize":"","filesize_raw":"","date_recorded":"","explicit":"","block":"","itunes_episode_number":"","itunes_title":"","itunes_season_number":"","itunes_episode_type":"","footnotes":""},"categories":[],"tags":[],"class_list":["post-81","page","type-page","status-publish","hentry"],"acf":[],"publishpress_future_action":{"enabled":false,"date":"2026-05-06 15:26:46","action":"change-status","newStatus":"draft","terms":[],"taxonomy":"category","extraData":[]},"publishpress_future_workflow_manual_trigger":{"enabledWorkflows":[]},"_links":{"self":[{"href":"https:\/\/www.oaxaca.gob.mx\/interculturalidad\/wp-json\/wp\/v2\/pages\/81","targetHints":{"allow":["GET"]}}],"collection":[{"href":"https:\/\/www.oaxaca.gob.mx\/interculturalidad\/wp-json\/wp\/v2\/pages"}],"about":[{"href":"https:\/\/www.oaxaca.gob.mx\/interculturalidad\/wp-json\/wp\/v2\/types\/page"}],"author":[{"embeddable":true,"href":"https:\/\/www.oaxaca.gob.mx\/interculturalidad\/wp-json\/wp\/v2\/users\/1"}],"replies":[{"embeddable":true,"href":"https:\/\/www.oaxaca.gob.mx\/interculturalidad\/wp-json\/wp\/v2\/comments?post=81"}],"version-history":[{"count":0,"href":"https:\/\/www.oaxaca.gob.mx\/interculturalidad\/wp-json\/wp\/v2\/pages\/81\/revisions"}],"wp:attachment":[{"href":"https:\/\/www.oaxaca.gob.mx\/interculturalidad\/wp-json\/wp\/v2\/media?parent=81"}],"wp:term":[{"taxonomy":"category","embeddable":true,"href":"https:\/\/www.oaxaca.gob.mx\/interculturalidad\/wp-json\/wp\/v2\/categories?post=81"},{"taxonomy":"post_tag","embeddable":true,"href":"https:\/\/www.oaxaca.gob.mx\/interculturalidad\/wp-json\/wp\/v2\/tags?post=81"}],"curies":[{"name":"wp","href":"https:\/\/api.w.org\/{rel}","templated":true}]}}

Unidad Técnica

<p>				Establece las bases y desarrolla los procedimientos necesarios, a fin de proporcionar al Secretario, la información de carácter estratégico que sirva para la definición de temas prioritarios de la agenda; Lleva el registro y seguimiento puntual de los acuerdos y compromisos que el Secretario contraiga con los pueblos y comunidades indígenas, eventos oficiales en la materia y los emanados del Subcomité Especial para la Atención de los Pueblos y Comunidades Indígenas en el Estado de Oaxaca, del Comité de Regulación de los Pueblos Indígenas de la CDI, y en general en todos aquellos donde el Secretario participe; Concentra y proporcionar la información o estudios inherentes a los pueblos y comunidades indígenas, que le solicite el Secretario, para la toma de decisiones; Elabora el programa de trabajo de la Unidad Técnica, para su integración en el Anteproyecto del Presupuesto de Egresos de la Secretaría.		</p>

<p>Establece las bases y desarrolla los procedimientos necesarios, a fin de proporcionar al Secretario, la información de carácter estratégico que sirva para la definición de temas prioritarios de la agenda; Lleva el registro y seguimiento puntual de los acuerdos y compromisos que el Secretario contraiga con los pueblos y comunidades indígenas, eventos oficiales en la materia [&hellip;]</p>
