{"id":76,"date":"2016-02-23T10:56:26","date_gmt":"2016-02-23T16:56:26","guid":{"rendered":"http:\/\/www.sai.oaxaca.gob.mx\/?page_id=76"},"modified":"2016-02-23T10:56:26","modified_gmt":"2016-02-23T16:56:26","slug":"dfci","status":"publish","type":"page","link":"https:\/\/www.oaxaca.gob.mx\/interculturalidad\/dfci\/","title":{"rendered":"Direcci\u00f3n de Fortalecimiento Cultural e Interculturalidad"},"content":{"rendered":"<p>\t\t\t\tEmprende programas de rescate y conservaci\u00f3n, fortalecimiento y revitalizaci\u00f3n de las culturas y lenguas ind\u00edgenas de Oaxaca; Contribuir en la traducci\u00f3n y difusi\u00f3n de las pol\u00edticas, programas y proyectos del gobierno estatal relativos a pueblos ind\u00edgenas, en las lenguas ind\u00edgenas del estado; Coordinar con los pueblos ind\u00edgenas, el desarrollo de programas de estudio, investigaci\u00f3n, documentaci\u00f3n, comunicaci\u00f3n y difusi\u00f3n del patrimonio cultural e intelectual de los pueblos ind\u00edgenas y comunidades afromexicanas; Promover mecanismos de coordinaci\u00f3n interinstitucional, que permitan hacer m\u00e1s eficientes las acciones en materia de promoci\u00f3n cultural e intercultural de los pueblos ind\u00edgenas del estado.\t\t<\/p>\n","protected":false},"excerpt":{"rendered":"<p>Emprende programas de rescate y conservaci\u00f3n, fortalecimiento y revitalizaci\u00f3n de las culturas y lenguas ind\u00edgenas de Oaxaca; Contribuir en la traducci\u00f3n y difusi\u00f3n de las pol\u00edticas, programas y proyectos del gobierno estatal relativos a pueblos ind\u00edgenas, en las lenguas ind\u00edgenas del estado; Coordinar con los pueblos ind\u00edgenas, el desarrollo de programas de estudio, investigaci\u00f3n, documentaci\u00f3n, [&hellip;]<\/p>\n","protected":false},"author":1,"featured_media":0,"parent":0,"menu_order":0,"comment_status":"closed","ping_status":"closed","template":"","meta":{"episode_type":"","audio_file":"","podmotor_file_id":"","podmotor_episode_id":"","cover_image":"","cover_image_id":"","duration":"","filesize":"","filesize_raw":"","date_recorded":"","explicit":"","block":"","itunes_episode_number":"","itunes_title":"","itunes_season_number":"","itunes_episode_type":"","footnotes":""},"categories":[],"tags":[],"class_list":["post-76","page","type-page","status-publish","hentry"],"acf":[],"publishpress_future_action":{"enabled":false,"date":"2026-05-06 15:25:02","action":"change-status","newStatus":"draft","terms":[],"taxonomy":"category","extraData":[]},"publishpress_future_workflow_manual_trigger":{"enabledWorkflows":[]},"_links":{"self":[{"href":"https:\/\/www.oaxaca.gob.mx\/interculturalidad\/wp-json\/wp\/v2\/pages\/76","targetHints":{"allow":["GET"]}}],"collection":[{"href":"https:\/\/www.oaxaca.gob.mx\/interculturalidad\/wp-json\/wp\/v2\/pages"}],"about":[{"href":"https:\/\/www.oaxaca.gob.mx\/interculturalidad\/wp-json\/wp\/v2\/types\/page"}],"author":[{"embeddable":true,"href":"https:\/\/www.oaxaca.gob.mx\/interculturalidad\/wp-json\/wp\/v2\/users\/1"}],"replies":[{"embeddable":true,"href":"https:\/\/www.oaxaca.gob.mx\/interculturalidad\/wp-json\/wp\/v2\/comments?post=76"}],"version-history":[{"count":0,"href":"https:\/\/www.oaxaca.gob.mx\/interculturalidad\/wp-json\/wp\/v2\/pages\/76\/revisions"}],"wp:attachment":[{"href":"https:\/\/www.oaxaca.gob.mx\/interculturalidad\/wp-json\/wp\/v2\/media?parent=76"}],"wp:term":[{"taxonomy":"category","embeddable":true,"href":"https:\/\/www.oaxaca.gob.mx\/interculturalidad\/wp-json\/wp\/v2\/categories?post=76"},{"taxonomy":"post_tag","embeddable":true,"href":"https:\/\/www.oaxaca.gob.mx\/interculturalidad\/wp-json\/wp\/v2\/tags?post=76"}],"curies":[{"name":"wp","href":"https:\/\/api.w.org\/{rel}","templated":true}]}}

Dirección de Fortalecimiento Cultural e Interculturalidad

<p>				Emprende programas de rescate y conservación, fortalecimiento y revitalización de las culturas y lenguas indígenas de Oaxaca; Contribuir en la traducción y difusión de las políticas, programas y proyectos del gobierno estatal relativos a pueblos indígenas, en las lenguas indígenas del estado; Coordinar con los pueblos indígenas, el desarrollo de programas de estudio, investigación, documentación, comunicación y difusión del patrimonio cultural e intelectual de los pueblos indígenas y comunidades afromexicanas; Promover mecanismos de coordinación interinstitucional, que permitan hacer más eficientes las acciones en materia de promoción cultural e intercultural de los pueblos indígenas del estado.		</p>

<p>Emprende programas de rescate y conservación, fortalecimiento y revitalización de las culturas y lenguas indígenas de Oaxaca; Contribuir en la traducción y difusión de las políticas, programas y proyectos del gobierno estatal relativos a pueblos indígenas, en las lenguas indígenas del estado; Coordinar con los pueblos indígenas, el desarrollo de programas de estudio, investigación, documentación, [&hellip;]</p>
