{"id":74,"date":"2016-02-23T10:48:51","date_gmt":"2016-02-23T16:48:51","guid":{"rendered":"http:\/\/www.sai.oaxaca.gob.mx\/?page_id=74"},"modified":"2016-02-23T10:48:51","modified_gmt":"2016-02-23T16:48:51","slug":"dpgdc","status":"publish","type":"page","link":"https:\/\/www.oaxaca.gob.mx\/interculturalidad\/dpgdc\/","title":{"rendered":"Direcci\u00f3n de Planeaci\u00f3n y Gesti\u00f3n para el Desarrollo Comunitario"},"content":{"rendered":"<p>\t\t\t\tPropone mecanismos de coordinaci\u00f3n interinstitucional, para el asesoramiento en la elaboraci\u00f3n y ejecuci\u00f3n de los planes de desarrollo integral sustentable de los pueblos ind\u00edgenas;<br \/>\nPromueve y realiza reuniones con organizaciones ind\u00edgenas, de la sociedad civil, acad\u00e9micos, investigadores, entre otros, para que participen en la elaboraci\u00f3n de los planes comunitarios, municipales y regionales de desarrollo integral sustentable de los pueblos ind\u00edgenas y afromexicanos;<br \/>\nConcerta con dependencias e instituciones del gobierno federal, estatal y municipal, organismos no gubernamentales e internacionales, para la gesti\u00f3n de recursos financieros en apoyo a proyectos de desarrollo integral sustentable, en beneficio de los pueblos ind\u00edgenas.\t\t<\/p>\n","protected":false},"excerpt":{"rendered":"<p>Propone mecanismos de coordinaci\u00f3n interinstitucional, para el asesoramiento en la elaboraci\u00f3n y ejecuci\u00f3n de los planes de desarrollo integral sustentable de los pueblos ind\u00edgenas; Promueve y realiza reuniones con organizaciones ind\u00edgenas, de la sociedad civil, acad\u00e9micos, investigadores, entre otros, para que participen en la elaboraci\u00f3n de los planes comunitarios, municipales y regionales de desarrollo integral [&hellip;]<\/p>\n","protected":false},"author":1,"featured_media":0,"parent":0,"menu_order":0,"comment_status":"closed","ping_status":"closed","template":"","meta":{"episode_type":"","audio_file":"","podmotor_file_id":"","podmotor_episode_id":"","cover_image":"","cover_image_id":"","duration":"","filesize":"","filesize_raw":"","date_recorded":"","explicit":"","block":"","itunes_episode_number":"","itunes_title":"","itunes_season_number":"","itunes_episode_type":"","footnotes":""},"categories":[],"tags":[],"class_list":["post-74","page","type-page","status-publish","hentry"],"acf":[],"publishpress_future_action":{"enabled":false,"date":"2026-05-06 15:26:19","action":"change-status","newStatus":"draft","terms":[],"taxonomy":"category","extraData":[]},"publishpress_future_workflow_manual_trigger":{"enabledWorkflows":[]},"_links":{"self":[{"href":"https:\/\/www.oaxaca.gob.mx\/interculturalidad\/wp-json\/wp\/v2\/pages\/74","targetHints":{"allow":["GET"]}}],"collection":[{"href":"https:\/\/www.oaxaca.gob.mx\/interculturalidad\/wp-json\/wp\/v2\/pages"}],"about":[{"href":"https:\/\/www.oaxaca.gob.mx\/interculturalidad\/wp-json\/wp\/v2\/types\/page"}],"author":[{"embeddable":true,"href":"https:\/\/www.oaxaca.gob.mx\/interculturalidad\/wp-json\/wp\/v2\/users\/1"}],"replies":[{"embeddable":true,"href":"https:\/\/www.oaxaca.gob.mx\/interculturalidad\/wp-json\/wp\/v2\/comments?post=74"}],"version-history":[{"count":0,"href":"https:\/\/www.oaxaca.gob.mx\/interculturalidad\/wp-json\/wp\/v2\/pages\/74\/revisions"}],"wp:attachment":[{"href":"https:\/\/www.oaxaca.gob.mx\/interculturalidad\/wp-json\/wp\/v2\/media?parent=74"}],"wp:term":[{"taxonomy":"category","embeddable":true,"href":"https:\/\/www.oaxaca.gob.mx\/interculturalidad\/wp-json\/wp\/v2\/categories?post=74"},{"taxonomy":"post_tag","embeddable":true,"href":"https:\/\/www.oaxaca.gob.mx\/interculturalidad\/wp-json\/wp\/v2\/tags?post=74"}],"curies":[{"name":"wp","href":"https:\/\/api.w.org\/{rel}","templated":true}]}}

Dirección de Planeación y Gestión para el Desarrollo Comunitario

<p>				Propone mecanismos de coordinación interinstitucional, para el asesoramiento en la elaboración y ejecución de los planes de desarrollo integral sustentable de los pueblos indígenas;<br />
Promueve y realiza reuniones con organizaciones indígenas, de la sociedad civil, académicos, investigadores, entre otros, para que participen en la elaboración de los planes comunitarios, municipales y regionales de desarrollo integral sustentable de los pueblos indígenas y afromexicanos;<br />
Concerta con dependencias e instituciones del gobierno federal, estatal y municipal, organismos no gubernamentales e internacionales, para la gestión de recursos financieros en apoyo a proyectos de desarrollo integral sustentable, en beneficio de los pueblos indígenas.		</p>

<p>Propone mecanismos de coordinación interinstitucional, para el asesoramiento en la elaboración y ejecución de los planes de desarrollo integral sustentable de los pueblos indígenas; Promueve y realiza reuniones con organizaciones indígenas, de la sociedad civil, académicos, investigadores, entre otros, para que participen en la elaboración de los planes comunitarios, municipales y regionales de desarrollo integral [&hellip;]</p>
