{"id":3937,"date":"2019-07-30T13:44:02","date_gmt":"2019-07-30T18:44:02","guid":{"rendered":"https:\/\/www.oaxaca.gob.mx\/sepia\/?page_id=3937"},"modified":"2019-07-30T13:44:02","modified_gmt":"2019-07-30T18:44:02","slug":"capacitacion-para-la-sensibilizacion-a-servidores-publicos-en-el-tema-indigena-y-afromexicano","status":"publish","type":"page","link":"https:\/\/www.oaxaca.gob.mx\/interculturalidad\/capacitacion-para-la-sensibilizacion-a-servidores-publicos-en-el-tema-indigena-y-afromexicano\/","title":{"rendered":"Capacitaci\u00f3n para la sensibilizaci\u00f3n a servidores p\u00fablicos, en el tema ind\u00edgena y afromexicano"},"content":{"rendered":"<table width=\"700\" cellspacing=\"0\" cellpadding=\"5\">\n<tbody>\n<tr class=\"prop\">\n<td class=\"id\" colspan=\"2\" valign=\"top\"><strong><label for=\"nomServicio\">Tr\u00e1mite o servicio<\/label><\/strong><\/p>\n<div id=\"nomServicio\" class=\"dialog-servicios\">Capacitaci\u00f3n para la sensibilizaci\u00f3n a servidores p\u00fablicos, en el tema ind\u00edgena y afromexicano<\/div>\n<\/td>\n<\/tr>\n<tr class=\"prop\">\n<td class=\"id\" valign=\"top\"><strong><label for=\"descServicio\">Descripci\u00f3n\u00a0del tramite o servicio<\/label><\/strong><\/p>\n<div id=\"descServicio\" class=\"dialog-servicios\">Brindar capacitaci\u00f3n a personal del servicio p\u00fablico municipal y estatal, as\u00ed como a los l\u00edderes y grupos comunitarios, para fomentar la interculturalidad y la transversalidad en materia ind\u00edgena y afromexicana<\/div>\n<\/td>\n<\/tr>\n<tr class=\"prop\">\n<td class=\"id\" valign=\"top\"><strong><label for=\"beneficiosUsuario\">Beneficios para el usuario<\/label><\/strong><\/p>\n<div id=\"beneficiosUsuario\" class=\"dialog-servicios\">Obtener conocimiento acerca de la importancia de brindar la atenci\u00f3n debida a la poblaci\u00f3n ind\u00edgena y afromexicana.<\/div>\n<\/td>\n<\/tr>\n<tr class=\"prop\">\n<td class=\"id\" valign=\"top\"><strong><label for=\"derechosUsuario\">Tipo de Usuario<\/label><\/strong><\/p>\n<div id=\"tipoUsuario\" class=\"dialog-servicios\">Personal del servicio p\u00fablico municipal y estatal, l\u00edderes y grupos comunitarios.<\/div>\n<\/td>\n<\/tr>\n<tr class=\"prop\">\n<td class=\"id\" valign=\"top\"><strong><label for=\"requisitos\">Requisitos<\/label><\/strong><\/p>\n<div id=\"requisitos\" class=\"dialog-servicios\">Solicitar el servicio v\u00eda telef\u00f3nica, correo electr\u00f3nico o de manera escrita<\/div>\n<\/td>\n<\/tr>\n<tr class=\"prop\">\n<td class=\"id\" valign=\"top\"><strong><label for=\"costoServicio\">Duraci\u00f3n del tr\u00e1mite<\/label><\/strong><\/p>\n<div id=\"caducidad\" class=\"dialog-servicios\">1 hora \u201cTiempo estimado para recepci\u00f3n de documentos en gesti\u00f3n territorial, dependiendo de la carga de trabajo\u201d.<\/div>\n<\/td>\n<\/tr>\n<tr class=\"prop\">\n<td class=\"id\" valign=\"top\"><label for=\"doc Obtener\"><strong>Particularidades<\/strong> <\/label><\/p>\n<div id=\"particularidades\" class=\"dialog-servicios\"><\/div>\n<\/td>\n<\/tr>\n<tr class=\"prop\">\n<td class=\"id\" valign=\"top\"><label for=\"doc Obtener\"><strong>Modalidades<\/strong> <\/label><\/p>\n<div id=\"modalidades\" class=\"dialog-servicios\">1.- Personal del servicio p\u00fablico municipal y estatal 2.- L\u00edderes y grupos comunitarios en localidades con poblaci\u00f3n ind\u00edgena o afromexicana.<\/div>\n<\/td>\n<\/tr>\n<tr class=\"prop\">\n<td class=\"id\" valign=\"top\"><strong><label for=\"sustLegal\">Fundamento\u00a0<\/label><\/strong><b>jur\u00eddico<\/b><\/p>\n<div id=\"sustLegal\" class=\"dialog-servicios\">Art\u00edculos 43 fracci\u00f3n VII de la Ley Org\u00e1nica del Poder Ejecutivo del Estado de Oaxaca y 18 fracci\u00f3n III, 19 fracci\u00f3n II, 22 fracciones IV y VII y 24 fracciones VI, VII y VIII del Reglamento Interno de la Secretar\u00eda de Asuntos Ind\u00edgenas.<\/div>\n<\/td>\n<\/tr>\n<tr class=\"prop\">\n<td class=\"id\" valign=\"top\"><strong><label for=\"costoServicio\">Costo<\/label><\/strong><\/p>\n<div id=\"costoServicio\" class=\"dialog-servicios\">\u201cGratuito\u201d<\/div>\n<\/td>\n<\/tr>\n<tr class=\"prop\">\n<td class=\"id\" valign=\"top\"><strong><label for=\"doc Obtener\">Documento que se obtendr\u00e1<\/label><\/strong><\/p>\n<div id=\"docFinal\" class=\"dialog-servicios\">Reconocimiento de participaci\u00f3n<\/div>\n<\/td>\n<\/tr>\n<tr class=\"prop\">\n<td class=\"id\" valign=\"top\"><strong><label for=\"costoServicio\">Vigencia del documento que se obtendr\u00e1<\/label><\/strong><\/p>\n<div id=\"vigencia\" class=\"dialog-servicios\">\u201cNo aplica\u201d<\/div>\n<\/td>\n<\/tr>\n<tr class=\"prop\">\n<td class=\"id\" valign=\"top\"><strong><label for=\"derechosUsuario\">Derechos del usuario ante la negativa de respuesta<\/label><\/strong><\/p>\n<div id=\"derechosUsuario\" class=\"dialog-servicios\">\u201cReportar su queja dentro de la Dependencia o ante la Secretar\u00eda de la Contralor\u00eda y Transparencia Gubernamental\u201d o \u201cEl usuario podr\u00e1 volver a presentar su solicitud cuantas veces sea necesario.\u201d<\/div>\n<\/td>\n<\/tr>\n<tr class=\"prop\">\n<td class=\"id\" valign=\"top\"><strong><label for=\"doc Obtener\">Quejas o denuncias<\/label><\/strong><\/p>\n<div id=\"queja\" class=\"dialog-servicios\">\u201cSecretaria de la Contralor\u00eda y Transparencia Gubernamental, ubicado en Ciudad Administrativa Benem\u00e9rito de las Am\u00e9ricas Edificio 2 \u201cRufino Tamayo\u201d, primer piso, Carretera Oaxaca-Istmo Km 11.5, Tlalixtac de Cabrera, Oaxaca, \u00f3 al correo electr\u00f3nico quejas@contralor\u00eda-oaxaca.gob.mx, o marcando a los siguientes tel\u00e9fonos 01 (951)501 5000 extensiones 10474, 10475, 10479, 10480, 10491, 11819, 01800 712 75 79, 01800 712 75 80, 01800 HONESTO.\u201d Sugerencias al correo electr\u00f3nico sepia@oaxaca.gob.mx.<\/div>\n<\/td>\n<\/tr>\n<\/tbody>\n<\/table>\n","protected":false},"excerpt":{"rendered":"<p>Tr\u00e1mite o servicio Capacitaci\u00f3n para la sensibilizaci\u00f3n a servidores p\u00fablicos, en el tema ind\u00edgena y afromexicano Descripci\u00f3n\u00a0del tramite o servicio Brindar capacitaci\u00f3n a personal del servicio p\u00fablico municipal y estatal, as\u00ed como a los l\u00edderes y grupos comunitarios, para fomentar la interculturalidad y la transversalidad en materia ind\u00edgena y afromexicana Beneficios para el usuario Obtener [&hellip;]<\/p>\n","protected":false},"author":7,"featured_media":0,"parent":0,"menu_order":0,"comment_status":"closed","ping_status":"closed","template":"","meta":{"episode_type":"","audio_file":"","podmotor_file_id":"","podmotor_episode_id":"","cover_image":"","cover_image_id":"","duration":"","filesize":"","filesize_raw":"","date_recorded":"","explicit":"","block":"","itunes_episode_number":"","itunes_title":"","itunes_season_number":"","itunes_episode_type":"","footnotes":""},"categories":[],"tags":[],"class_list":["post-3937","page","type-page","status-publish","hentry"],"acf":[],"publishpress_future_action":{"enabled":false,"date":"2026-05-06 15:26:17","action":"change-status","newStatus":"draft","terms":[],"taxonomy":"category","extraData":[]},"publishpress_future_workflow_manual_trigger":{"enabledWorkflows":[]},"_links":{"self":[{"href":"https:\/\/www.oaxaca.gob.mx\/interculturalidad\/wp-json\/wp\/v2\/pages\/3937","targetHints":{"allow":["GET"]}}],"collection":[{"href":"https:\/\/www.oaxaca.gob.mx\/interculturalidad\/wp-json\/wp\/v2\/pages"}],"about":[{"href":"https:\/\/www.oaxaca.gob.mx\/interculturalidad\/wp-json\/wp\/v2\/types\/page"}],"author":[{"embeddable":true,"href":"https:\/\/www.oaxaca.gob.mx\/interculturalidad\/wp-json\/wp\/v2\/users\/7"}],"replies":[{"embeddable":true,"href":"https:\/\/www.oaxaca.gob.mx\/interculturalidad\/wp-json\/wp\/v2\/comments?post=3937"}],"version-history":[{"count":1,"href":"https:\/\/www.oaxaca.gob.mx\/interculturalidad\/wp-json\/wp\/v2\/pages\/3937\/revisions"}],"predecessor-version":[{"id":3938,"href":"https:\/\/www.oaxaca.gob.mx\/interculturalidad\/wp-json\/wp\/v2\/pages\/3937\/revisions\/3938"}],"wp:attachment":[{"href":"https:\/\/www.oaxaca.gob.mx\/interculturalidad\/wp-json\/wp\/v2\/media?parent=3937"}],"wp:term":[{"taxonomy":"category","embeddable":true,"href":"https:\/\/www.oaxaca.gob.mx\/interculturalidad\/wp-json\/wp\/v2\/categories?post=3937"},{"taxonomy":"post_tag","embeddable":true,"href":"https:\/\/www.oaxaca.gob.mx\/interculturalidad\/wp-json\/wp\/v2\/tags?post=3937"}],"curies":[{"name":"wp","href":"https:\/\/api.w.org\/{rel}","templated":true}]}}

Capacitación para la sensibilización a servidores públicos, en el tema indígena y afromexicano

<table width="700" cellspacing="0" cellpadding="5">
<tbody>
<tr class="prop">
<td class="id" colspan="2" valign="top"><strong><label for="nomServicio">Trámite o servicio</label></strong></p>
<div id="nomServicio" class="dialog-servicios">Capacitación para la sensibilización a servidores públicos, en el tema indígena y afromexicano</div>
</td>
</tr>
<tr class="prop">
<td class="id" valign="top"><strong><label for="descServicio">Descripción del tramite o servicio</label></strong></p>
<div id="descServicio" class="dialog-servicios">Brindar capacitación a personal del servicio público municipal y estatal, así como a los líderes y grupos comunitarios, para fomentar la interculturalidad y la transversalidad en materia indígena y afromexicana</div>
</td>
</tr>
<tr class="prop">
<td class="id" valign="top"><strong><label for="beneficiosUsuario">Beneficios para el usuario</label></strong></p>
<div id="beneficiosUsuario" class="dialog-servicios">Obtener conocimiento acerca de la importancia de brindar la atención debida a la población indígena y afromexicana.</div>
</td>
</tr>
<tr class="prop">
<td class="id" valign="top"><strong><label for="derechosUsuario">Tipo de Usuario</label></strong></p>
<div id="tipoUsuario" class="dialog-servicios">Personal del servicio público municipal y estatal, líderes y grupos comunitarios.</div>
</td>
</tr>
<tr class="prop">
<td class="id" valign="top"><strong><label for="requisitos">Requisitos</label></strong></p>
<div id="requisitos" class="dialog-servicios">Solicitar el servicio vía telefónica, correo electrónico o de manera escrita</div>
</td>
</tr>
<tr class="prop">
<td class="id" valign="top"><strong><label for="costoServicio">Duración del trámite</label></strong></p>
<div id="caducidad" class="dialog-servicios">1 hora “Tiempo estimado para recepción de documentos en gestión territorial, dependiendo de la carga de trabajo”.</div>
</td>
</tr>
<tr class="prop">
<td class="id" valign="top"><label for="doc Obtener"><strong>Particularidades</strong> </label></p>
<div id="particularidades" class="dialog-servicios"></div>
</td>
</tr>
<tr class="prop">
<td class="id" valign="top"><label for="doc Obtener"><strong>Modalidades</strong> </label></p>
<div id="modalidades" class="dialog-servicios">1.- Personal del servicio público municipal y estatal 2.- Líderes y grupos comunitarios en localidades con población indígena o afromexicana.</div>
</td>
</tr>
<tr class="prop">
<td class="id" valign="top"><strong><label for="sustLegal">Fundamento </label></strong><b>jurídico</b></p>
<div id="sustLegal" class="dialog-servicios">Artículos 43 fracción VII de la Ley Orgánica del Poder Ejecutivo del Estado de Oaxaca y 18 fracción III, 19 fracción II, 22 fracciones IV y VII y 24 fracciones VI, VII y VIII del Reglamento Interno de la Secretaría de Asuntos Indígenas.</div>
</td>
</tr>
<tr class="prop">
<td class="id" valign="top"><strong><label for="costoServicio">Costo</label></strong></p>
<div id="costoServicio" class="dialog-servicios">“Gratuito”</div>
</td>
</tr>
<tr class="prop">
<td class="id" valign="top"><strong><label for="doc Obtener">Documento que se obtendrá</label></strong></p>
<div id="docFinal" class="dialog-servicios">Reconocimiento de participación</div>
</td>
</tr>
<tr class="prop">
<td class="id" valign="top"><strong><label for="costoServicio">Vigencia del documento que se obtendrá</label></strong></p>
<div id="vigencia" class="dialog-servicios">“No aplica”</div>
</td>
</tr>
<tr class="prop">
<td class="id" valign="top"><strong><label for="derechosUsuario">Derechos del usuario ante la negativa de respuesta</label></strong></p>
<div id="derechosUsuario" class="dialog-servicios">“Reportar su queja dentro de la Dependencia o ante la Secretaría de la Contraloría y Transparencia Gubernamental” o “El usuario podrá volver a presentar su solicitud cuantas veces sea necesario.”</div>
</td>
</tr>
<tr class="prop">
<td class="id" valign="top"><strong><label for="doc Obtener">Quejas o denuncias</label></strong></p>
<div id="queja" class="dialog-servicios">“Secretaria de la Contraloría y Transparencia Gubernamental, ubicado en Ciudad Administrativa Benemérito de las Américas Edificio 2 “Rufino Tamayo”, primer piso, Carretera Oaxaca-Istmo Km 11.5, Tlalixtac de Cabrera, Oaxaca, ó al correo electrónico quejas@contraloría-oaxaca.gob.mx, o marcando a los siguientes teléfonos 01 (951)501 5000 extensiones 10474, 10475, 10479, 10480, 10491, 11819, 01800 712 75 79, 01800 712 75 80, 01800 HONESTO.” Sugerencias al correo electrónico sepia@oaxaca.gob.mx.</div>
</td>
</tr>
</tbody>
</table>

<p>Trámite o servicio Capacitación para la sensibilización a servidores públicos, en el tema indígena y afromexicano Descripción del tramite o servicio Brindar capacitación a personal del servicio público municipal y estatal, así como a los líderes y grupos comunitarios, para fomentar la interculturalidad y la transversalidad en materia indígena y afromexicana Beneficios para el usuario Obtener [&hellip;]</p>
