{"id":3927,"date":"2019-07-30T13:14:08","date_gmt":"2019-07-30T18:14:08","guid":{"rendered":"https:\/\/www.oaxaca.gob.mx\/sepia\/?page_id=3927"},"modified":"2023-01-17T18:03:36","modified_gmt":"2023-01-18T00:03:36","slug":"tramites-y-servicios-2","status":"publish","type":"page","link":"https:\/\/www.oaxaca.gob.mx\/interculturalidad\/tramites-y-servicios-2\/","title":{"rendered":"Tr\u00e1mites y servicios"},"content":{"rendered":"<p>&nbsp;<\/p>\n<p style=\"text-align: center\"><a href=\"https:\/\/www.oaxaca.gob.mx\/sepia\/asesoria-y-acompanamiento-a-mujeres-indigenas-victimas-de-violencia\/\">Asesor\u00eda y acompa\u00f1amiento a mujeres ind\u00edgenas v\u00edctimas de violencia<\/a><\/p>\n<p style=\"text-align: center\"><a href=\"https:\/\/www.oaxaca.gob.mx\/sepia\/brindar-asesoria-y-capacitacion-a-los-pueblos-y-comunidades-indigenas-y-afromexicana\/\">Brindar Asesor\u00eda y capacitaci\u00f3n a los pueblos y comunidades Ind\u00edgenas y afromexicana<\/a><\/p>\n<p style=\"text-align: center\"><a href=\"https:\/\/www.oaxaca.gob.mx\/sepia\/capacitacion-para-la-sensibilizacion-a-servidores-publicos-en-el-tema-indigena-y-afromexicano\/\">Capacitaci\u00f3n para la sensibilizaci\u00f3n a servidores p\u00fablicos, en el tema ind\u00edgena y afromexicano<\/a><\/p>\n<p style=\"text-align: center\"><a href=\"https:\/\/www.oaxaca.gob.mx\/sepia\/atencion-gestion-y-acompanamiento-a-los-pueblos-y-comunidades-indigenas-de-oaxaca-ante-las-instancias-gubernamentales-para-la-atencion-de-sus-demandas\/\">Atenci\u00f3n, gesti\u00f3n y acompa\u00f1amiento a los pueblos y comunidades Ind\u00edgenas de Oaxaca, ante las instancias gubernamentales para la atenci\u00f3n de sus demandas<\/a><\/p>\n<p style=\"text-align: center\"><a href=\"https:\/\/www.oaxaca.gob.mx\/sepia\/tramites-y-servicios-transparencia\/\">Tr\u00e1mites y Servicios Transparencia<\/a><\/p>\n","protected":false},"excerpt":{"rendered":"<p>&nbsp; Asesor\u00eda y acompa\u00f1amiento a mujeres ind\u00edgenas v\u00edctimas de violencia Brindar Asesor\u00eda y capacitaci\u00f3n a los pueblos y comunidades Ind\u00edgenas y afromexicana Capacitaci\u00f3n para la sensibilizaci\u00f3n a servidores p\u00fablicos, en el tema ind\u00edgena y afromexicano Atenci\u00f3n, gesti\u00f3n y acompa\u00f1amiento a los pueblos y comunidades Ind\u00edgenas de Oaxaca, ante las instancias gubernamentales para la atenci\u00f3n de [&hellip;]<\/p>\n","protected":false},"author":7,"featured_media":0,"parent":0,"menu_order":0,"comment_status":"closed","ping_status":"closed","template":"","meta":{"episode_type":"","audio_file":"","podmotor_file_id":"","podmotor_episode_id":"","cover_image":"","cover_image_id":"","duration":"","filesize":"","filesize_raw":"","date_recorded":"","explicit":"","block":"","itunes_episode_number":"","itunes_title":"","itunes_season_number":"","itunes_episode_type":"","footnotes":""},"categories":[],"tags":[],"class_list":["post-3927","page","type-page","status-publish","hentry"],"acf":[],"publishpress_future_action":{"enabled":false,"date":"2026-05-06 13:54:17","action":"change-status","newStatus":"draft","terms":[],"taxonomy":"category","extraData":[]},"publishpress_future_workflow_manual_trigger":{"enabledWorkflows":[]},"_links":{"self":[{"href":"https:\/\/www.oaxaca.gob.mx\/interculturalidad\/wp-json\/wp\/v2\/pages\/3927","targetHints":{"allow":["GET"]}}],"collection":[{"href":"https:\/\/www.oaxaca.gob.mx\/interculturalidad\/wp-json\/wp\/v2\/pages"}],"about":[{"href":"https:\/\/www.oaxaca.gob.mx\/interculturalidad\/wp-json\/wp\/v2\/types\/page"}],"author":[{"embeddable":true,"href":"https:\/\/www.oaxaca.gob.mx\/interculturalidad\/wp-json\/wp\/v2\/users\/7"}],"replies":[{"embeddable":true,"href":"https:\/\/www.oaxaca.gob.mx\/interculturalidad\/wp-json\/wp\/v2\/comments?post=3927"}],"version-history":[{"count":8,"href":"https:\/\/www.oaxaca.gob.mx\/interculturalidad\/wp-json\/wp\/v2\/pages\/3927\/revisions"}],"predecessor-version":[{"id":5858,"href":"https:\/\/www.oaxaca.gob.mx\/interculturalidad\/wp-json\/wp\/v2\/pages\/3927\/revisions\/5858"}],"wp:attachment":[{"href":"https:\/\/www.oaxaca.gob.mx\/interculturalidad\/wp-json\/wp\/v2\/media?parent=3927"}],"wp:term":[{"taxonomy":"category","embeddable":true,"href":"https:\/\/www.oaxaca.gob.mx\/interculturalidad\/wp-json\/wp\/v2\/categories?post=3927"},{"taxonomy":"post_tag","embeddable":true,"href":"https:\/\/www.oaxaca.gob.mx\/interculturalidad\/wp-json\/wp\/v2\/tags?post=3927"}],"curies":[{"name":"wp","href":"https:\/\/api.w.org\/{rel}","templated":true}]}}

Trámites y servicios

<p>&nbsp;</p>
<p style="text-align: center"><a href="https://www.oaxaca.gob.mx/sepia/asesoria-y-acompanamiento-a-mujeres-indigenas-victimas-de-violencia/">Asesoría y acompañamiento a mujeres indígenas víctimas de violencia</a></p>
<p style="text-align: center"><a href="https://www.oaxaca.gob.mx/sepia/brindar-asesoria-y-capacitacion-a-los-pueblos-y-comunidades-indigenas-y-afromexicana/">Brindar Asesoría y capacitación a los pueblos y comunidades Indígenas y afromexicana</a></p>
<p style="text-align: center"><a href="https://www.oaxaca.gob.mx/sepia/capacitacion-para-la-sensibilizacion-a-servidores-publicos-en-el-tema-indigena-y-afromexicano/">Capacitación para la sensibilización a servidores públicos, en el tema indígena y afromexicano</a></p>
<p style="text-align: center"><a href="https://www.oaxaca.gob.mx/sepia/atencion-gestion-y-acompanamiento-a-los-pueblos-y-comunidades-indigenas-de-oaxaca-ante-las-instancias-gubernamentales-para-la-atencion-de-sus-demandas/">Atención, gestión y acompañamiento a los pueblos y comunidades Indígenas de Oaxaca, ante las instancias gubernamentales para la atención de sus demandas</a></p>
<p style="text-align: center"><a href="https://www.oaxaca.gob.mx/sepia/tramites-y-servicios-transparencia/">Trámites y Servicios Transparencia</a></p>

<p>&nbsp; Asesoría y acompañamiento a mujeres indígenas víctimas de violencia Brindar Asesoría y capacitación a los pueblos y comunidades Indígenas y afromexicana Capacitación para la sensibilización a servidores públicos, en el tema indígena y afromexicano Atención, gestión y acompañamiento a los pueblos y comunidades Indígenas de Oaxaca, ante las instancias gubernamentales para la atención de [&hellip;]</p>
