{"id":3479,"date":"2016-02-22T12:47:43","date_gmt":"2016-02-22T18:47:43","guid":{"rendered":"http:\/\/www.sai.oaxaca.gob.mx\/?page_id=14"},"modified":"2016-02-22T12:47:43","modified_gmt":"2016-02-22T18:47:43","slug":"objetivo-general","status":"publish","type":"page","link":"https:\/\/www.oaxaca.gob.mx\/interculturalidad\/objetivo-general\/","title":{"rendered":"Objetivo General"},"content":{"rendered":"<p>\t\t\t\tEl objetivo de la Secretar\u00eda de Asuntos Ind\u00edgenas es planificar, coordinar, promover y ejecutar pol\u00edticas, programas y accio<span class=\"text_exposed_show\">nes de gobierno, con la finalidad de lograr el desarrollo pol\u00edtico, jur\u00eddico, econ\u00f3mico, social y cultural de los pueblos ind\u00edgenas del Estado de Oaxaca, a partir de sus propias concepciones y con su participaci\u00f3n plena y efectiva, garantizando el debido reconocimiento y la implementaci\u00f3n de los derechos de los pueblos ind\u00edgenas, en particular su derecho a la libre determinaci\u00f3n, contenidos en los instrumentos legales estatales, nacionales e internacionales.<\/span>\t\t<\/p>\n","protected":false},"excerpt":{"rendered":"<p>El objetivo de la Secretar\u00eda de Asuntos Ind\u00edgenas es planificar, coordinar, promover y ejecutar pol\u00edticas, programas y acciones de gobierno, con la finalidad de lograr el desarrollo pol\u00edtico, jur\u00eddico, econ\u00f3mico, social y cultural de los pueblos ind\u00edgenas del Estado de Oaxaca, a partir de sus propias concepciones y con su participaci\u00f3n plena y efectiva, garantizando [&hellip;]<\/p>\n","protected":false},"author":1,"featured_media":0,"parent":0,"menu_order":0,"comment_status":"closed","ping_status":"closed","template":"","meta":{"episode_type":"","audio_file":"","podmotor_file_id":"","podmotor_episode_id":"","cover_image":"","cover_image_id":"","duration":"","filesize":"","filesize_raw":"","date_recorded":"","explicit":"","block":"","itunes_episode_number":"","itunes_title":"","itunes_season_number":"","itunes_episode_type":"","footnotes":""},"categories":[],"tags":[],"class_list":["post-3479","page","type-page","status-publish","hentry"],"acf":[],"publishpress_future_action":{"enabled":false,"date":"2026-05-06 15:26:59","action":"change-status","newStatus":"draft","terms":[],"taxonomy":"category","extraData":[]},"publishpress_future_workflow_manual_trigger":{"enabledWorkflows":[]},"_links":{"self":[{"href":"https:\/\/www.oaxaca.gob.mx\/interculturalidad\/wp-json\/wp\/v2\/pages\/3479","targetHints":{"allow":["GET"]}}],"collection":[{"href":"https:\/\/www.oaxaca.gob.mx\/interculturalidad\/wp-json\/wp\/v2\/pages"}],"about":[{"href":"https:\/\/www.oaxaca.gob.mx\/interculturalidad\/wp-json\/wp\/v2\/types\/page"}],"author":[{"embeddable":true,"href":"https:\/\/www.oaxaca.gob.mx\/interculturalidad\/wp-json\/wp\/v2\/users\/1"}],"replies":[{"embeddable":true,"href":"https:\/\/www.oaxaca.gob.mx\/interculturalidad\/wp-json\/wp\/v2\/comments?post=3479"}],"version-history":[{"count":0,"href":"https:\/\/www.oaxaca.gob.mx\/interculturalidad\/wp-json\/wp\/v2\/pages\/3479\/revisions"}],"wp:attachment":[{"href":"https:\/\/www.oaxaca.gob.mx\/interculturalidad\/wp-json\/wp\/v2\/media?parent=3479"}],"wp:term":[{"taxonomy":"category","embeddable":true,"href":"https:\/\/www.oaxaca.gob.mx\/interculturalidad\/wp-json\/wp\/v2\/categories?post=3479"},{"taxonomy":"post_tag","embeddable":true,"href":"https:\/\/www.oaxaca.gob.mx\/interculturalidad\/wp-json\/wp\/v2\/tags?post=3479"}],"curies":[{"name":"wp","href":"https:\/\/api.w.org\/{rel}","templated":true}]}}

<p>				El objetivo de la Secretaría de Asuntos Indígenas es planificar, coordinar, promover y ejecutar políticas, programas y accio<span class="text_exposed_show">nes de gobierno, con la finalidad de lograr el desarrollo político, jurídico, económico, social y cultural de los pueblos indígenas del Estado de Oaxaca, a partir de sus propias concepciones y con su participación plena y efectiva, garantizando el debido reconocimiento y la implementación de los derechos de los pueblos indígenas, en particular su derecho a la libre determinación, contenidos en los instrumentos legales estatales, nacionales e internacionales.</span>		</p>

<p>El objetivo de la Secretaría de Asuntos Indígenas es planificar, coordinar, promover y ejecutar políticas, programas y acciones de gobierno, con la finalidad de lograr el desarrollo político, jurídico, económico, social y cultural de los pueblos indígenas del Estado de Oaxaca, a partir de sus propias concepciones y con su participación plena y efectiva, garantizando [&hellip;]</p>
