{"id":301,"date":"2016-09-29T13:10:48","date_gmt":"2016-09-29T19:10:48","guid":{"rendered":"http:\/\/www.sai.oaxaca.gob.mx\/?page_id=301"},"modified":"2016-09-29T13:10:48","modified_gmt":"2016-09-29T19:10:48","slug":"varios","status":"publish","type":"page","link":"https:\/\/www.oaxaca.gob.mx\/interculturalidad\/varios\/","title":{"rendered":"Documentos varios"},"content":{"rendered":"<p>\t\t\t\t<a href=\"http:\/\/www.sai.oaxaca.gob.mx\/wp-content\/uploads\/2016\/09\/PRONUNCIAMIENTO-VI-ENCUENTRO-1.pdf\" target=\"_blank\" rel=\"noopener noreferrer\">&#8211; Pronunciamiento del VI Encuentro Estatal de Mujeres Ind\u00edgenas y Afromexicanas de Oaxaca<\/a>.<\/p>\n<p><a href=\"http:\/\/www.sai.oaxaca.gob.mx\/wp-content\/uploads\/2016\/09\/Redistritacion_electoral_en_Oaxaca.pdf\" target=\"_blank\" rel=\"noopener noreferrer\">&#8211; Redistritaci\u00f3n electoral en Oaxaca, el criterio de la integridad de los pueblos ind\u00edgenas.<\/a><\/p>\n<p><a href=\"http:\/\/www.sai.oaxaca.gob.mx\/wp-content\/uploads\/2016\/09\/ResolutivoIVEncuentro.pdf\" target=\"_blank\" rel=\"noopener noreferrer\">&#8211; Resolutivo del IV Encuentro Estatal de Mujeres Ind\u00edgenas y Afromexicanas de Oaxaca<\/a>.<\/p>\n<p><a href=\"http:\/\/www.sai.oaxaca.gob.mx\/wp-content\/uploads\/2016\/09\/MEMORIA-EVENTO-INTERCULTURALIDAD-OCTUBRE-2013.pdf\" target=\"_blank\" rel=\"noopener noreferrer\">&#8211; Interculturalidad para todas y todos Di\u00e1logo de Experiencias Ind\u00edgenas e Interculturales de Oaxaca.<\/a><\/p>\n<p><a href=\"http:\/\/www.sai.oaxaca.gob.mx\/wp-content\/uploads\/2016\/09\/RESOLUTIVO-DEL-III-ENCUENTRO-ESTATAL-DE-MUJERES-INDIGENAS-Y-AFROMEXICANAS-SEPT.-2013.pdf\" target=\"_blank\" rel=\"noopener noreferrer\">&#8211; Resolutivo del III Encuentro Estatal de Mujeres Ind\u00edgenas y Afromexicanas de Oaxaca.<\/a><\/p>\n<p><a href=\"http:\/\/www.sai.oaxaca.gob.mx\/wp-content\/uploads\/2016\/09\/Declaratoria-Foro-cambio-climatico-Oaxaca.pdf\" target=\"_blank\" rel=\"noopener noreferrer\">&#8211; Declaratoria Foro Cambio Clim\u00e1tico Oaxaca<\/a><\/p>\n<p><a href=\"http:\/\/www.sai.oaxaca.gob.mx\/wp-content\/uploads\/2016\/09\/DECLARATORIA-SEGUNDO-ENCUENTRO-ESTATAL-DE-MUJERES-INDIGENAS-Y-AFROMEXICANAS-DE-OAXACA.pdf\" target=\"_blank\" rel=\"noopener noreferrer\">&#8211; Declaratoria del II Encuentro Estatal de Mujeres Ind\u00edgenas y Afromexicanas de Oaxaca.<\/a><\/p>\n<p><a href=\"http:\/\/www.sai.oaxaca.gob.mx\/wp-content\/uploads\/2016\/09\/MEMORIA-ENCUENTRO-VERSION-DIGITAL.pdf\" target=\"_blank\" rel=\"noopener noreferrer\">&#8211; Memoria. Primer Encuentro Estatal de Mujeres Ind\u00edgenas y Afromexicanas de Oaxaca.<\/a><\/p>\n<p><a href=\"http:\/\/www.sai.oaxaca.gob.mx\/wp-content\/uploads\/2016\/09\/decl-mujeres-indigenas.pdf\" target=\"_blank\" rel=\"noopener noreferrer\">&#8211; Declaratoria del Encuentro Estatal de Mujeres Ind\u00edgenas y Afromexicanas de Oaxaca.<\/a><\/p>\n<p><a href=\"http:\/\/www.sai.oaxaca.gob.mx\/wp-content\/uploads\/2016\/09\/foroguelatao.pdf\" target=\"_blank\" rel=\"noopener noreferrer\">&#8211; Foro Estatal de los Pueblos Ind\u00edgenas de Oaxaca.<\/a><\/p>\n","protected":false},"excerpt":{"rendered":"<p>&#8211; Pronunciamiento del VI Encuentro Estatal de Mujeres Ind\u00edgenas y Afromexicanas de Oaxaca. &#8211; Redistritaci\u00f3n electoral en Oaxaca, el criterio de la integridad de los pueblos ind\u00edgenas. &#8211; Resolutivo del IV Encuentro Estatal de Mujeres Ind\u00edgenas y Afromexicanas de Oaxaca. &#8211; Interculturalidad para todas y todos Di\u00e1logo de Experiencias Ind\u00edgenas e Interculturales de Oaxaca. &#8211; [&hellip;]<\/p>\n","protected":false},"author":1,"featured_media":0,"parent":0,"menu_order":0,"comment_status":"closed","ping_status":"closed","template":"","meta":{"episode_type":"","audio_file":"","podmotor_file_id":"","podmotor_episode_id":"","cover_image":"","cover_image_id":"","duration":"","filesize":"","filesize_raw":"","date_recorded":"","explicit":"","block":"","itunes_episode_number":"","itunes_title":"","itunes_season_number":"","itunes_episode_type":"","footnotes":""},"categories":[],"tags":[],"class_list":["post-301","page","type-page","status-publish","hentry"],"acf":[],"publishpress_future_action":{"enabled":false,"date":"2026-05-06 15:26:45","action":"change-status","newStatus":"draft","terms":[],"taxonomy":"category","extraData":[]},"publishpress_future_workflow_manual_trigger":{"enabledWorkflows":[]},"_links":{"self":[{"href":"https:\/\/www.oaxaca.gob.mx\/interculturalidad\/wp-json\/wp\/v2\/pages\/301","targetHints":{"allow":["GET"]}}],"collection":[{"href":"https:\/\/www.oaxaca.gob.mx\/interculturalidad\/wp-json\/wp\/v2\/pages"}],"about":[{"href":"https:\/\/www.oaxaca.gob.mx\/interculturalidad\/wp-json\/wp\/v2\/types\/page"}],"author":[{"embeddable":true,"href":"https:\/\/www.oaxaca.gob.mx\/interculturalidad\/wp-json\/wp\/v2\/users\/1"}],"replies":[{"embeddable":true,"href":"https:\/\/www.oaxaca.gob.mx\/interculturalidad\/wp-json\/wp\/v2\/comments?post=301"}],"version-history":[{"count":0,"href":"https:\/\/www.oaxaca.gob.mx\/interculturalidad\/wp-json\/wp\/v2\/pages\/301\/revisions"}],"wp:attachment":[{"href":"https:\/\/www.oaxaca.gob.mx\/interculturalidad\/wp-json\/wp\/v2\/media?parent=301"}],"wp:term":[{"taxonomy":"category","embeddable":true,"href":"https:\/\/www.oaxaca.gob.mx\/interculturalidad\/wp-json\/wp\/v2\/categories?post=301"},{"taxonomy":"post_tag","embeddable":true,"href":"https:\/\/www.oaxaca.gob.mx\/interculturalidad\/wp-json\/wp\/v2\/tags?post=301"}],"curies":[{"name":"wp","href":"https:\/\/api.w.org\/{rel}","templated":true}]}}

<p>				<a href="http://www.sai.oaxaca.gob.mx/wp-content/uploads/2016/09/PRONUNCIAMIENTO-VI-ENCUENTRO-1.pdf" target="_blank" rel="noopener noreferrer">&#8211; Pronunciamiento del VI Encuentro Estatal de Mujeres Indígenas y Afromexicanas de Oaxaca</a>.</p>
<p><a href="http://www.sai.oaxaca.gob.mx/wp-content/uploads/2016/09/Redistritacion_electoral_en_Oaxaca.pdf" target="_blank" rel="noopener noreferrer">&#8211; Redistritación electoral en Oaxaca, el criterio de la integridad de los pueblos indígenas.</a></p>
<p><a href="http://www.sai.oaxaca.gob.mx/wp-content/uploads/2016/09/ResolutivoIVEncuentro.pdf" target="_blank" rel="noopener noreferrer">&#8211; Resolutivo del IV Encuentro Estatal de Mujeres Indígenas y Afromexicanas de Oaxaca</a>.</p>
<p><a href="http://www.sai.oaxaca.gob.mx/wp-content/uploads/2016/09/MEMORIA-EVENTO-INTERCULTURALIDAD-OCTUBRE-2013.pdf" target="_blank" rel="noopener noreferrer">&#8211; Interculturalidad para todas y todos Diálogo de Experiencias Indígenas e Interculturales de Oaxaca.</a></p>
<p><a href="http://www.sai.oaxaca.gob.mx/wp-content/uploads/2016/09/RESOLUTIVO-DEL-III-ENCUENTRO-ESTATAL-DE-MUJERES-INDIGENAS-Y-AFROMEXICANAS-SEPT.-2013.pdf" target="_blank" rel="noopener noreferrer">&#8211; Resolutivo del III Encuentro Estatal de Mujeres Indígenas y Afromexicanas de Oaxaca.</a></p>
<p><a href="http://www.sai.oaxaca.gob.mx/wp-content/uploads/2016/09/Declaratoria-Foro-cambio-climatico-Oaxaca.pdf" target="_blank" rel="noopener noreferrer">&#8211; Declaratoria Foro Cambio Climático Oaxaca</a></p>
<p><a href="http://www.sai.oaxaca.gob.mx/wp-content/uploads/2016/09/DECLARATORIA-SEGUNDO-ENCUENTRO-ESTATAL-DE-MUJERES-INDIGENAS-Y-AFROMEXICANAS-DE-OAXACA.pdf" target="_blank" rel="noopener noreferrer">&#8211; Declaratoria del II Encuentro Estatal de Mujeres Indígenas y Afromexicanas de Oaxaca.</a></p>
<p><a href="http://www.sai.oaxaca.gob.mx/wp-content/uploads/2016/09/MEMORIA-ENCUENTRO-VERSION-DIGITAL.pdf" target="_blank" rel="noopener noreferrer">&#8211; Memoria. Primer Encuentro Estatal de Mujeres Indígenas y Afromexicanas de Oaxaca.</a></p>
<p><a href="http://www.sai.oaxaca.gob.mx/wp-content/uploads/2016/09/decl-mujeres-indigenas.pdf" target="_blank" rel="noopener noreferrer">&#8211; Declaratoria del Encuentro Estatal de Mujeres Indígenas y Afromexicanas de Oaxaca.</a></p>
<p><a href="http://www.sai.oaxaca.gob.mx/wp-content/uploads/2016/09/foroguelatao.pdf" target="_blank" rel="noopener noreferrer">&#8211; Foro Estatal de los Pueblos Indígenas de Oaxaca.</a></p>

<p>&#8211; Pronunciamiento del VI Encuentro Estatal de Mujeres Indígenas y Afromexicanas de Oaxaca. &#8211; Redistritación electoral en Oaxaca, el criterio de la integridad de los pueblos indígenas. &#8211; Resolutivo del IV Encuentro Estatal de Mujeres Indígenas y Afromexicanas de Oaxaca. &#8211; Interculturalidad para todas y todos Diálogo de Experiencias Indígenas e Interculturales de Oaxaca. &#8211; [&hellip;]</p>
