{"id":292,"date":"2016-09-29T13:06:26","date_gmt":"2016-09-29T19:06:26","guid":{"rendered":"http:\/\/www.sai.oaxaca.gob.mx\/?page_id=292"},"modified":"2016-09-29T13:06:26","modified_gmt":"2016-09-29T19:06:26","slug":"docint","status":"publish","type":"page","link":"https:\/\/www.oaxaca.gob.mx\/interculturalidad\/docint\/","title":{"rendered":"Documentos de Interes"},"content":{"rendered":"<p>\t\t\t\t<a href=\"http:\/\/www.sai.oaxaca.gob.mx\/wp-content\/uploads\/2016\/09\/MUNI_C_PRESENCIA_DE_15LENGIND.pdf\">&#8211; Municipios con presencia de las 15 Lenguas Ind\u00edgenas, Reconocidas en el Estado de Oaxaca<\/a><\/p>\n<p><strong>CONVENIOS CON UNIVERSIDADES<\/strong><\/p>\n<p style=\"padding-left: 30px\">&#8211; <a href=\"http:\/\/www.sai.oaxaca.gob.mx\/wp-content\/uploads\/2016\/09\/CONVENIO-COESIDA-2017.pdf\">CONVENIO COESIDA<\/a><\/p>\n<p style=\"padding-left: 30px\">&#8211; <a href=\"http:\/\/www.sai.oaxaca.gob.mx\/wp-content\/uploads\/2016\/09\/CONVENIO-UABJO-2017.pdf\">CONVENIO UABJO <\/a><\/p>\n<p style=\"padding-left: 30px\">&#8211;\u00a0<a href=\"http:\/\/www.sai.oaxaca.gob.mx\/wp-content\/uploads\/2017\/12\/Convenio-UTSSO.pdf\" target=\"_blank\" rel=\"noopener noreferrer\">CONVENIO COLABORACI\u00d3N SAI UTSSO<\/a><\/p>\n<p style=\"padding-left: 30px\">&#8211;\u00a0<a href=\"http:\/\/www.sai.oaxaca.gob.mx\/wp-content\/uploads\/2016\/09\/CONVENIO-COLABORACI\u00d3N-SAI-COCYT.pdf\" target=\"_blank\" rel=\"noopener noreferrer\">CONVENIO COLABORACI\u00d3N SAI COCYT<\/a><\/p>\n<p style=\"padding-left: 30px\">&#8211;\u00a0<a href=\"http:\/\/www.sai.oaxaca.gob.mx\/wp-content\/uploads\/2016\/09\/Convenio-UTM.pdf\">Convenio de colaboraci\u00f3n en materia de Servicio Social con la UTM<\/a><\/p>\n<p style=\"padding-left: 30px\"><a href=\"http:\/\/www.sai.oaxaca.gob.mx\/wp-content\/uploads\/2016\/09\/Convenio-LA-SALLE.pdf\">&#8211; Convenio de colaboraci\u00f3n en materia de Servicio Social y\/o Practicas Profesionales con LA SALLE<\/a><\/p>\n<p style=\"padding-left: 30px\"><a href=\"http:\/\/www.sai.oaxaca.gob.mx\/wp-content\/uploads\/2016\/09\/Convenio-UTO-Valles-Centrales.pdf\">&#8211; Convenio espec\u00edfico para Estad\u00edas Profesionales con la UTO Valles Centrales<\/a><\/p>\n<p style=\"padding-left: 30px\"><a href=\"http:\/\/www.sai.oaxaca.gob.mx\/wp-content\/uploads\/2016\/09\/Convenio-URSE.pdf\">&#8211; Convenio de colaboraci\u00f3n en materia de Servicio Social con la URSE<\/a><\/p>\n<p style=\"padding-left: 30px\"><a href=\"http:\/\/www.sai.oaxaca.gob.mx\/wp-content\/uploads\/2016\/09\/Convenio-ITSAL.pdf\">&#8211; Convenio de colaboraci\u00f3n en materia de Servicio Social con el ITSAL<\/a><\/p>\n<p style=\"padding-left: 30px\"><a href=\"http:\/\/www.sai.oaxaca.gob.mx\/wp-content\/uploads\/2016\/09\/Convenio-JOS\u00cb-VASCONCELOS.pdf\">&#8211; Convenio de colaboraci\u00f3n en materia de Servicio Social con la UNIVERSIDAD JOS\u00c9 VASCONCELOS<\/a><\/p>\n<p style=\"padding-left: 30px\"><a href=\"http:\/\/www.sai.oaxaca.gob.mx\/wp-content\/uploads\/2016\/09\/Convenio-ATENEO.pdf\">&#8211; Convenio de colaboraci\u00f3n en materia de Servicio Social con el ATENEO<\/a><\/p>\n<p style=\"padding-left: 30px\"><a href=\"http:\/\/www.sai.oaxaca.gob.mx\/wp-content\/uploads\/2016\/09\/Convenio-MUNDO-MAYA.pdf\">&#8211; Convenio de colaboraci\u00f3n en materia de Servicio Social con la UNIVERSIDAD MUNDO MAYA<\/a><\/p>\n<p style=\"padding-left: 30px\"><a href=\"http:\/\/www.sai.oaxaca.gob.mx\/wp-content\/uploads\/2016\/09\/Convenio-CLEU.pdf\">&#8211; Convenio de colaboraci\u00f3n en materia de Servicio Social con el CLEU<\/a><\/p>\n<p style=\"padding-left: 30px\"><a href=\"http:\/\/www.sai.oaxaca.gob.mx\/wp-content\/uploads\/2016\/09\/Convenio-Ciencias-Jur\u00eddicas.pdf\">&#8211; Convenio de colaboraci\u00f3n en materia de Servicio Social con el Instituto de Ciencias Jur\u00eddicas<\/a><\/p>\n<p style=\"padding-left: 30px\"><a href=\"http:\/\/www.sai.oaxaca.gob.mx\/wp-content\/uploads\/2016\/09\/Convenio-Ser-Soc-ITO.pdf\">&#8211; Convenio de colaboraci\u00f3n en materia de Servicio Social con el ITO<\/a><\/p>\n<p style=\"padding-left: 30px\"><a href=\"http:\/\/www.sai.oaxaca.gob.mx\/wp-content\/uploads\/2016\/09\/Convenio-Residencias-ITO.pdf\">&#8211; Convenio de colaboraci\u00f3n en materia de Residencias Profesionales con el ITO<\/a><\/p>\n<p><a href=\"http:\/\/www.sai.oaxaca.gob.mx\/wp-content\/uploads\/2017\/02\/barrita.png\"><img loading=\"lazy\" decoding=\"async\" class=\"alignnone size-medium wp-image-435\" src=\"http:\/\/www.sai.oaxaca.gob.mx\/wp-content\/uploads\/2017\/02\/barrita-300x5.png\" alt=\"barrita\" width=\"300\" height=\"5\" \/><\/a><\/p>\n<p><a href=\"http:\/\/www.sai.oaxaca.gob.mx\/wp-content\/uploads\/2016\/11\/Monografias-de-comunidades-Zapotecas-Xhon-y-Xidza-de-la-Sierra-Norte-de-Oaxaca_.pdf\">&#8211; Monograf\u00edas de comunidades Zapotecas Xhon y Xidza de la Sierra Norte de Oaxaca<\/a><\/p>\n<p><a href=\"http:\/\/www.sai.oaxaca.gob.mx\/wp-content\/uploads\/2016\/09\/cdi_protocolo_consulta_pueblos-indigenas_2014.pdf\" target=\"_blank\" rel=\"noopener noreferrer\">&#8211; Protocolo para la implementaci\u00f3n de consultas a pueblos y comunidades ind\u00edgenas de conformidad con est\u00e1ndares del Convenio 169 de la Organizaci\u00f3n Internacional del Trabajo sobre Pueblos Ind\u00edgenas y Tribales en Pa\u00edses Independientes<\/a><\/p>\n<p><a href=\"http:\/\/www.sai.oaxaca.gob.mx\/wp-content\/uploads\/2016\/09\/convenio169OIT.pdf\" target=\"_blank\" rel=\"noopener noreferrer\">&#8211; C169 Convenio sobre pueblos ind\u00edgenas y tribales, 1989.<\/a><\/p>\n<p><a href=\"http:\/\/www.sai.oaxaca.gob.mx\/wp-content\/uploads\/2016\/09\/DE_ACDH.pdf\" target=\"_blank\" rel=\"noopener noreferrer\">&#8211; Documentos del Encuentro de Pueblos Ind\u00edgenas de Oaxaca con la Alta Comisionada de la ONU para los Derechos Humanos.<\/a><\/p>\n<p><a href=\"http:\/\/www.sai.oaxaca.gob.mx\/wp-content\/uploads\/2016\/09\/UNDRIP.pdf\" target=\"_blank\" rel=\"noopener noreferrer\">&#8211; Declaraci\u00f3n de las Naciones Unidas sobre los derechos de los pueblos ind\u00edgenas<\/a>.<\/p>\n<p><a href=\"http:\/\/www.sai.oaxaca.gob.mx\/wp-content\/uploads\/2016\/09\/ley_ind\u00edgena.pdf\" target=\"_blank\" rel=\"noopener noreferrer\">&#8211; Ley de Derechos de los Pueblos y Comunidades Ind\u00edgenas del Estado de Oaxaca.<\/a>\t\t<\/p>\n","protected":false},"excerpt":{"rendered":"<p>&#8211; Municipios con presencia de las 15 Lenguas Ind\u00edgenas, Reconocidas en el Estado de Oaxaca CONVENIOS CON UNIVERSIDADES &#8211; CONVENIO COESIDA &#8211; CONVENIO UABJO &#8211;\u00a0CONVENIO COLABORACI\u00d3N SAI UTSSO &#8211;\u00a0CONVENIO COLABORACI\u00d3N SAI COCYT &#8211;\u00a0Convenio de colaboraci\u00f3n en materia de Servicio Social con la UTM &#8211; Convenio de colaboraci\u00f3n en materia de Servicio Social y\/o Practicas Profesionales [&hellip;]<\/p>\n","protected":false},"author":1,"featured_media":0,"parent":0,"menu_order":0,"comment_status":"closed","ping_status":"closed","template":"","meta":{"episode_type":"","audio_file":"","podmotor_file_id":"","podmotor_episode_id":"","cover_image":"","cover_image_id":"","duration":"","filesize":"","filesize_raw":"","date_recorded":"","explicit":"","block":"","itunes_episode_number":"","itunes_title":"","itunes_season_number":"","itunes_episode_type":"","footnotes":""},"categories":[],"tags":[],"class_list":["post-292","page","type-page","status-publish","hentry"],"acf":[],"publishpress_future_action":{"enabled":false,"date":"2026-05-06 15:26:59","action":"change-status","newStatus":"draft","terms":[],"taxonomy":"category","extraData":[]},"publishpress_future_workflow_manual_trigger":{"enabledWorkflows":[]},"_links":{"self":[{"href":"https:\/\/www.oaxaca.gob.mx\/interculturalidad\/wp-json\/wp\/v2\/pages\/292","targetHints":{"allow":["GET"]}}],"collection":[{"href":"https:\/\/www.oaxaca.gob.mx\/interculturalidad\/wp-json\/wp\/v2\/pages"}],"about":[{"href":"https:\/\/www.oaxaca.gob.mx\/interculturalidad\/wp-json\/wp\/v2\/types\/page"}],"author":[{"embeddable":true,"href":"https:\/\/www.oaxaca.gob.mx\/interculturalidad\/wp-json\/wp\/v2\/users\/1"}],"replies":[{"embeddable":true,"href":"https:\/\/www.oaxaca.gob.mx\/interculturalidad\/wp-json\/wp\/v2\/comments?post=292"}],"version-history":[{"count":0,"href":"https:\/\/www.oaxaca.gob.mx\/interculturalidad\/wp-json\/wp\/v2\/pages\/292\/revisions"}],"wp:attachment":[{"href":"https:\/\/www.oaxaca.gob.mx\/interculturalidad\/wp-json\/wp\/v2\/media?parent=292"}],"wp:term":[{"taxonomy":"category","embeddable":true,"href":"https:\/\/www.oaxaca.gob.mx\/interculturalidad\/wp-json\/wp\/v2\/categories?post=292"},{"taxonomy":"post_tag","embeddable":true,"href":"https:\/\/www.oaxaca.gob.mx\/interculturalidad\/wp-json\/wp\/v2\/tags?post=292"}],"curies":[{"name":"wp","href":"https:\/\/api.w.org\/{rel}","templated":true}]}}

<p>				<a href="http://www.sai.oaxaca.gob.mx/wp-content/uploads/2016/09/MUNI_C_PRESENCIA_DE_15LENGIND.pdf">&#8211; Municipios con presencia de las 15 Lenguas Indígenas, Reconocidas en el Estado de Oaxaca</a></p>
<p><strong>CONVENIOS CON UNIVERSIDADES</strong></p>
<p style="padding-left: 30px">&#8211; <a href="http://www.sai.oaxaca.gob.mx/wp-content/uploads/2016/09/CONVENIO-COESIDA-2017.pdf">CONVENIO COESIDA</a></p>
<p style="padding-left: 30px">&#8211; <a href="http://www.sai.oaxaca.gob.mx/wp-content/uploads/2016/09/CONVENIO-UABJO-2017.pdf">CONVENIO UABJO </a></p>
<p style="padding-left: 30px">&#8211; <a href="http://www.sai.oaxaca.gob.mx/wp-content/uploads/2017/12/Convenio-UTSSO.pdf" target="_blank" rel="noopener noreferrer">CONVENIO COLABORACIÓN SAI UTSSO</a></p>
<p style="padding-left: 30px">&#8211; <a href="http://www.sai.oaxaca.gob.mx/wp-content/uploads/2016/09/CONVENIO-COLABORACIÓN-SAI-COCYT.pdf" target="_blank" rel="noopener noreferrer">CONVENIO COLABORACIÓN SAI COCYT</a></p>
<p style="padding-left: 30px">&#8211; <a href="http://www.sai.oaxaca.gob.mx/wp-content/uploads/2016/09/Convenio-UTM.pdf">Convenio de colaboración en materia de Servicio Social con la UTM</a></p>
<p style="padding-left: 30px"><a href="http://www.sai.oaxaca.gob.mx/wp-content/uploads/2016/09/Convenio-LA-SALLE.pdf">&#8211; Convenio de colaboración en materia de Servicio Social y/o Practicas Profesionales con LA SALLE</a></p>
<p style="padding-left: 30px"><a href="http://www.sai.oaxaca.gob.mx/wp-content/uploads/2016/09/Convenio-UTO-Valles-Centrales.pdf">&#8211; Convenio específico para Estadías Profesionales con la UTO Valles Centrales</a></p>
<p style="padding-left: 30px"><a href="http://www.sai.oaxaca.gob.mx/wp-content/uploads/2016/09/Convenio-URSE.pdf">&#8211; Convenio de colaboración en materia de Servicio Social con la URSE</a></p>
<p style="padding-left: 30px"><a href="http://www.sai.oaxaca.gob.mx/wp-content/uploads/2016/09/Convenio-ITSAL.pdf">&#8211; Convenio de colaboración en materia de Servicio Social con el ITSAL</a></p>
<p style="padding-left: 30px"><a href="http://www.sai.oaxaca.gob.mx/wp-content/uploads/2016/09/Convenio-JOSË-VASCONCELOS.pdf">&#8211; Convenio de colaboración en materia de Servicio Social con la UNIVERSIDAD JOSÉ VASCONCELOS</a></p>
<p style="padding-left: 30px"><a href="http://www.sai.oaxaca.gob.mx/wp-content/uploads/2016/09/Convenio-ATENEO.pdf">&#8211; Convenio de colaboración en materia de Servicio Social con el ATENEO</a></p>
<p style="padding-left: 30px"><a href="http://www.sai.oaxaca.gob.mx/wp-content/uploads/2016/09/Convenio-MUNDO-MAYA.pdf">&#8211; Convenio de colaboración en materia de Servicio Social con la UNIVERSIDAD MUNDO MAYA</a></p>
<p style="padding-left: 30px"><a href="http://www.sai.oaxaca.gob.mx/wp-content/uploads/2016/09/Convenio-CLEU.pdf">&#8211; Convenio de colaboración en materia de Servicio Social con el CLEU</a></p>
<p style="padding-left: 30px"><a href="http://www.sai.oaxaca.gob.mx/wp-content/uploads/2016/09/Convenio-Ciencias-Jurídicas.pdf">&#8211; Convenio de colaboración en materia de Servicio Social con el Instituto de Ciencias Jurídicas</a></p>
<p style="padding-left: 30px"><a href="http://www.sai.oaxaca.gob.mx/wp-content/uploads/2016/09/Convenio-Ser-Soc-ITO.pdf">&#8211; Convenio de colaboración en materia de Servicio Social con el ITO</a></p>
<p style="padding-left: 30px"><a href="http://www.sai.oaxaca.gob.mx/wp-content/uploads/2016/09/Convenio-Residencias-ITO.pdf">&#8211; Convenio de colaboración en materia de Residencias Profesionales con el ITO</a></p>
<p><a href="http://www.sai.oaxaca.gob.mx/wp-content/uploads/2017/02/barrita.png"><img loading="lazy" decoding="async" class="alignnone size-medium wp-image-435" src="http://www.sai.oaxaca.gob.mx/wp-content/uploads/2017/02/barrita-300x5.png" alt="barrita" width="300" height="5" /></a></p>
<p><a href="http://www.sai.oaxaca.gob.mx/wp-content/uploads/2016/11/Monografias-de-comunidades-Zapotecas-Xhon-y-Xidza-de-la-Sierra-Norte-de-Oaxaca_.pdf">&#8211; Monografías de comunidades Zapotecas Xhon y Xidza de la Sierra Norte de Oaxaca</a></p>
<p><a href="http://www.sai.oaxaca.gob.mx/wp-content/uploads/2016/09/cdi_protocolo_consulta_pueblos-indigenas_2014.pdf" target="_blank" rel="noopener noreferrer">&#8211; Protocolo para la implementación de consultas a pueblos y comunidades indígenas de conformidad con estándares del Convenio 169 de la Organización Internacional del Trabajo sobre Pueblos Indígenas y Tribales en Países Independientes</a></p>
<p><a href="http://www.sai.oaxaca.gob.mx/wp-content/uploads/2016/09/convenio169OIT.pdf" target="_blank" rel="noopener noreferrer">&#8211; C169 Convenio sobre pueblos indígenas y tribales, 1989.</a></p>
<p><a href="http://www.sai.oaxaca.gob.mx/wp-content/uploads/2016/09/DE_ACDH.pdf" target="_blank" rel="noopener noreferrer">&#8211; Documentos del Encuentro de Pueblos Indígenas de Oaxaca con la Alta Comisionada de la ONU para los Derechos Humanos.</a></p>
<p><a href="http://www.sai.oaxaca.gob.mx/wp-content/uploads/2016/09/UNDRIP.pdf" target="_blank" rel="noopener noreferrer">&#8211; Declaración de las Naciones Unidas sobre los derechos de los pueblos indígenas</a>.</p>
<p><a href="http://www.sai.oaxaca.gob.mx/wp-content/uploads/2016/09/ley_indígena.pdf" target="_blank" rel="noopener noreferrer">&#8211; Ley de Derechos de los Pueblos y Comunidades Indígenas del Estado de Oaxaca.</a>		</p>

<p>&#8211; Municipios con presencia de las 15 Lenguas Indígenas, Reconocidas en el Estado de Oaxaca CONVENIOS CON UNIVERSIDADES &#8211; CONVENIO COESIDA &#8211; CONVENIO UABJO &#8211; CONVENIO COLABORACIÓN SAI UTSSO &#8211; CONVENIO COLABORACIÓN SAI COCYT &#8211; Convenio de colaboración en materia de Servicio Social con la UTM &#8211; Convenio de colaboración en materia de Servicio Social y/o Practicas Profesionales [&hellip;]</p>
