{"id":274,"date":"2016-09-29T12:00:58","date_gmt":"2016-09-29T18:00:58","guid":{"rendered":"http:\/\/www.sai.oaxaca.gob.mx\/?page_id=274"},"modified":"2016-09-29T12:00:58","modified_gmt":"2016-09-29T18:00:58","slug":"discursos","status":"publish","type":"page","link":"https:\/\/www.oaxaca.gob.mx\/interculturalidad\/discursos\/","title":{"rendered":"Discursos"},"content":{"rendered":"<p>\t\t\t\t&lt;!&#8211;<img decoding=\"async\" src=\"http:\/\/www.sai.oaxaca.gob.mx\/wp-content\/uploads\/2016\/10\/sig.png\" \/><a href=\"http:\/\/www.sai.oaxaca.gob.mx\/wp-content\/uploads\/2016\/09\/discursoIZAMIENTO18SEP2016.pdf\">Discurso pronunciado por el: C. Clemente Jes\u00fas L\u00f3pez, Encargado de Despacho de la Secretar\u00eda de Asuntos Ind\u00edgenas del Gobierno del Estado de Oaxaca. 18 de septiembre 2016<\/a><br \/>\n<img loading=\"lazy\" decoding=\"async\" src=\"http:\/\/www.sai.oaxaca.gob.mx\/wp-content\/uploads\/2016\/08\/barrita.png\" alt=\"\" width=\"842\" height=\"9\" \/><br \/>\n<img decoding=\"async\" src=\"http:\/\/www.sai.oaxaca.gob.mx\/wp-content\/uploads\/2016\/10\/sig.png\" \/><a href=\"http:\/\/www.sai.oaxaca.gob.mx\/wp-content\/uploads\/2016\/09\/Discuso-del-Presidente-de-Guelatao-el-21-de-marzo-de-2015.pdf\" target=\"_blank\" rel=\"noopener noreferrer\">Discurso del C. Miguel Angel Mart\u00ednez Santiago, Presidente Municipal de Guelatao de Ju\u00e1rez, en ocasi\u00f3n del CCIX Aniversario del Natalicio del Lic. Benito Ju\u00e1rez Garc\u00eda \u201cBenem\u00e9rito de las Am\u00e9ricas\u201d. 21 de marzo 2015<\/a><br \/>\n<img loading=\"lazy\" decoding=\"async\" src=\"http:\/\/www.sai.oaxaca.gob.mx\/wp-content\/uploads\/2016\/08\/barrita.png\" alt=\"\" width=\"842\" height=\"9\" \/><br \/>\n<img decoding=\"async\" src=\"http:\/\/www.sai.oaxaca.gob.mx\/wp-content\/uploads\/2016\/10\/sig.png\" \/><a href=\"http:\/\/www.sai.oaxaca.gob.mx\/wp-content\/uploads\/2016\/09\/Discurso-de-comparecencia-2015.pdf\">Discurso del Lic. Adelfo Regino Montes, Secretario de Asuntos Ind\u00edgenas, ante la Comisi\u00f3n Permanente de Asuntos Ind\u00edgenas de Asuntos Ind\u00edgenas de la LXII Legislatura del Honorable Congreso del Estado. 26 enero 2015<\/a><br \/>\n<img loading=\"lazy\" decoding=\"async\" src=\"http:\/\/www.sai.oaxaca.gob.mx\/wp-content\/uploads\/2016\/08\/barrita.png\" alt=\"\" width=\"842\" height=\"9\" \/><br \/>\n<img decoding=\"async\" src=\"http:\/\/www.sai.oaxaca.gob.mx\/wp-content\/uploads\/2016\/10\/sig.png\" \/><a href=\"http:\/\/www.sai.oaxaca.gob.mx\/wp-content\/uploads\/2016\/09\/DiscursodelaGlosadeInforme.pdf\">Mensaje del Lic. Adelfo Regino Montes, Secretario de Asuntos Ind\u00edgenas del Gobierno del Estado de Oaxaca. Glosa del Tercer Informe de Gobierno. 10 enero 2014<\/a><br \/>\n<img loading=\"lazy\" decoding=\"async\" src=\"http:\/\/www.sai.oaxaca.gob.mx\/wp-content\/uploads\/2016\/08\/barrita.png\" alt=\"\" width=\"842\" height=\"9\" \/><br \/>\n<img decoding=\"async\" src=\"http:\/\/www.sai.oaxaca.gob.mx\/wp-content\/uploads\/2016\/10\/sig.png\" \/><a href=\"http:\/\/www.sai.oaxaca.gob.mx\/wp-content\/uploads\/2016\/09\/DISCURSO_ARM_CIPIAL-Gustavo.pdf\">Discurso del Lic. Adelfo Regino Montes, Secretario de Asuntos Ind\u00edgenas del Gobierno de Estado de Oaxaca, en el marco del acto de inauguraci\u00f3n del CIPIAL. 28 octubre 2013.<\/a><br \/>\n<img loading=\"lazy\" decoding=\"async\" src=\"http:\/\/www.sai.oaxaca.gob.mx\/wp-content\/uploads\/2016\/08\/barrita.png\" alt=\"\" width=\"842\" height=\"9\" \/><br \/>\n<img decoding=\"async\" src=\"http:\/\/www.sai.oaxaca.gob.mx\/wp-content\/uploads\/2016\/10\/sig.png\" \/><a href=\"http:\/\/www.sai.oaxaca.gob.mx\/wp-content\/uploads\/2016\/09\/Discurso-pronunciado-en-el-Foro-Nacional-Afromexicano.pdf\">Palabras del Licenciado Adelfo Regino Montes, Secretario de Asuntos Ind\u00edgenas del Gobierno del Estado de Oaxaca. Foro Nacional Afromexicano: Rumbo al reconocimiento Constitucional. 9 de septiembre 2013<\/a><br \/>\n<img loading=\"lazy\" decoding=\"async\" src=\"http:\/\/www.sai.oaxaca.gob.mx\/wp-content\/uploads\/2016\/08\/barrita.png\" alt=\"\" width=\"842\" height=\"9\" \/><br \/>\n<img decoding=\"async\" src=\"http:\/\/www.sai.oaxaca.gob.mx\/wp-content\/uploads\/2016\/10\/sig.png\" \/><a href=\"http:\/\/www.sai.oaxaca.gob.mx\/wp-content\/uploads\/2016\/09\/Discurso-del-Lic.-Adelfo-Regino-Montes.pdf\">Palabras del Lic. Adelfo Regino Montes, Secretario de Asuntos Ind\u00edgenas en el marco de la ceremonia de izamiento de la Bandera Nacional. 26 de septiembre 2011.<\/a><br \/>\n<img loading=\"lazy\" decoding=\"async\" src=\"http:\/\/www.sai.oaxaca.gob.mx\/wp-content\/uploads\/2016\/08\/barrita.png\" alt=\"\" width=\"842\" height=\"9\" \/><br \/>\n<img decoding=\"async\" src=\"http:\/\/www.sai.oaxaca.gob.mx\/wp-content\/uploads\/2016\/10\/sig.png\" \/><a href=\"http:\/\/www.sai.oaxaca.gob.mx\/wp-content\/uploads\/2016\/09\/Discurso-sobre-4-aniversario-de-DNUDPI1.pdf\">Discurso sobre 4 aniversario de DNUDPI<\/a><br \/>\n<img loading=\"lazy\" decoding=\"async\" src=\"http:\/\/www.sai.oaxaca.gob.mx\/wp-content\/uploads\/2016\/08\/barrita.png\" alt=\"\" width=\"842\" height=\"9\" \/>&#8211;&gt;<\/p>\n","protected":false},"excerpt":{"rendered":"<p>&lt;!&#8211;Discurso pronunciado por el: C. Clemente Jes\u00fas L\u00f3pez, Encargado de Despacho de la Secretar\u00eda de Asuntos Ind\u00edgenas del Gobierno del Estado de Oaxaca. 18 de septiembre 2016 Discurso del C. Miguel Angel Mart\u00ednez Santiago, Presidente Municipal de Guelatao de Ju\u00e1rez, en ocasi\u00f3n del CCIX Aniversario del Natalicio del Lic. Benito Ju\u00e1rez Garc\u00eda \u201cBenem\u00e9rito de las [&hellip;]<\/p>\n","protected":false},"author":1,"featured_media":0,"parent":0,"menu_order":0,"comment_status":"closed","ping_status":"closed","template":"","meta":{"episode_type":"","audio_file":"","podmotor_file_id":"","podmotor_episode_id":"","cover_image":"","cover_image_id":"","duration":"","filesize":"","filesize_raw":"","date_recorded":"","explicit":"","block":"","itunes_episode_number":"","itunes_title":"","itunes_season_number":"","itunes_episode_type":"","footnotes":""},"categories":[],"tags":[],"class_list":["post-274","page","type-page","status-publish","hentry"],"acf":[],"publishpress_future_action":{"enabled":false,"date":"2026-05-06 15:26:47","action":"change-status","newStatus":"draft","terms":[],"taxonomy":"category","extraData":[]},"publishpress_future_workflow_manual_trigger":{"enabledWorkflows":[]},"_links":{"self":[{"href":"https:\/\/www.oaxaca.gob.mx\/interculturalidad\/wp-json\/wp\/v2\/pages\/274","targetHints":{"allow":["GET"]}}],"collection":[{"href":"https:\/\/www.oaxaca.gob.mx\/interculturalidad\/wp-json\/wp\/v2\/pages"}],"about":[{"href":"https:\/\/www.oaxaca.gob.mx\/interculturalidad\/wp-json\/wp\/v2\/types\/page"}],"author":[{"embeddable":true,"href":"https:\/\/www.oaxaca.gob.mx\/interculturalidad\/wp-json\/wp\/v2\/users\/1"}],"replies":[{"embeddable":true,"href":"https:\/\/www.oaxaca.gob.mx\/interculturalidad\/wp-json\/wp\/v2\/comments?post=274"}],"version-history":[{"count":0,"href":"https:\/\/www.oaxaca.gob.mx\/interculturalidad\/wp-json\/wp\/v2\/pages\/274\/revisions"}],"wp:attachment":[{"href":"https:\/\/www.oaxaca.gob.mx\/interculturalidad\/wp-json\/wp\/v2\/media?parent=274"}],"wp:term":[{"taxonomy":"category","embeddable":true,"href":"https:\/\/www.oaxaca.gob.mx\/interculturalidad\/wp-json\/wp\/v2\/categories?post=274"},{"taxonomy":"post_tag","embeddable":true,"href":"https:\/\/www.oaxaca.gob.mx\/interculturalidad\/wp-json\/wp\/v2\/tags?post=274"}],"curies":[{"name":"wp","href":"https:\/\/api.w.org\/{rel}","templated":true}]}}

<p>				&lt;!&#8211;<img decoding="async" src="http://www.sai.oaxaca.gob.mx/wp-content/uploads/2016/10/sig.png" /><a href="http://www.sai.oaxaca.gob.mx/wp-content/uploads/2016/09/discursoIZAMIENTO18SEP2016.pdf">Discurso pronunciado por el: C. Clemente Jesús López, Encargado de Despacho de la Secretaría de Asuntos Indígenas del Gobierno del Estado de Oaxaca. 18 de septiembre 2016</a><br />
<img loading="lazy" decoding="async" src="http://www.sai.oaxaca.gob.mx/wp-content/uploads/2016/08/barrita.png" alt="" width="842" height="9" /><br />
<img decoding="async" src="http://www.sai.oaxaca.gob.mx/wp-content/uploads/2016/10/sig.png" /><a href="http://www.sai.oaxaca.gob.mx/wp-content/uploads/2016/09/Discuso-del-Presidente-de-Guelatao-el-21-de-marzo-de-2015.pdf" target="_blank" rel="noopener noreferrer">Discurso del C. Miguel Angel Martínez Santiago, Presidente Municipal de Guelatao de Juárez, en ocasión del CCIX Aniversario del Natalicio del Lic. Benito Juárez García “Benemérito de las Américas”. 21 de marzo 2015</a><br />
<img loading="lazy" decoding="async" src="http://www.sai.oaxaca.gob.mx/wp-content/uploads/2016/08/barrita.png" alt="" width="842" height="9" /><br />
<img decoding="async" src="http://www.sai.oaxaca.gob.mx/wp-content/uploads/2016/10/sig.png" /><a href="http://www.sai.oaxaca.gob.mx/wp-content/uploads/2016/09/Discurso-de-comparecencia-2015.pdf">Discurso del Lic. Adelfo Regino Montes, Secretario de Asuntos Indígenas, ante la Comisión Permanente de Asuntos Indígenas de Asuntos Indígenas de la LXII Legislatura del Honorable Congreso del Estado. 26 enero 2015</a><br />
<img loading="lazy" decoding="async" src="http://www.sai.oaxaca.gob.mx/wp-content/uploads/2016/08/barrita.png" alt="" width="842" height="9" /><br />
<img decoding="async" src="http://www.sai.oaxaca.gob.mx/wp-content/uploads/2016/10/sig.png" /><a href="http://www.sai.oaxaca.gob.mx/wp-content/uploads/2016/09/DiscursodelaGlosadeInforme.pdf">Mensaje del Lic. Adelfo Regino Montes, Secretario de Asuntos Indígenas del Gobierno del Estado de Oaxaca. Glosa del Tercer Informe de Gobierno. 10 enero 2014</a><br />
<img loading="lazy" decoding="async" src="http://www.sai.oaxaca.gob.mx/wp-content/uploads/2016/08/barrita.png" alt="" width="842" height="9" /><br />
<img decoding="async" src="http://www.sai.oaxaca.gob.mx/wp-content/uploads/2016/10/sig.png" /><a href="http://www.sai.oaxaca.gob.mx/wp-content/uploads/2016/09/DISCURSO_ARM_CIPIAL-Gustavo.pdf">Discurso del Lic. Adelfo Regino Montes, Secretario de Asuntos Indígenas del Gobierno de Estado de Oaxaca, en el marco del acto de inauguración del CIPIAL. 28 octubre 2013.</a><br />
<img loading="lazy" decoding="async" src="http://www.sai.oaxaca.gob.mx/wp-content/uploads/2016/08/barrita.png" alt="" width="842" height="9" /><br />
<img decoding="async" src="http://www.sai.oaxaca.gob.mx/wp-content/uploads/2016/10/sig.png" /><a href="http://www.sai.oaxaca.gob.mx/wp-content/uploads/2016/09/Discurso-pronunciado-en-el-Foro-Nacional-Afromexicano.pdf">Palabras del Licenciado Adelfo Regino Montes, Secretario de Asuntos Indígenas del Gobierno del Estado de Oaxaca. Foro Nacional Afromexicano: Rumbo al reconocimiento Constitucional. 9 de septiembre 2013</a><br />
<img loading="lazy" decoding="async" src="http://www.sai.oaxaca.gob.mx/wp-content/uploads/2016/08/barrita.png" alt="" width="842" height="9" /><br />
<img decoding="async" src="http://www.sai.oaxaca.gob.mx/wp-content/uploads/2016/10/sig.png" /><a href="http://www.sai.oaxaca.gob.mx/wp-content/uploads/2016/09/Discurso-del-Lic.-Adelfo-Regino-Montes.pdf">Palabras del Lic. Adelfo Regino Montes, Secretario de Asuntos Indígenas en el marco de la ceremonia de izamiento de la Bandera Nacional. 26 de septiembre 2011.</a><br />
<img loading="lazy" decoding="async" src="http://www.sai.oaxaca.gob.mx/wp-content/uploads/2016/08/barrita.png" alt="" width="842" height="9" /><br />
<img decoding="async" src="http://www.sai.oaxaca.gob.mx/wp-content/uploads/2016/10/sig.png" /><a href="http://www.sai.oaxaca.gob.mx/wp-content/uploads/2016/09/Discurso-sobre-4-aniversario-de-DNUDPI1.pdf">Discurso sobre 4 aniversario de DNUDPI</a><br />
<img loading="lazy" decoding="async" src="http://www.sai.oaxaca.gob.mx/wp-content/uploads/2016/08/barrita.png" alt="" width="842" height="9" />&#8211;&gt;</p>

<p>&lt;!&#8211;Discurso pronunciado por el: C. Clemente Jesús López, Encargado de Despacho de la Secretaría de Asuntos Indígenas del Gobierno del Estado de Oaxaca. 18 de septiembre 2016 Discurso del C. Miguel Angel Martínez Santiago, Presidente Municipal de Guelatao de Juárez, en ocasión del CCIX Aniversario del Natalicio del Lic. Benito Juárez García “Benemérito de las [&hellip;]</p>
