{"id":2601,"date":"2018-08-20T13:17:20","date_gmt":"2018-08-20T19:17:20","guid":{"rendered":"http:\/\/www.sai.oaxaca.gob.mx\/?page_id=2601"},"modified":"2018-08-20T13:17:20","modified_gmt":"2018-08-20T19:17:20","slug":"denunciar","status":"publish","type":"page","link":"https:\/\/www.oaxaca.gob.mx\/interculturalidad\/denunciar\/","title":{"rendered":"Denunciar"},"content":{"rendered":"<p>\t\t\t\tCualquier persona podr\u00e1 denunciar ante el Instituto, la falta de publicaci\u00f3n en los portales electr\u00f3nicos de los sujetos obligados, de las obligaciones de transparencia comunes y espec\u00edficas que prev\u00e9n la presente Ley, la Ley General y dem\u00e1s disposiciones aplicables.<\/p>\n<p>Art\u00edculo 152 Ley de Transparencia y Acceso a la Informaci\u00f3n para el Estado de Oaxaca.<\/p>\n<p>Para interponer una denuncia por incumplimiento,\u00a0<a href=\"http:\/\/www.sai.oaxaca.gob.mx\/wp-content\/uploads\/2018\/08\/formato_denuncia.pdf\" target=\"_blank\" rel=\"noopener noreferrer\"><strong>descarga aqu\u00ed<\/strong><\/a> el formato:<\/p>\n<p>Sigue los Lineamientos que establecen el procedimiento de denuncia.\u00a0<a href=\"http:\/\/www.sai.oaxaca.gob.mx\/wp-content\/uploads\/2018\/08\/LINEAMIENTOS_DEL_PROCEDIMIENTO_DE_DENUNCIA.pdf\" target=\"_blank\" rel=\"noopener noreferrer\"><strong>Descarga aqu\u00ed<\/strong><\/a> los Lineamientos.\t\t<\/p>\n","protected":false},"excerpt":{"rendered":"<p>Cualquier persona podr\u00e1 denunciar ante el Instituto, la falta de publicaci\u00f3n en los portales electr\u00f3nicos de los sujetos obligados, de las obligaciones de transparencia comunes y espec\u00edficas que prev\u00e9n la presente Ley, la Ley General y dem\u00e1s disposiciones aplicables. Art\u00edculo 152 Ley de Transparencia y Acceso a la Informaci\u00f3n para el Estado de Oaxaca. Para [&hellip;]<\/p>\n","protected":false},"author":1,"featured_media":0,"parent":0,"menu_order":0,"comment_status":"closed","ping_status":"closed","template":"","meta":{"episode_type":"","audio_file":"","podmotor_file_id":"","podmotor_episode_id":"","cover_image":"","cover_image_id":"","duration":"","filesize":"","filesize_raw":"","date_recorded":"","explicit":"","block":"","itunes_episode_number":"","itunes_title":"","itunes_season_number":"","itunes_episode_type":"","footnotes":""},"categories":[],"tags":[],"class_list":["post-2601","page","type-page","status-publish","hentry"],"acf":[],"publishpress_future_action":{"enabled":false,"date":"2026-05-08 04:39:07","action":"change-status","newStatus":"draft","terms":[],"taxonomy":"category","extraData":[]},"publishpress_future_workflow_manual_trigger":{"enabledWorkflows":[]},"_links":{"self":[{"href":"https:\/\/www.oaxaca.gob.mx\/interculturalidad\/wp-json\/wp\/v2\/pages\/2601","targetHints":{"allow":["GET"]}}],"collection":[{"href":"https:\/\/www.oaxaca.gob.mx\/interculturalidad\/wp-json\/wp\/v2\/pages"}],"about":[{"href":"https:\/\/www.oaxaca.gob.mx\/interculturalidad\/wp-json\/wp\/v2\/types\/page"}],"author":[{"embeddable":true,"href":"https:\/\/www.oaxaca.gob.mx\/interculturalidad\/wp-json\/wp\/v2\/users\/1"}],"replies":[{"embeddable":true,"href":"https:\/\/www.oaxaca.gob.mx\/interculturalidad\/wp-json\/wp\/v2\/comments?post=2601"}],"version-history":[{"count":0,"href":"https:\/\/www.oaxaca.gob.mx\/interculturalidad\/wp-json\/wp\/v2\/pages\/2601\/revisions"}],"wp:attachment":[{"href":"https:\/\/www.oaxaca.gob.mx\/interculturalidad\/wp-json\/wp\/v2\/media?parent=2601"}],"wp:term":[{"taxonomy":"category","embeddable":true,"href":"https:\/\/www.oaxaca.gob.mx\/interculturalidad\/wp-json\/wp\/v2\/categories?post=2601"},{"taxonomy":"post_tag","embeddable":true,"href":"https:\/\/www.oaxaca.gob.mx\/interculturalidad\/wp-json\/wp\/v2\/tags?post=2601"}],"curies":[{"name":"wp","href":"https:\/\/api.w.org\/{rel}","templated":true}]}}