{"id":2559,"date":"2018-08-06T08:32:25","date_gmt":"2018-08-06T14:32:25","guid":{"rendered":"http:\/\/www.sai.oaxaca.gob.mx\/?page_id=2559"},"modified":"2020-04-27T17:08:31","modified_gmt":"2020-04-27T22:08:31","slug":"articulo-21","status":"publish","type":"page","link":"https:\/\/www.oaxaca.gob.mx\/interculturalidad\/articulo-21\/","title":{"rendered":"Articulo 21 &#8211; Fracci\u00f3n  VIII (Estatal)"},"content":{"rendered":"<p>\t\t\t\tAdem\u00e1s de lo se\u00f1alado en el art\u00edculo 70 de la Ley General, el Poder Ejecutivo del Estado, deber\u00e1\u00a0 poner a disposici\u00f3n del p\u00fablico y actualizar la siguiente informaci\u00f3n:<\/p>\n[attc id=&#8217;5&#8242;]\t\t<\/p>\n","protected":false},"excerpt":{"rendered":"<p>Adem\u00e1s de lo se\u00f1alado en el art\u00edculo 70 de la Ley General, el Poder Ejecutivo del Estado, deber\u00e1\u00a0 poner a disposici\u00f3n del p\u00fablico y actualizar la siguiente informaci\u00f3n: [attc id=&#8217;5&#8242;]<\/p>\n","protected":false},"author":1,"featured_media":0,"parent":0,"menu_order":0,"comment_status":"closed","ping_status":"closed","template":"","meta":{"episode_type":"","audio_file":"","podmotor_file_id":"","podmotor_episode_id":"","cover_image":"","cover_image_id":"","duration":"","filesize":"","filesize_raw":"","date_recorded":"","explicit":"","block":"","itunes_episode_number":"","itunes_title":"","itunes_season_number":"","itunes_episode_type":"","footnotes":""},"categories":[],"tags":[],"class_list":["post-2559","page","type-page","status-publish","hentry"],"acf":[],"publishpress_future_action":{"enabled":false,"date":"2026-05-06 15:28:04","action":"change-status","newStatus":"draft","terms":[],"taxonomy":"category","extraData":[]},"publishpress_future_workflow_manual_trigger":{"enabledWorkflows":[]},"_links":{"self":[{"href":"https:\/\/www.oaxaca.gob.mx\/interculturalidad\/wp-json\/wp\/v2\/pages\/2559","targetHints":{"allow":["GET"]}}],"collection":[{"href":"https:\/\/www.oaxaca.gob.mx\/interculturalidad\/wp-json\/wp\/v2\/pages"}],"about":[{"href":"https:\/\/www.oaxaca.gob.mx\/interculturalidad\/wp-json\/wp\/v2\/types\/page"}],"author":[{"embeddable":true,"href":"https:\/\/www.oaxaca.gob.mx\/interculturalidad\/wp-json\/wp\/v2\/users\/1"}],"replies":[{"embeddable":true,"href":"https:\/\/www.oaxaca.gob.mx\/interculturalidad\/wp-json\/wp\/v2\/comments?post=2559"}],"version-history":[{"count":1,"href":"https:\/\/www.oaxaca.gob.mx\/interculturalidad\/wp-json\/wp\/v2\/pages\/2559\/revisions"}],"predecessor-version":[{"id":5907,"href":"https:\/\/www.oaxaca.gob.mx\/interculturalidad\/wp-json\/wp\/v2\/pages\/2559\/revisions\/5907"}],"wp:attachment":[{"href":"https:\/\/www.oaxaca.gob.mx\/interculturalidad\/wp-json\/wp\/v2\/media?parent=2559"}],"wp:term":[{"taxonomy":"category","embeddable":true,"href":"https:\/\/www.oaxaca.gob.mx\/interculturalidad\/wp-json\/wp\/v2\/categories?post=2559"},{"taxonomy":"post_tag","embeddable":true,"href":"https:\/\/www.oaxaca.gob.mx\/interculturalidad\/wp-json\/wp\/v2\/tags?post=2559"}],"curies":[{"name":"wp","href":"https:\/\/api.w.org\/{rel}","templated":true}]}}

Articulo 21 &#8211; Fracción  VIII (Estatal)

<p>				Además de lo señalado en el artículo 70 de la Ley General, el Poder Ejecutivo del Estado, deberá  poner a disposición del público y actualizar la siguiente información:</p>
[attc id=&#8217;5&#8242;]		</p>

<p>Además de lo señalado en el artículo 70 de la Ley General, el Poder Ejecutivo del Estado, deberá  poner a disposición del público y actualizar la siguiente información: [attc id=&#8217;5&#8242;]</p>
