{"id":14092,"date":"2024-12-16T14:53:39","date_gmt":"2024-12-16T20:53:39","guid":{"rendered":"https:\/\/www.oaxaca.gob.mx\/interculturalidad\/?page_id=14092"},"modified":"2024-12-16T14:53:39","modified_gmt":"2024-12-16T20:53:39","slug":"comite-de-etica-2","status":"publish","type":"page","link":"https:\/\/www.oaxaca.gob.mx\/interculturalidad\/comite-de-etica-2\/","title":{"rendered":"COMIT\u00c9 DE \u00c9TICA"},"content":{"rendered":"<p>BUZ\u00d3N DE QUEJAS Y DENUNCIAS<\/p>\n<p style=\"text-align: center\"><img loading=\"lazy\" decoding=\"async\" class=\"wp-image-14085 aligncenter\" src=\"https:\/\/www.oaxaca.gob.mx\/interculturalidad\/wp-content\/uploads\/sites\/7\/2024\/12\/Imagen-de-WhatsApp-2024-12-16-a-las-14.09.38_cd01e00c.jpg\" alt=\"\" width=\"219\" height=\"219\" srcset=\"https:\/\/www.oaxaca.gob.mx\/interculturalidad\/wp-content\/uploads\/sites\/7\/2024\/12\/Imagen-de-WhatsApp-2024-12-16-a-las-14.09.38_cd01e00c.jpg 1600w, https:\/\/www.oaxaca.gob.mx\/interculturalidad\/wp-content\/uploads\/sites\/7\/2024\/12\/Imagen-de-WhatsApp-2024-12-16-a-las-14.09.38_cd01e00c-300x300.jpg 300w, https:\/\/www.oaxaca.gob.mx\/interculturalidad\/wp-content\/uploads\/sites\/7\/2024\/12\/Imagen-de-WhatsApp-2024-12-16-a-las-14.09.38_cd01e00c-1024x1024.jpg 1024w, https:\/\/www.oaxaca.gob.mx\/interculturalidad\/wp-content\/uploads\/sites\/7\/2024\/12\/Imagen-de-WhatsApp-2024-12-16-a-las-14.09.38_cd01e00c-150x150.jpg 150w, https:\/\/www.oaxaca.gob.mx\/interculturalidad\/wp-content\/uploads\/sites\/7\/2024\/12\/Imagen-de-WhatsApp-2024-12-16-a-las-14.09.38_cd01e00c-768x767.jpg 768w, https:\/\/www.oaxaca.gob.mx\/interculturalidad\/wp-content\/uploads\/sites\/7\/2024\/12\/Imagen-de-WhatsApp-2024-12-16-a-las-14.09.38_cd01e00c-1536x1534.jpg 1536w\" sizes=\"auto, (max-width: 219px) 100vw, 219px\" \/><br \/>\n<a href=\"https:\/\/www.oaxaca.gob.mx\/interculturalidad\/wp-content\/uploads\/sites\/7\/2024\/12\/pngtree-phone-icon-in-solid-circle-png-image_2380227-1.jpg\"><img loading=\"lazy\" decoding=\"async\" class=\"alignnone  wp-image-14090\" src=\"https:\/\/www.oaxaca.gob.mx\/interculturalidad\/wp-content\/uploads\/sites\/7\/2024\/12\/pngtree-phone-icon-in-solid-circle-png-image_2380227-1.jpg\" alt=\"\" width=\"17\" height=\"17\" srcset=\"https:\/\/www.oaxaca.gob.mx\/interculturalidad\/wp-content\/uploads\/sites\/7\/2024\/12\/pngtree-phone-icon-in-solid-circle-png-image_2380227-1.jpg 293w, https:\/\/www.oaxaca.gob.mx\/interculturalidad\/wp-content\/uploads\/sites\/7\/2024\/12\/pngtree-phone-icon-in-solid-circle-png-image_2380227-1-150x150.jpg 150w\" sizes=\"auto, (max-width: 17px) 100vw, 17px\" \/><\/a>9515015000 Ext. 11042<\/p>\n<p style=\"text-align: center\"><img loading=\"lazy\" decoding=\"async\" class=\"wp-image-14089  alignnone\" src=\"https:\/\/www.oaxaca.gob.mx\/interculturalidad\/wp-content\/uploads\/sites\/7\/2024\/12\/pngtree-emailinboxmail-line-icon-vector-png-image_1339063.jpg\" alt=\"\" width=\"26\" height=\"18\" srcset=\"https:\/\/www.oaxaca.gob.mx\/interculturalidad\/wp-content\/uploads\/sites\/7\/2024\/12\/pngtree-emailinboxmail-line-icon-vector-png-image_1339063.jpg 372w, https:\/\/www.oaxaca.gob.mx\/interculturalidad\/wp-content\/uploads\/sites\/7\/2024\/12\/pngtree-emailinboxmail-line-icon-vector-png-image_1339063-300x211.jpg 300w\" sizes=\"auto, (max-width: 26px) 100vw, 26px\" \/>\u00a0 \u00a0 personaconsejerasipcia@oaxaca.gob.mx<\/p>\n<p style=\"text-align: center\">Persona Consejera: Lcda. Beatriz Amaro Clemente<\/p>\n","protected":false},"excerpt":{"rendered":"<p>BUZ\u00d3N DE QUEJAS Y DENUNCIAS 9515015000 Ext. 11042 \u00a0 \u00a0 personaconsejerasipcia@oaxaca.gob.mx Persona Consejera: Lcda. Beatriz Amaro Clemente<\/p>\n","protected":false},"author":7,"featured_media":0,"parent":0,"menu_order":0,"comment_status":"closed","ping_status":"closed","template":"","meta":{"episode_type":"","audio_file":"","podmotor_file_id":"","podmotor_episode_id":"","cover_image":"","cover_image_id":"","duration":"","filesize":"","filesize_raw":"","date_recorded":"","explicit":"","block":"","itunes_episode_number":"","itunes_title":"","itunes_season_number":"","itunes_episode_type":"","footnotes":""},"categories":[],"tags":[],"class_list":["post-14092","page","type-page","status-publish","hentry"],"acf":[],"publishpress_future_action":{"enabled":false,"date":"2026-05-06 15:27:01","action":"change-status","newStatus":"draft","terms":[],"taxonomy":"category","extraData":[]},"publishpress_future_workflow_manual_trigger":{"enabledWorkflows":[]},"_links":{"self":[{"href":"https:\/\/www.oaxaca.gob.mx\/interculturalidad\/wp-json\/wp\/v2\/pages\/14092","targetHints":{"allow":["GET"]}}],"collection":[{"href":"https:\/\/www.oaxaca.gob.mx\/interculturalidad\/wp-json\/wp\/v2\/pages"}],"about":[{"href":"https:\/\/www.oaxaca.gob.mx\/interculturalidad\/wp-json\/wp\/v2\/types\/page"}],"author":[{"embeddable":true,"href":"https:\/\/www.oaxaca.gob.mx\/interculturalidad\/wp-json\/wp\/v2\/users\/7"}],"replies":[{"embeddable":true,"href":"https:\/\/www.oaxaca.gob.mx\/interculturalidad\/wp-json\/wp\/v2\/comments?post=14092"}],"version-history":[{"count":2,"href":"https:\/\/www.oaxaca.gob.mx\/interculturalidad\/wp-json\/wp\/v2\/pages\/14092\/revisions"}],"predecessor-version":[{"id":14742,"href":"https:\/\/www.oaxaca.gob.mx\/interculturalidad\/wp-json\/wp\/v2\/pages\/14092\/revisions\/14742"}],"wp:attachment":[{"href":"https:\/\/www.oaxaca.gob.mx\/interculturalidad\/wp-json\/wp\/v2\/media?parent=14092"}],"wp:term":[{"taxonomy":"category","embeddable":true,"href":"https:\/\/www.oaxaca.gob.mx\/interculturalidad\/wp-json\/wp\/v2\/categories?post=14092"},{"taxonomy":"post_tag","embeddable":true,"href":"https:\/\/www.oaxaca.gob.mx\/interculturalidad\/wp-json\/wp\/v2\/tags?post=14092"}],"curies":[{"name":"wp","href":"https:\/\/api.w.org\/{rel}","templated":true}]}}

COMITÉ DE ÉTICA

<p>BUZÓN DE QUEJAS Y DENUNCIAS</p>
<p style="text-align: center"><img loading="lazy" decoding="async" class="wp-image-14085 aligncenter" src="https://www.oaxaca.gob.mx/interculturalidad/wp-content/uploads/sites/7/2024/12/Imagen-de-WhatsApp-2024-12-16-a-las-14.09.38_cd01e00c.jpg" alt="" width="219" height="219" srcset="https://www.oaxaca.gob.mx/interculturalidad/wp-content/uploads/sites/7/2024/12/Imagen-de-WhatsApp-2024-12-16-a-las-14.09.38_cd01e00c.jpg 1600w, https://www.oaxaca.gob.mx/interculturalidad/wp-content/uploads/sites/7/2024/12/Imagen-de-WhatsApp-2024-12-16-a-las-14.09.38_cd01e00c-300x300.jpg 300w, https://www.oaxaca.gob.mx/interculturalidad/wp-content/uploads/sites/7/2024/12/Imagen-de-WhatsApp-2024-12-16-a-las-14.09.38_cd01e00c-1024x1024.jpg 1024w, https://www.oaxaca.gob.mx/interculturalidad/wp-content/uploads/sites/7/2024/12/Imagen-de-WhatsApp-2024-12-16-a-las-14.09.38_cd01e00c-150x150.jpg 150w, https://www.oaxaca.gob.mx/interculturalidad/wp-content/uploads/sites/7/2024/12/Imagen-de-WhatsApp-2024-12-16-a-las-14.09.38_cd01e00c-768x767.jpg 768w, https://www.oaxaca.gob.mx/interculturalidad/wp-content/uploads/sites/7/2024/12/Imagen-de-WhatsApp-2024-12-16-a-las-14.09.38_cd01e00c-1536x1534.jpg 1536w" sizes="auto, (max-width: 219px) 100vw, 219px" /><br />
<a href="https://www.oaxaca.gob.mx/interculturalidad/wp-content/uploads/sites/7/2024/12/pngtree-phone-icon-in-solid-circle-png-image_2380227-1.jpg"><img loading="lazy" decoding="async" class="alignnone  wp-image-14090" src="https://www.oaxaca.gob.mx/interculturalidad/wp-content/uploads/sites/7/2024/12/pngtree-phone-icon-in-solid-circle-png-image_2380227-1.jpg" alt="" width="17" height="17" srcset="https://www.oaxaca.gob.mx/interculturalidad/wp-content/uploads/sites/7/2024/12/pngtree-phone-icon-in-solid-circle-png-image_2380227-1.jpg 293w, https://www.oaxaca.gob.mx/interculturalidad/wp-content/uploads/sites/7/2024/12/pngtree-phone-icon-in-solid-circle-png-image_2380227-1-150x150.jpg 150w" sizes="auto, (max-width: 17px) 100vw, 17px" /></a>9515015000 Ext. 11042</p>
<p style="text-align: center"><img loading="lazy" decoding="async" class="wp-image-14089  alignnone" src="https://www.oaxaca.gob.mx/interculturalidad/wp-content/uploads/sites/7/2024/12/pngtree-emailinboxmail-line-icon-vector-png-image_1339063.jpg" alt="" width="26" height="18" srcset="https://www.oaxaca.gob.mx/interculturalidad/wp-content/uploads/sites/7/2024/12/pngtree-emailinboxmail-line-icon-vector-png-image_1339063.jpg 372w, https://www.oaxaca.gob.mx/interculturalidad/wp-content/uploads/sites/7/2024/12/pngtree-emailinboxmail-line-icon-vector-png-image_1339063-300x211.jpg 300w" sizes="auto, (max-width: 26px) 100vw, 26px" />    personaconsejerasipcia@oaxaca.gob.mx</p>
<p style="text-align: center">Persona Consejera: Lcda. Beatriz Amaro Clemente</p>

<p>BUZÓN DE QUEJAS Y DENUNCIAS 9515015000 Ext. 11042     personaconsejerasipcia@oaxaca.gob.mx Persona Consejera: Lcda. Beatriz Amaro Clemente</p>
