{"id":118,"date":"2016-02-23T14:01:12","date_gmt":"2016-02-23T20:01:12","guid":{"rendered":"http:\/\/www.sai.oaxaca.gob.mx\/?page_id=118"},"modified":"2016-02-23T14:01:12","modified_gmt":"2016-02-23T20:01:12","slug":"tramites-y-servicios","status":"publish","type":"page","link":"https:\/\/www.oaxaca.gob.mx\/interculturalidad\/tramites-y-servicios\/","title":{"rendered":"Tramites y Servicios"},"content":{"rendered":"<p style=\"text-align: center\"><a href=\"\/t01\">Asesor\u00eda y acompa\u00f1amiento a mujeres ind\u00edgenas v\u00edctimas de violencia<\/a><\/p>\n<p style=\"text-align: center\"><a href=\"http:\/\/www.sai.oaxaca.gob.mx\/t02\">Brindar Asesor\u00eda y capacitaci\u00f3n a los pueblos y comunidades Ind\u00edgenas y afromexicana<\/a><\/p>\n<p style=\"text-align: center\"><a href=\"http:\/\/www.sai.oaxaca.gob.mx\/t03\">Capacitaci\u00f3n para la sensibilizaci\u00f3n a servidores p\u00fablicos, en el tema ind\u00edgena y afromexicano<\/a><\/p>\n<p style=\"text-align: center\"><a href=\"http:\/\/www.sai.oaxaca.gob.mx\/t04\">Atenci\u00f3n, gestion y acompa\u00f1amiento a los pueblos y comunidades Ind\u00edgenas de Oaxaca, ante las instancias gubernamentales para la atenci\u00f3n de sus demandas.<\/a><\/p>\n<p style=\"text-align: center\">\n","protected":false},"excerpt":{"rendered":"<p>Asesor\u00eda y acompa\u00f1amiento a mujeres ind\u00edgenas v\u00edctimas de violencia Brindar Asesor\u00eda y capacitaci\u00f3n a los pueblos y comunidades Ind\u00edgenas y afromexicana Capacitaci\u00f3n para la sensibilizaci\u00f3n a servidores p\u00fablicos, en el tema ind\u00edgena y afromexicano Atenci\u00f3n, gestion y acompa\u00f1amiento a los pueblos y comunidades Ind\u00edgenas de Oaxaca, ante las instancias gubernamentales para la atenci\u00f3n de sus [&hellip;]<\/p>\n","protected":false},"author":1,"featured_media":0,"parent":0,"menu_order":0,"comment_status":"closed","ping_status":"closed","template":"","meta":{"episode_type":"","audio_file":"","podmotor_file_id":"","podmotor_episode_id":"","cover_image":"","cover_image_id":"","duration":"","filesize":"","filesize_raw":"","date_recorded":"","explicit":"","block":"","itunes_episode_number":"","itunes_title":"","itunes_season_number":"","itunes_episode_type":"","footnotes":""},"categories":[],"tags":[],"class_list":["post-118","page","type-page","status-publish","hentry"],"acf":[],"publishpress_future_action":{"enabled":false,"date":"2026-05-06 15:27:26","action":"change-status","newStatus":"draft","terms":[],"taxonomy":"category","extraData":[]},"publishpress_future_workflow_manual_trigger":{"enabledWorkflows":[]},"_links":{"self":[{"href":"https:\/\/www.oaxaca.gob.mx\/interculturalidad\/wp-json\/wp\/v2\/pages\/118","targetHints":{"allow":["GET"]}}],"collection":[{"href":"https:\/\/www.oaxaca.gob.mx\/interculturalidad\/wp-json\/wp\/v2\/pages"}],"about":[{"href":"https:\/\/www.oaxaca.gob.mx\/interculturalidad\/wp-json\/wp\/v2\/types\/page"}],"author":[{"embeddable":true,"href":"https:\/\/www.oaxaca.gob.mx\/interculturalidad\/wp-json\/wp\/v2\/users\/1"}],"replies":[{"embeddable":true,"href":"https:\/\/www.oaxaca.gob.mx\/interculturalidad\/wp-json\/wp\/v2\/comments?post=118"}],"version-history":[{"count":0,"href":"https:\/\/www.oaxaca.gob.mx\/interculturalidad\/wp-json\/wp\/v2\/pages\/118\/revisions"}],"wp:attachment":[{"href":"https:\/\/www.oaxaca.gob.mx\/interculturalidad\/wp-json\/wp\/v2\/media?parent=118"}],"wp:term":[{"taxonomy":"category","embeddable":true,"href":"https:\/\/www.oaxaca.gob.mx\/interculturalidad\/wp-json\/wp\/v2\/categories?post=118"},{"taxonomy":"post_tag","embeddable":true,"href":"https:\/\/www.oaxaca.gob.mx\/interculturalidad\/wp-json\/wp\/v2\/tags?post=118"}],"curies":[{"name":"wp","href":"https:\/\/api.w.org\/{rel}","templated":true}]}}

<p style="text-align: center"><a href="/t01">Asesoría y acompañamiento a mujeres indígenas víctimas de violencia</a></p>
<p style="text-align: center"><a href="http://www.sai.oaxaca.gob.mx/t02">Brindar Asesoría y capacitación a los pueblos y comunidades Indígenas y afromexicana</a></p>
<p style="text-align: center"><a href="http://www.sai.oaxaca.gob.mx/t03">Capacitación para la sensibilización a servidores públicos, en el tema indígena y afromexicano</a></p>
<p style="text-align: center"><a href="http://www.sai.oaxaca.gob.mx/t04">Atención, gestion y acompañamiento a los pueblos y comunidades Indígenas de Oaxaca, ante las instancias gubernamentales para la atención de sus demandas.</a></p>
<p style="text-align: center">

<p>Asesoría y acompañamiento a mujeres indígenas víctimas de violencia Brindar Asesoría y capacitación a los pueblos y comunidades Indígenas y afromexicana Capacitación para la sensibilización a servidores públicos, en el tema indígena y afromexicano Atención, gestion y acompañamiento a los pueblos y comunidades Indígenas de Oaxaca, ante las instancias gubernamentales para la atención de sus [&hellip;]</p>
