{"id":381,"date":"2017-05-11T12:09:36","date_gmt":"2017-05-11T18:09:36","guid":{"rendered":"http:\/\/www.inpac.oaxaca.gob.mx\/?page_id=381"},"modified":"2026-01-12T13:18:30","modified_gmt":"2026-01-12T19:18:30","slug":"normatividad","status":"publish","type":"page","link":"https:\/\/www.oaxaca.gob.mx\/inpac\/normatividad\/","title":{"rendered":"Marco Jur\u00eddico"},"content":{"rendered":"<div class=\"su-heading su-heading-style-default su-heading-align-center\" id=\"\" style=\"font-size:20px;margin-bottom:20px\"><div class=\"su-heading-inner\">LEYES FEDERALES<\/div><\/div>\n\n<table id=\"tablepress-6\" class=\"tablepress tablepress-id-6\">\n<thead>\n<tr class=\"row-1\">\n\t<th class=\"column-1\">DENOMINACI\u00d3N DE LA NORMA <\/th><td class=\"column-2\"><\/td><th class=\"column-3\">DOCUMENTO<\/th>\n<\/tr>\n<\/thead>\n<tbody class=\"row-striping row-hover\">\n<tr class=\"row-2\">\n\t<td class=\"column-1\"><strong><b>Constitucion Politica de los Estados<br \/>\nUnidos Mexicanos<br \/>\n<\/b><\/strong><br \/>\n<\/td><td class=\"column-2\"><\/td><td class=\"column-3\"><a href=\"https:\/\/www.oaxaca.gob.mx\/inpac\/wp-content\/uploads\/sites\/17\/2022\/06\/CPEUM.pdf\"><img loading=\"lazy\" decoding=\"async\" src=\"https:\/\/www.oaxaca.gob.mx\/inpac\/wp-content\/uploads\/sites\/17\/2019\/06\/24-512-300x300.png\" alt=\"\" width=\"50\" height=\"50\" class=\"alignnone size-medium wp-image-2110\" \/><\/a><\/td>\n<\/tr>\n<tr class=\"row-3\">\n\t<td class=\"column-1\"><strong><b>Ley de Obras P\u00fablicas y Servicios<br \/>\nRelacionados con las Mismas<br \/>\n<\/b><\/strong><br \/>\n<\/td><td class=\"column-2\"><\/td><td class=\"column-3\"><a href=\"https:\/\/www.oaxaca.gob.mx\/inpac\/wp-content\/uploads\/sites\/17\/2022\/06\/56_200521.pdf\"><img loading=\"lazy\" decoding=\"async\" src=\"https:\/\/www.oaxaca.gob.mx\/inpac\/wp-content\/uploads\/sites\/17\/2019\/06\/24-512-300x300.png\" alt=\"\" width=\"50\" height=\"50\" class=\"alignnone size-medium wp-image-2110\" \/><\/a><\/td>\n<\/tr>\n<tr class=\"row-4\">\n\t<td class=\"column-1\"><strong><b>Ley Federal Sobre Monumentos y Zonas Arqueol\u00f3gicos,<br \/>\nArtisticos e Historicos<br \/>\n<\/b><\/strong><\/td><td class=\"column-2\"><\/td><td class=\"column-3\"><a href=\"https:\/\/www.oaxaca.gob.mx\/inpac\/wp-content\/uploads\/sites\/17\/2022\/06\/131_160218.pdf\"><img loading=\"lazy\" decoding=\"async\" src=\"https:\/\/www.oaxaca.gob.mx\/inpac\/wp-content\/uploads\/sites\/17\/2019\/06\/24-512-300x300.png\" alt=\"\" width=\"50\" height=\"50\" class=\"alignnone size-medium wp-image-2110\" \/><\/a><\/td>\n<\/tr>\n<tr class=\"row-5\">\n\t<td class=\"column-1\"><strong><b>Ley Federal de Procedimientos<br \/>\nAdministrativos<br \/>\n<\/b><\/strong><\/td><td class=\"column-2\"><\/td><td class=\"column-3\"><a href=\"https:\/\/www.oaxaca.gob.mx\/inpac\/wp-content\/uploads\/sites\/17\/2022\/06\/LFPRH.pdf\"><img loading=\"lazy\" decoding=\"async\" src=\"https:\/\/www.oaxaca.gob.mx\/inpac\/wp-content\/uploads\/sites\/17\/2019\/06\/24-512-300x300.png\" alt=\"\" width=\"50\" height=\"50\" class=\"alignnone size-medium wp-image-2110\" \/><\/a><\/td>\n<\/tr>\n<tr class=\"row-6\">\n\t<td class=\"column-1\"><strong><b>Ley Federal del Trabajo<br \/>\n<\/b><\/strong><\/td><td class=\"column-2\"><\/td><td class=\"column-3\"><a href=\"https:\/\/www.oaxaca.gob.mx\/inpac\/wp-content\/uploads\/sites\/17\/2022\/06\/LFT.pdf\"><img loading=\"lazy\" decoding=\"async\" src=\"https:\/\/www.oaxaca.gob.mx\/inpac\/wp-content\/uploads\/sites\/17\/2019\/06\/24-512-300x300.png\" alt=\"\" width=\"50\" height=\"50\" class=\"alignnone size-medium wp-image-2110\" \/><\/a><\/td>\n<\/tr>\n<tr class=\"row-7\">\n\t<td class=\"column-1\"><strong><b>Ley Federal de Derechos<br \/>\n<\/b><\/strong><\/td><td class=\"column-2\"><\/td><td class=\"column-3\"><a href=\"https:\/\/www.oaxaca.gob.mx\/inpac\/wp-content\/uploads\/sites\/17\/2022\/06\/LFD.pdf\"><img loading=\"lazy\" decoding=\"async\" src=\"https:\/\/www.oaxaca.gob.mx\/inpac\/wp-content\/uploads\/sites\/17\/2019\/06\/24-512-300x300.png\" alt=\"\" width=\"50\" height=\"50\" class=\"alignnone size-medium wp-image-2110\" \/><\/a><\/td>\n<\/tr>\n<tr class=\"row-8\">\n\t<td class=\"column-1\"><strong><b>Ley General de Transparencia y Acceso a la<br \/>\nInformaci\u00f3n P\u00fablica<br \/>\n<\/b><\/strong><\/td><td class=\"column-2\"><\/td><td class=\"column-3\"><a href=\"https:\/\/www.oaxaca.gob.mx\/inpac\/wp-content\/uploads\/sites\/17\/2022\/06\/LGTAIP_200521.pdf\"><img loading=\"lazy\" decoding=\"async\" src=\"https:\/\/www.oaxaca.gob.mx\/inpac\/wp-content\/uploads\/sites\/17\/2019\/06\/24-512-300x300.png\" alt=\"\" width=\"50\" height=\"50\" class=\"alignnone size-medium wp-image-2110\" \/><\/a><\/td>\n<\/tr>\n<tr class=\"row-9\">\n\t<td class=\"column-1\"><strong><b>Ley General de Archivos<br \/>\n<\/b><\/strong><\/td><td class=\"column-2\"><\/td><td class=\"column-3\"><a href=\"https:\/\/www.oaxaca.gob.mx\/inpac\/wp-content\/uploads\/sites\/17\/2022\/06\/LGA.pdf\"><img loading=\"lazy\" decoding=\"async\" src=\"https:\/\/www.oaxaca.gob.mx\/inpac\/wp-content\/uploads\/sites\/17\/2019\/06\/24-512-300x300.png\" alt=\"\" width=\"50\" height=\"50\" class=\"alignnone size-medium wp-image-2110\" \/><\/a><\/td>\n<\/tr>\n<tr class=\"row-10\">\n\t<td class=\"column-1\"><strong><b>Ley General de Protecci\u00f3n de Datos Personales en Posesi\u00f3n Sujetos Obligados<br \/>\n<\/b><\/strong><\/td><td class=\"column-2\"><\/td><td class=\"column-3\"><a href=\"https:\/\/www.oaxaca.gob.mx\/inpac\/wp-content\/uploads\/sites\/17\/2022\/06\/LGPDPPSO.pdf\"><img loading=\"lazy\" decoding=\"async\" src=\"https:\/\/www.oaxaca.gob.mx\/inpac\/wp-content\/uploads\/sites\/17\/2019\/06\/24-512-300x300.png\" alt=\"\" width=\"50\" height=\"50\" class=\"alignnone size-medium wp-image-2110\" \/><\/a><\/td>\n<\/tr>\n<tr class=\"row-11\">\n\t<td class=\"column-1\"><strong><b>Ley de Adquisiciones, Arrendamientos y Servicios del Sector P\u00fablico<br \/>\n<\/b><\/strong><\/td><td class=\"column-2\"><\/td><td class=\"column-3\"><a href=\"https:\/\/www.oaxaca.gob.mx\/inpac\/wp-content\/uploads\/sites\/17\/2022\/06\/14_200521.pdf\"><img loading=\"lazy\" decoding=\"async\" src=\"https:\/\/www.oaxaca.gob.mx\/inpac\/wp-content\/uploads\/sites\/17\/2019\/06\/24-512-300x300.png\" alt=\"\" width=\"50\" height=\"50\" class=\"alignnone size-medium wp-image-2110\" \/><\/a><\/td>\n<\/tr>\n<tr class=\"row-12\">\n\t<td class=\"column-1\"><strong><b>Ley General de Responsabilidades Administrativas<br \/>\n<\/b><\/strong><\/td><td class=\"column-2\"><\/td><td class=\"column-3\"><a href=\"https:\/\/www.oaxaca.gob.mx\/inpac\/wp-content\/uploads\/sites\/17\/2022\/06\/LGRA.pdf\"><img loading=\"lazy\" decoding=\"async\" src=\"https:\/\/www.oaxaca.gob.mx\/inpac\/wp-content\/uploads\/sites\/17\/2019\/06\/24-512-300x300.png\" alt=\"\" width=\"50\" height=\"50\" class=\"alignnone size-medium wp-image-2110\" \/><\/a><\/td>\n<\/tr>\n<\/tbody>\n<\/table>\n<!-- #tablepress-6 from cache -->\n<p>&nbsp;<\/p>\n<div class=\"su-heading su-heading-style-default su-heading-align-center\" id=\"\" style=\"font-size:20px;margin-bottom:20px\"><div class=\"su-heading-inner\">REGLAMENTOS FEDERALES<\/div><\/div>\n\n<table id=\"tablepress-7\" class=\"tablepress tablepress-id-7\">\n<thead>\n<tr class=\"row-1\">\n\t<th class=\"column-1\">DENOMINACI\u00d3N DE LA NORMA <\/th><td class=\"column-2\"><\/td><th class=\"column-3\">DOCUMENTO<\/th>\n<\/tr>\n<\/thead>\n<tbody class=\"row-striping row-hover\">\n<tr class=\"row-2\">\n\t<td class=\"column-1\">Reglamento de la Ley Sobre Monumentos<br \/>\ny Zonas Arqueol\u00f3gicas, Art\u00edsticos e Hist\u00f3ricos<br \/>\n<\/td><td class=\"column-2\"><\/td><td class=\"column-3\"><a href=\"https:\/\/www.oaxaca.gob.mx\/inpac\/wp-content\/uploads\/sites\/17\/2022\/06\/Reg_LFMZAAH_031220.pdf\"><img loading=\"lazy\" decoding=\"async\" src=\"https:\/\/www.oaxaca.gob.mx\/inpac\/wp-content\/uploads\/sites\/17\/2019\/06\/24-512-300x300.png\" alt=\"\" width=\"50\" height=\"50\" class=\"alignnone size-medium wp-image-2110\" \/><\/a><\/td>\n<\/tr>\n<tr class=\"row-3\">\n\t<td class=\"column-1\">REGLAMENTO FEDERAL DE LA LEY DE OBRAS PUBLICAS  Y SERVICIOS RELACIONADOS CON LAS MISMAS<br \/>\n<\/td><td class=\"column-2\"><\/td><td class=\"column-3\"><a href=\"https:\/\/www.oaxaca.gob.mx\/inpac\/wp-content\/uploads\/sites\/17\/2022\/06\/Reg_LOPSRM.pdf\"><img loading=\"lazy\" decoding=\"async\" src=\"https:\/\/www.oaxaca.gob.mx\/inpac\/wp-content\/uploads\/sites\/17\/2019\/06\/24-512-300x300.png\" alt=\"\" width=\"50\" height=\"50\" class=\"alignnone size-medium wp-image-2110\" \/><\/a><\/td>\n<\/tr>\n<\/tbody>\n<\/table>\n<!-- #tablepress-7 from cache -->\n<p>&nbsp;<\/p>\n<div class=\"su-heading su-heading-style-default su-heading-align-center\" id=\"\" style=\"font-size:20px;margin-bottom:20px\"><div class=\"su-heading-inner\">LEYES ESTATALES<\/div><\/div>\n<table>\n<thead>\n<tr>\n<th>DENOMINACI\u00d3N DE LA NORMA <\/th>\n<th><\/th>\n<th>DOCUMENTO<\/th>\n<\/tr>\n<\/thead>\n<tbody>\n<tr>\n<td><strong><b>Constitucion Politica del Estado Libre<br \/>\ny Soberano de Oaxaca<br \/>\n<\/b><\/strong>\n<\/td>\n<td><\/td>\n<td><a href=\"https:\/\/www.oaxaca.gob.mx\/inpac\/wp-content\/uploads\/sites\/17\/2022\/06\/Constitucion_Politica_del_Estado_Libre_y_Soberano_de_Oaxaca_Dto_ref_578_aprob_LXV_Legis_16_mzo_2022_PO_15_15a_secc_9_abr_2022.pdf\"><img loading=\"lazy\" decoding=\"async\" src=\"https:\/\/www.oaxaca.gob.mx\/inpac\/wp-content\/uploads\/sites\/17\/2019\/06\/24-512-300x300.png\" alt=\"\" width=\"50\" height=\"50\" class=\"alignnone size-medium wp-image-2110\" \/><\/a><\/td>\n<\/tr>\n<tr>\n<td><strong><b>Ley Org\u00e1nica del Poder Ejecutivo del Estado de Oaxaca<br \/>\ndel Estado de Oaxaca<br \/>\n<\/b><\/strong>\n<\/td>\n<td><\/td>\n<td><a href=\"https:\/\/www.oaxaca.gob.mx\/inpac\/wp-content\/uploads\/sites\/17\/2022\/06\/Ley_Organica_del_Poder_Ejecutivo_Ref_dto_578_aprob_LXV_Legis_16_mzo_2022_PO_15_15a_secc_9_abr_2022.pdf\"><img loading=\"lazy\" decoding=\"async\" src=\"https:\/\/www.oaxaca.gob.mx\/inpac\/wp-content\/uploads\/sites\/17\/2019\/06\/24-512-300x300.png\" alt=\"\" width=\"50\" height=\"50\" class=\"alignnone size-medium wp-image-2110\" \/><\/a><\/td>\n<\/tr>\n<tr>\n<td><strong><b>Ley de Entidades Paraestatales<br \/>\ndel Estado de Oaxaca<br \/>\n<\/b><\/strong><\/td>\n<td><\/td>\n<td><a href=\"https:\/\/www.oaxaca.gob.mx\/inpac\/wp-content\/uploads\/sites\/17\/2022\/06\/Ley_de_Entidades_Paraestatales_del_Estado_de_Oaxaca_Ref_Dto_1586_aprob_LXIII_Legis_18_sep_2018_PO_45_14a_secc_10_nov_2018.pdf\"><img loading=\"lazy\" decoding=\"async\" src=\"https:\/\/www.oaxaca.gob.mx\/inpac\/wp-content\/uploads\/sites\/17\/2019\/06\/24-512-300x300.png\" alt=\"\" width=\"50\" height=\"50\" class=\"alignnone size-medium wp-image-2110\" \/><\/a><\/td>\n<\/tr>\n<tr>\n<td><strong><b>Ley de Obras P\u00fablicas y Servicios Relacionadas<br \/>\ndel Estado de Oaxaca<br \/>\n<\/b><\/strong><\/td>\n<td><\/td>\n<td><a href=\"https:\/\/www.oaxaca.gob.mx\/inpac\/wp-content\/uploads\/sites\/17\/2022\/06\/Ley_de_Obras_Publicas_y_Servicios_Relacionados_del_Estado_del_Estado_de_Oaxaca_Dto_Ref_615_aprob_LXV_Legis_13_abr_2022_PO_20_4a_secc_14_may_2022.pdf\"><img loading=\"lazy\" decoding=\"async\" src=\"https:\/\/www.oaxaca.gob.mx\/inpac\/wp-content\/uploads\/sites\/17\/2019\/06\/24-512-300x300.png\" alt=\"\" width=\"50\" height=\"50\" class=\"alignnone size-medium wp-image-2110\" \/><\/a><\/td>\n<\/tr>\n<tr>\n<td><strong><b>Ley de Responsabilidades Administrativas del Estado y Municipios de Oaxaca<br \/>\n<\/b><\/strong><\/td>\n<td><\/td>\n<td><a href=\"https:\/\/www.oaxaca.gob.mx\/inpac\/wp-content\/uploads\/sites\/17\/2022\/06\/Ley_de_Responsabilidades_Administrativas_del_Estado_y_Municipios_de_Oaxaca_Dto_ref_2906_aprob_LXIV_Legis_22_oct_2021_PO_49_Sexta_Seccion_4_dic_.pdf\"><img loading=\"lazy\" decoding=\"async\" src=\"https:\/\/www.oaxaca.gob.mx\/inpac\/wp-content\/uploads\/sites\/17\/2019\/06\/24-512-300x300.png\" alt=\"\" width=\"50\" height=\"50\" class=\"alignnone size-medium wp-image-2110\" \/><\/a><\/td>\n<\/tr>\n<tr>\n<td><strong><b>Ley del Servicio Civil para los Empleados<br \/>\nde Gobierno del Estado<br \/>\n<\/b><\/strong><\/td>\n<td><\/td>\n<td><a href=\"https:\/\/www.oaxaca.gob.mx\/inpac\/wp-content\/uploads\/sites\/17\/2022\/06\/Ley_del_Servicio_Civil_para_los_Empleados_de_Gobierno_del_Estado_Ref_dto_2873_aprob_LXIV_Legis_22_oct_2021_PO_49_5a_secc_4_dic_2021.pdf\"><img loading=\"lazy\" decoding=\"async\" src=\"https:\/\/www.oaxaca.gob.mx\/inpac\/wp-content\/uploads\/sites\/17\/2019\/06\/24-512-300x300.png\" alt=\"\" width=\"50\" height=\"50\" class=\"alignnone size-medium wp-image-2110\" \/><\/a><\/td>\n<\/tr>\n<tr>\n<td><strong><b>Ley de Proteccion de Datos Personales en Posesi\u00f3n de Sujetos Obligados del Estado de Oaxaca<br \/>\n<\/b><\/strong><\/td>\n<td><\/td>\n<td><a href=\"https:\/\/www.oaxaca.gob.mx\/inpac\/wp-content\/uploads\/sites\/17\/2026\/01\/LEY-DE-PROTECCION-DE-DATOS.pdf\"><img loading=\"lazy\" decoding=\"async\" src=\"https:\/\/www.oaxaca.gob.mx\/inpac\/wp-content\/uploads\/sites\/17\/2019\/06\/24-512-300x300.png\" alt=\"\" width=\"50\" height=\"50\" class=\"alignnone size-medium wp-image-2110\" \/><\/a><\/td>\n<\/tr>\n<tr>\n<td><strong><b>Reglamento de la ley de adquisiciones, enajenaciones,arrendamientos, prestaciones de servicio y administraci\u00f3n de bienes muebles e inmuebles del estado de oaxaca<br \/>\n<\/b><\/strong><\/td>\n<td><\/td>\n<td><a href=\"https:\/\/www.oaxaca.gob.mx\/inpac\/wp-content\/uploads\/sites\/17\/2022\/09\/ReglamentodelaLeydeAdquisiciones.pdf\"><img loading=\"lazy\" decoding=\"async\" src=\"https:\/\/www.oaxaca.gob.mx\/inpac\/wp-content\/uploads\/sites\/17\/2019\/06\/24-512-300x300.png\" alt=\"\" width=\"50\" height=\"50\" class=\"alignnone size-medium wp-image-2110\" \/><\/a><\/td>\n<\/tr>\n<tr>\n<td><strong><b>Ley De Transparencia Y Buen Gobierno Para El Estado De Oaxaca<br \/>\n<\/b><\/strong><\/td>\n<td><\/td>\n<td><a href=\"https:\/\/www.oaxaca.gob.mx\/inpac\/wp-content\/uploads\/sites\/17\/2026\/01\/LEY-DE-TRANSPARENCIA-NUEVA.pdf\"><img loading=\"lazy\" decoding=\"async\" src=\"https:\/\/www.oaxaca.gob.mx\/inpac\/wp-content\/uploads\/sites\/17\/2019\/06\/24-512-300x300.png\" alt=\"\" width=\"50\" height=\"50\" class=\"alignnone size-medium wp-image-2110\" \/><\/a><\/td>\n<\/tr>\n<tr>\n<td><strong><b>Ley Estatal de Planeaci\u00f3n<br \/>\n<\/b><\/strong><\/td>\n<td><\/td>\n<td><a href=\"https:\/\/www.oaxaca.gob.mx\/inpac\/wp-content\/uploads\/sites\/17\/2023\/08\/Ley_Estatal_de_Planeacion_Ref_dto_1079_aprob_LXV_Legis_22_marzo_2023_PO_14_7a_secc_8_abr_2023.pdf\"><img loading=\"lazy\" decoding=\"async\" src=\"https:\/\/www.oaxaca.gob.mx\/inpac\/wp-content\/uploads\/sites\/17\/2019\/06\/24-512-300x300.png\" alt=\"\" width=\"50\" height=\"50\" class=\"alignnone size-medium wp-image-2110\" \/><\/a><\/td>\n<\/tr>\n<\/tbody>\n<\/table>\n<div class=\"su-heading su-heading-style-default su-heading-align-center\" id=\"\" style=\"font-size:20px;margin-bottom:20px\"><div class=\"su-heading-inner\">NORMATIVIDAD INTERNA<\/div><\/div>\n\n<table id=\"tablepress-11\" class=\"tablepress tablepress-id-11\">\n<thead>\n<tr class=\"row-1\">\n\t<th class=\"column-1\">DENOMINACI\u00d3N DE LA NORMA <\/th><td class=\"column-2\"><\/td><th class=\"column-3\">DOCUMENTO<\/th>\n<\/tr>\n<\/thead>\n<tbody class=\"row-striping row-hover\">\n<tr class=\"row-2\">\n\t<td class=\"column-1\"><strong><b>Decreto de Creaci\u00f3n del Instituto del<br \/>\nPatrimonio Cultural del Estado de Oaxaca<br \/>\n<\/b><\/strong><br \/>\n<br \/>\n<\/td><td class=\"column-2\"><\/td><td class=\"column-3\"><a href=\"https:\/\/www.oaxaca.gob.mx\/inpac\/wp-content\/uploads\/sites\/17\/2023\/12\/SEC48-08VA-2023-12-02.pdf\"><img loading=\"lazy\" decoding=\"async\" src=\"https:\/\/www.oaxaca.gob.mx\/inpac\/wp-content\/uploads\/sites\/17\/2019\/06\/24-512-300x300.png\" alt=\"\" width=\"50\" height=\"50\" class=\"alignnone size-medium wp-image-2110\" \/><\/a><\/td>\n<\/tr>\n<tr class=\"row-3\">\n\t<td class=\"column-1\"><b>Reglamento Interno del Instituto del Patrimonio<br \/>\nCultural del Estado de Oaxaca<br \/>\n<\/b><\/strong><\/td><td class=\"column-2\"><\/td><td class=\"column-3\"><a href=\"https:\/\/www.oaxaca.gob.mx\/inpac\/wp-content\/uploads\/sites\/17\/2019\/06\/REGLAMENTO-INTERNO-DEL-INPAC.pdf\"><img loading=\"lazy\" decoding=\"async\" src=\"https:\/\/www.oaxaca.gob.mx\/inpac\/wp-content\/uploads\/sites\/17\/2019\/06\/24-512-300x300.png\" alt=\"\" width=\"50\" height=\"50\" class=\"alignnone size-medium wp-image-2110\" \/><\/a><\/td>\n<\/tr>\n<tr class=\"row-4\">\n\t<td class=\"column-1\"><strong><b>Manual de Procedimientos del Instituto del<br \/>\nPatrimonio Cultural del Estado de Oaxaca<br \/>\n<\/b><\/strong><br \/>\n<\/td><td class=\"column-2\"><\/td><td class=\"column-3\"><a href=\"https:\/\/www.oaxaca.gob.mx\/inpac\/wp-content\/uploads\/sites\/17\/2019\/10\/MANUAL-PROCEDIMIENTOS.pdf\"><img loading=\"lazy\" decoding=\"async\" src=\"https:\/\/www.oaxaca.gob.mx\/inpac\/wp-content\/uploads\/sites\/17\/2019\/06\/24-512-300x300.png\" alt=\"\" width=\"50\" height=\"50\" class=\"alignnone size-medium wp-image-2110\" \/><\/a><\/td>\n<\/tr>\n<tr class=\"row-5\">\n\t<td class=\"column-1\"><strong><b>Manual de Organizaci\u00f3n<br \/>\n<\/b><\/strong><br \/>\n<\/td><td class=\"column-2\"><\/td><td class=\"column-3\"><a href=\"https:\/\/www.oaxaca.gob.mx\/inpac\/wp-content\/uploads\/sites\/17\/2017\/04\/5.-MANUAL-DE-ORGANIZACION-VIGENTE-2016.pdf\"><img loading=\"lazy\" decoding=\"async\" src=\"https:\/\/www.oaxaca.gob.mx\/inpac\/wp-content\/uploads\/sites\/17\/2019\/06\/24-512-300x300.png\" alt=\"\" width=\"50\" height=\"50\" class=\"alignnone size-medium wp-image-2110\" \/><\/a><\/td>\n<\/tr>\n<tr class=\"row-6\">\n\t<td class=\"column-1\"><strong><b>Normatividad en Materia de Recursos Humanos<br \/>\n<\/b><\/strong><br \/>\n<\/td><td class=\"column-2\"><\/td><td class=\"column-3\"><a href=\"https:\/\/www.oaxaca.gob.mx\/inpac\/wp-content\/uploads\/sites\/17\/2020\/03\/NORMATIVIDAD-DE-REC-HUMANOS.pdf\"><img loading=\"lazy\" decoding=\"async\" src=\"https:\/\/www.oaxaca.gob.mx\/inpac\/wp-content\/uploads\/sites\/17\/2019\/06\/24-512-300x300.png\" alt=\"\" width=\"50\" height=\"50\" class=\"alignnone size-medium wp-image-2110\" \/><\/a><\/td>\n<\/tr>\n<\/tbody>\n<\/table>\n<!-- #tablepress-11 from cache -->\n<div class=\"su-heading su-heading-style-default su-heading-align-center\" id=\"\" style=\"font-size:20px;margin-bottom:20px\"><div class=\"su-heading-inner\">PLANES<\/div><\/div>\n\n<table id=\"tablepress-12\" class=\"tablepress tablepress-id-12\">\n<thead>\n<tr class=\"row-1\">\n\t<th class=\"column-1\">DENOMINACI\u00d3N DE LA NORMA <\/th><td class=\"column-2\"><\/td><th class=\"column-3\">DOCUMENTO<\/th>\n<\/tr>\n<\/thead>\n<tbody class=\"row-striping row-hover\">\n<tr class=\"row-2\">\n\t<td class=\"column-1\"><strong><b>Plan Estatal de Desarrollo<br \/>\n<\/b><\/strong><br \/>\n<\/td><td class=\"column-2\"><\/td><td class=\"column-3\"><a href=\"https:\/\/www.oaxaca.gob.mx\/inpac\/wp-content\/uploads\/sites\/17\/2025\/06\/Plan_Estatal_de_Desarrollo_2022-2028.pdf\"><img loading=\"lazy\" decoding=\"async\" src=\"https:\/\/www.oaxaca.gob.mx\/inpac\/wp-content\/uploads\/sites\/17\/2019\/06\/24-512-300x300.png\" alt=\"\" width=\"50\" height=\"50\" class=\"alignnone size-medium wp-image-2110\" \/><\/a><\/td>\n<\/tr>\n<tr class=\"row-3\">\n\t<td class=\"column-1\"><strong><b>Plan Estrategico Sectorial <br \/>\n<\/b><\/strong><br \/>\n<\/td><td class=\"column-2\"><\/td><td class=\"column-3\"><a href=\"https:\/\/www.oaxaca.gob.mx\/inpac\/wp-content\/uploads\/sites\/17\/2025\/06\/PES_Cultura.pdf\"><img loading=\"lazy\" decoding=\"async\" src=\"https:\/\/www.oaxaca.gob.mx\/inpac\/wp-content\/uploads\/sites\/17\/2019\/06\/24-512-300x300.png\" alt=\"\" width=\"50\" height=\"50\" class=\"alignnone size-medium wp-image-2110\" \/><\/a><\/td>\n<\/tr>\n<tr class=\"row-4\">\n\t<td class=\"column-1\"><strong><b>Plan Nacional de Desarrollo<br \/>\n<\/b><\/strong><br \/>\n<\/td><td class=\"column-2\"><\/td><td class=\"column-3\"><a href=\"https:\/\/www.oaxaca.gob.mx\/inpac\/wp-content\/uploads\/sites\/17\/2025\/06\/PND_2025-2030_v250226_14.pdf\"><img loading=\"lazy\" decoding=\"async\" src=\"https:\/\/www.oaxaca.gob.mx\/inpac\/wp-content\/uploads\/sites\/17\/2019\/06\/24-512-300x300.png\" alt=\"\" width=\"50\" height=\"50\" class=\"alignnone size-medium wp-image-2110\" \/><\/a><\/td>\n<\/tr>\n<tr class=\"row-5\">\n\t<td class=\"column-1\"><strong><b>Plan Estrategico Sectorial Infraestructuras y Servicios P\u00fablicos<br \/>\n<\/b><\/strong><\/td><td class=\"column-2\"><\/td><td class=\"column-3\"><a href=\"https:\/\/www.oaxaca.gob.mx\/inpac\/wp-content\/uploads\/sites\/17\/2025\/06\/PES-Infraestructuras-y-servicios-publicos.pdf\"><img loading=\"lazy\" decoding=\"async\" src=\"https:\/\/www.oaxaca.gob.mx\/inpac\/wp-content\/uploads\/sites\/17\/2019\/06\/24-512-300x300.png\" alt=\"\" width=\"50\" height=\"50\" class=\"alignnone size-medium wp-image-2110\" \/><\/a><\/td>\n<\/tr>\n<\/tbody>\n<\/table>\n<!-- #tablepress-12 from cache -->\n<p>&nbsp;<\/p>\n","protected":false},"excerpt":{"rendered":"<p>&nbsp; &nbsp; DENOMINACI\u00d3N DE LA NORMA DOCUMENTO Constitucion Politica del Estado Libre y Soberano de Oaxaca Ley Org\u00e1nica del Poder Ejecutivo del Estado de Oaxaca del Estado de Oaxaca Ley de Entidades Paraestatales del Estado de Oaxaca Ley de Obras P\u00fablicas y Servicios Relacionadas del Estado de Oaxaca Ley de Responsabilidades Administrativas del Estado y [&hellip;]<\/p>\n","protected":false},"author":1,"featured_media":14,"parent":0,"menu_order":0,"comment_status":"closed","ping_status":"closed","template":"","meta":{"episode_type":"","audio_file":"","podmotor_file_id":"","podmotor_episode_id":"","cover_image":"","cover_image_id":"","duration":"","filesize":"","filesize_raw":"","date_recorded":"","explicit":"","block":"","itunes_episode_number":"","itunes_title":"","itunes_season_number":"","itunes_episode_type":"","footnotes":""},"categories":[],"tags":[],"class_list":["post-381","page","type-page","status-publish","has-post-thumbnail","hentry"],"acf":[],"publishpress_future_action":{"enabled":false,"date":"2026-05-07 13:32:44","action":"change-status","newStatus":"draft","terms":[],"taxonomy":"category","extraData":[]},"publishpress_future_workflow_manual_trigger":{"enabledWorkflows":[]},"_links":{"self":[{"href":"https:\/\/www.oaxaca.gob.mx\/inpac\/wp-json\/wp\/v2\/pages\/381","targetHints":{"allow":["GET"]}}],"collection":[{"href":"https:\/\/www.oaxaca.gob.mx\/inpac\/wp-json\/wp\/v2\/pages"}],"about":[{"href":"https:\/\/www.oaxaca.gob.mx\/inpac\/wp-json\/wp\/v2\/types\/page"}],"author":[{"embeddable":true,"href":"https:\/\/www.oaxaca.gob.mx\/inpac\/wp-json\/wp\/v2\/users\/1"}],"replies":[{"embeddable":true,"href":"https:\/\/www.oaxaca.gob.mx\/inpac\/wp-json\/wp\/v2\/comments?post=381"}],"version-history":[{"count":3,"href":"https:\/\/www.oaxaca.gob.mx\/inpac\/wp-json\/wp\/v2\/pages\/381\/revisions"}],"predecessor-version":[{"id":10355,"href":"https:\/\/www.oaxaca.gob.mx\/inpac\/wp-json\/wp\/v2\/pages\/381\/revisions\/10355"}],"wp:featuredmedia":[{"embeddable":true,"href":"https:\/\/www.oaxaca.gob.mx\/inpac\/wp-json\/wp\/v2\/media\/14"}],"wp:attachment":[{"href":"https:\/\/www.oaxaca.gob.mx\/inpac\/wp-json\/wp\/v2\/media?parent=381"}],"wp:term":[{"taxonomy":"category","embeddable":true,"href":"https:\/\/www.oaxaca.gob.mx\/inpac\/wp-json\/wp\/v2\/categories?post=381"},{"taxonomy":"post_tag","embeddable":true,"href":"https:\/\/www.oaxaca.gob.mx\/inpac\/wp-json\/wp\/v2\/tags?post=381"}],"curies":[{"name":"wp","href":"https:\/\/api.w.org\/{rel}","templated":true}]}}