{"id":1080,"date":"2018-05-07T09:30:22","date_gmt":"2018-05-07T15:30:22","guid":{"rendered":"http:\/\/www.inpac.oaxaca.gob.mx\/?page_id=1080"},"modified":"2020-02-19T11:14:36","modified_gmt":"2020-02-19T17:14:36","slug":"sevac","status":"publish","type":"page","link":"https:\/\/www.oaxaca.gob.mx\/inpac\/sevac\/","title":{"rendered":"SEVAC"},"content":{"rendered":"[tabs]\n[tab title=\u00bbPRIMER TRIMESTRE 2018&#8243;]\n<table style=\"height: 1316px;background-color: #faf5f5\" width=\"1074\" cellspacing=\"0\">\n<tbody>\n<tr style=\"background-color: #38e85e\">\n<td style=\"background-color: #727370;text-align: left\" colspan=\"5\"><strong><span style=\"color: #ffffff\">INFORMES DEL PRIMER TRIMESTRE 2018 SEVAC<\/span><br \/>\n<\/strong><\/td>\n<\/tr>\n<tr>\n<td style=\"background-color: ffffff;text-align: left\">D.1.1 Publica la informaci\u00f3n de los montos efectivamente pagados durante el periodo por conceptos de ayudas y subsidios.<\/td>\n<td style=\"background-color: ffffff;text-align: left;padding-left: 120px\"><a href=\"\/inpac\/wp-content\/uploads\/sites\/17\/2018\/05\/Publica-la-informaci\u00f3n-de-los-montos-efectivamente-pagados.pdf\" target=\"_blank\" rel=\"noopener noreferrer\"><img loading=\"lazy\" decoding=\"async\" class=\"alignright wp-image-1132\" src=\"\/inpac\/wp-content\/uploads\/sites\/17\/2017\/08\/Graphicloads-Filetype-Pdf.ico\" alt=\"\" width=\"50\" height=\"50\" \/><\/a><\/td>\n<\/tr>\n<tr>\n<td style=\"background-color: #d3f5d4;text-align: left\">D.2.1 Publica el Estado de Actividades.<\/td>\n<td style=\"background-color: #d3f5d4;text-align: left;padding-left: 120px\"><a href=\"\/inpac\/wp-content\/uploads\/sites\/17\/2018\/05\/Publica-el-Estado-de-Actividades..pdf\" target=\"_blank\" rel=\"noopener noreferrer\"><img loading=\"lazy\" decoding=\"async\" class=\"alignright wp-image-1132\" src=\"\/inpac\/wp-content\/uploads\/sites\/17\/2017\/08\/Graphicloads-Filetype-Pdf.ico\" alt=\"\" width=\"50\" height=\"50\" \/><\/a><\/td>\n<\/tr>\n<tr>\n<td style=\"background-color: ffffff;text-align: left\">D.2.2 Publica el Estado de Situaci\u00f3n Financiera.<\/td>\n<td style=\"background-color: ffffff;text-align: left;padding-left: 120px\"><a href=\"\/inpac\/wp-content\/uploads\/sites\/17\/2018\/05\/Publica-el-Estado-de-Situaci\u00f3n-Financiera.pdf\" target=\"_blank\" rel=\"noopener noreferrer\"><img loading=\"lazy\" decoding=\"async\" class=\"alignright wp-image-1132\" src=\"\/inpac\/wp-content\/uploads\/sites\/17\/2017\/08\/Graphicloads-Filetype-Pdf.ico\" alt=\"\" width=\"50\" height=\"50\" \/><\/a><\/td>\n<\/tr>\n<tr>\n<td style=\"background-color: #d3f5d4;text-align: left\">D.2.3 Publica el Estado de Variaci\u00f3n en la Hacienda P\u00fablica.<\/td>\n<td style=\"background-color: #d3f5d4;text-align: left;padding-left: 120px\"><a href=\"\/inpac\/wp-content\/uploads\/sites\/17\/2018\/05\/Publica-el-Estado-de-Variaci\u00f3n-en-la-Hacienda-P\u00fablica..pdf\" target=\"_blank\" rel=\"noopener noreferrer\"><img loading=\"lazy\" decoding=\"async\" class=\"alignright wp-image-1132\" src=\"\/inpac\/wp-content\/uploads\/sites\/17\/2017\/08\/Graphicloads-Filetype-Pdf.ico\" alt=\"\" width=\"50\" height=\"50\" \/><\/a><\/td>\n<\/tr>\n<tr>\n<td style=\"background-color: ffffff;text-align: left\">D.2.4 Publica el Estado de Cambios en la Situaci\u00f3n Financiera.<\/td>\n<td style=\"background-color: ffffff;text-align: left;padding-left: 120px\"><a href=\"\/inpac\/wp-content\/uploads\/sites\/17\/2018\/05\/Publica-el-Estado-de-Cambios-en-la-Situaci\u00f3n-Financiera..pdf\" target=\"_blank\" rel=\"noopener noreferrer\"><img loading=\"lazy\" decoding=\"async\" class=\"alignright wp-image-1132\" src=\"\/inpac\/wp-content\/uploads\/sites\/17\/2017\/08\/Graphicloads-Filetype-Pdf.ico\" alt=\"\" width=\"50\" height=\"50\" \/><\/a><\/td>\n<\/tr>\n<tr>\n<td style=\"background-color: #d3f5d4;text-align: left\">D.2.5 Publica el Estado de Flujos de Efectivos.<\/td>\n<td style=\"background-color: #d3f5d4;text-align: left;padding-left: 120px\"><a href=\"\/inpac\/wp-content\/uploads\/sites\/17\/2018\/05\/Publica-el-Estado-de-Flujos-de-Efectivos.pdf\" target=\"_blank\" rel=\"noopener noreferrer\"><img loading=\"lazy\" decoding=\"async\" class=\"alignright wp-image-1132\" src=\"\/inpac\/wp-content\/uploads\/sites\/17\/2017\/08\/Graphicloads-Filetype-Pdf.ico\" alt=\"\" width=\"50\" height=\"50\" \/><\/a><\/td>\n<\/tr>\n<tr>\n<td style=\"background-color: ffffff;text-align: left\">D.2.6 Publica el Estado sobre Pasivo Contigentes.<\/td>\n<td style=\"background-color: ffffff;text-align: left;padding-left: 120px\"><a href=\"\/inpac\/wp-content\/uploads\/sites\/17\/2018\/05\/Publica-el-Estado-sobre-Pasivo-Contigentes.pdf\" target=\"_blank\" rel=\"noopener noreferrer\"><img loading=\"lazy\" decoding=\"async\" class=\"alignright wp-image-1132\" src=\"\/inpac\/wp-content\/uploads\/sites\/17\/2017\/08\/Graphicloads-Filetype-Pdf.ico\" alt=\"\" width=\"50\" height=\"50\" \/><\/a><\/td>\n<\/tr>\n<tr>\n<td style=\"background-color: #d3f5d4;text-align: left\">D.2.7 Publica las Notas a los Estados Financieros.<\/td>\n<td style=\"background-color: #d3f5d4;text-align: left;padding-left: 120px\"><a href=\"\/inpac\/wp-content\/uploads\/sites\/17\/2018\/05\/Publica-las-Notas-a-los-Estados-Financieros.pdf\" target=\"_blank\" rel=\"noopener noreferrer\"><img loading=\"lazy\" decoding=\"async\" class=\"alignright wp-image-1132\" src=\"\/inpac\/wp-content\/uploads\/sites\/17\/2017\/08\/Graphicloads-Filetype-Pdf.ico\" alt=\"\" width=\"50\" height=\"50\" \/><\/a><\/td>\n<\/tr>\n<tr>\n<td style=\"background-color: ffffff;text-align: left\">D.2.8 Publica el Estado Anal\u00edtico del Activo.<\/td>\n<td style=\"background-color: ffffff;text-align: left;padding-left: 120px\"><a href=\"\/inpac\/wp-content\/uploads\/sites\/17\/2018\/05\/Publica-el-Estado-Anal\u00edtico-del-Activo..pdf\" target=\"_blank\" rel=\"noopener noreferrer\"><img loading=\"lazy\" decoding=\"async\" class=\"alignright wp-image-1132\" src=\"\/inpac\/wp-content\/uploads\/sites\/17\/2017\/08\/Graphicloads-Filetype-Pdf.ico\" alt=\"\" width=\"50\" height=\"50\" \/><\/a><\/td>\n<\/tr>\n<tr>\n<td style=\"background-color: #d3f5d4;text-align: left\">D.2.9 Publica el Estado Anal\u00edtico y Otros Pasivos.<\/td>\n<td style=\"background-color: #d3f5d4;text-align: left;padding-left: 120px\"><a href=\"\/inpac\/wp-content\/uploads\/sites\/17\/2018\/05\/Publica-el-Estado-Anal\u00edtico-y-Otros-Pasivos..pdf\" target=\"_blank\" rel=\"noopener noreferrer\"><img loading=\"lazy\" decoding=\"async\" class=\"alignright wp-image-1132\" src=\"\/inpac\/wp-content\/uploads\/sites\/17\/2017\/08\/Graphicloads-Filetype-Pdf.ico\" alt=\"\" width=\"50\" height=\"50\" \/><\/a><\/td>\n<\/tr>\n<tr>\n<td style=\"background-color: ffffff;text-align: left\">D.3.1 Publica el Estado Anal\u00edtico y e Ingresos.<\/td>\n<td style=\"background-color: ffffff;text-align: left;padding-left: 120px\"><a href=\"\/inpac\/wp-content\/uploads\/sites\/17\/2018\/05\/Publica-el-Estado-Anal\u00edtico-y-e-Ingresos..pdf\" target=\"_blank\" rel=\"noopener noreferrer\"><img loading=\"lazy\" decoding=\"async\" class=\"alignright wp-image-1132\" src=\"\/inpac\/wp-content\/uploads\/sites\/17\/2017\/08\/Graphicloads-Filetype-Pdf.ico\" alt=\"\" width=\"50\" height=\"50\" \/><\/a><\/td>\n<\/tr>\n<tr>\n<td style=\"background-color: #d3f5d4;text-align: left\">D.3.2 Publica el Estado Anal\u00edtico del Ejercicio del Presupuesto de Egresos con Clasificaci\u00f3n Administrativa.<\/td>\n<td style=\"background-color: #d3f5d4;text-align: left;padding-left: 120px\"><a href=\"\/inpac\/wp-content\/uploads\/sites\/17\/2018\/05\/Publica-el-Estado-Anal\u00edtico-del-Ejercicio-del-Presupuesto-de-Egresos-con-Clasificaci\u00f3n-Administrativa.pdf\" target=\"_blank\" rel=\"noopener noreferrer\"><img loading=\"lazy\" decoding=\"async\" class=\"alignright wp-image-1132\" src=\"\/inpac\/wp-content\/uploads\/sites\/17\/2017\/08\/Graphicloads-Filetype-Pdf.ico\" alt=\"\" width=\"50\" height=\"50\" \/><\/a><\/td>\n<\/tr>\n<tr>\n<td style=\"background-color: ffffff;text-align: left\">D.3.3 Publica el Estado Anal\u00edtico del Ejercicio del Presupuesto de Egresos con Clasificaci\u00f3n Econ\u00f3mica (por Tipo de Gasto).<\/td>\n<td style=\"background-color: ffffff;text-align: left;padding-left: 120px\"><a href=\"\/inpac\/wp-content\/uploads\/sites\/17\/2018\/05\/Publica-el-Estado-Anal\u00edtico-del-Ejercicio-del-Presupuesto-de-Egresos-con-Clasificaci\u00f3n-Econ\u00f3mica.pdf\" target=\"_blank\" rel=\"noopener noreferrer\"><img loading=\"lazy\" decoding=\"async\" class=\"alignright wp-image-1132\" src=\"\/inpac\/wp-content\/uploads\/sites\/17\/2017\/08\/Graphicloads-Filetype-Pdf.ico\" alt=\"\" width=\"50\" height=\"50\" \/><\/a><\/td>\n<\/tr>\n<tr>\n<td style=\"background-color: #d3f5d4;text-align: left\">D.3.4 Publica el Estado Anal\u00edtico del Ejercicio del Presupuesto de Egresos con Clasificaci\u00f3n por Objeto del Gasto.<\/td>\n<td style=\"background-color: #d3f5d4;text-align: left;padding-left: 120px\"><a href=\"\/inpac\/wp-content\/uploads\/sites\/17\/2018\/05\/Publica-el-Estado-Anal\u00edtico-del-Ejercicio-del-Presupuesto-de-Egresos-con-Clasificaci\u00f3n-por-Objeto-del-Gasto.pdf\" target=\"_blank\" rel=\"noopener noreferrer\"><img loading=\"lazy\" decoding=\"async\" class=\"alignright wp-image-1132\" src=\"\/inpac\/wp-content\/uploads\/sites\/17\/2017\/08\/Graphicloads-Filetype-Pdf.ico\" alt=\"\" width=\"50\" height=\"50\" \/><\/a><\/td>\n<\/tr>\n<tr>\n<td style=\"background-color: ffffff;text-align: left\">D.3.5 Publica el Estado Analitico del Ejercicio del Presupuesto de Egresos con Clasificaci\u00f3n Funcional.<\/td>\n<td style=\"background-color: ffffff;text-align: left;padding-left: 120px\"><a href=\"\/inpac\/wp-content\/uploads\/sites\/17\/2018\/05\/Publica-el-Estado-Analitico-del-Ejercicio-del-Presupuesto-de-Egresos-con-Clasificaci\u00f3n-Funcional.pdf\" target=\"_blank\" rel=\"noopener noreferrer\"><img loading=\"lazy\" decoding=\"async\" class=\"alignright wp-image-1132\" src=\"\/inpac\/wp-content\/uploads\/sites\/17\/2017\/08\/Graphicloads-Filetype-Pdf.ico\" alt=\"\" width=\"50\" height=\"50\" \/><\/a><\/td>\n<\/tr>\n<tr>\n<td style=\"background-color: #d3f5d4;text-align: left\">D.3.6 Publica el Endeudamiento Neto.<\/td>\n<td style=\"background-color: #d3f5d4;text-align: left;padding-left: 120px\"><a href=\"\/inpac\/wp-content\/uploads\/sites\/17\/2018\/05\/Publica-el-Endeudamiento-Neto.pdf\" target=\"_blank\" rel=\"noopener noreferrer\"><img loading=\"lazy\" decoding=\"async\" class=\"alignright wp-image-1132\" src=\"\/inpac\/wp-content\/uploads\/sites\/17\/2017\/08\/Graphicloads-Filetype-Pdf.ico\" alt=\"\" width=\"50\" height=\"50\" \/><\/a><\/td>\n<\/tr>\n<tr>\n<td style=\"background-color: ffffff;text-align: left\">D.3.7 Publica Intereses de la Deuda.<\/td>\n<td style=\"background-color: ffffff;text-align: left;padding-left: 120px\"><a href=\"\/inpac\/wp-content\/uploads\/sites\/17\/2018\/05\/Publica-Intereses-de-la-Deuda.pdf\" target=\"_blank\" rel=\"noopener noreferrer\"><img loading=\"lazy\" decoding=\"async\" class=\"alignright wp-image-1132\" src=\"\/inpac\/wp-content\/uploads\/sites\/17\/2017\/08\/Graphicloads-Filetype-Pdf.ico\" alt=\"\" width=\"50\" height=\"50\" \/><\/a><\/td>\n<\/tr>\n<tr>\n<td style=\"background-color: #d3f5d4;text-align: left\">D.4.1 Publica el Gasto por Categor\u00eda Program\u00e1tica<\/td>\n<td style=\"background-color: #d3f5d4;text-align: left;padding-left: 120px\"><a href=\"\/inpac\/wp-content\/uploads\/sites\/17\/2018\/05\/Publica-el-Gasto-por-Categor\u00eda-Program\u00e1tica.pdf\" target=\"_blank\" rel=\"noopener noreferrer\"><img loading=\"lazy\" decoding=\"async\" class=\"alignright wp-image-1132\" src=\"\/inpac\/wp-content\/uploads\/sites\/17\/2017\/08\/Graphicloads-Filetype-Pdf.ico\" alt=\"\" width=\"50\" height=\"50\" \/><\/a><\/td>\n<\/tr>\n<tr>\n<td style=\"background-color: ffffff;text-align: left\">D.4.2 Publica los Indicadores de Resultados.<\/td>\n<td style=\"background-color: ffffff;text-align: left;padding-left: 120px\"><a href=\"\/inpac\/wp-content\/uploads\/sites\/17\/2018\/05\/Publica-los-Indicadores-de-Resultados..pdf\" target=\"_blank\" rel=\"noopener noreferrer\"><img loading=\"lazy\" decoding=\"async\" class=\"alignright wp-image-1132\" src=\"\/inpac\/wp-content\/uploads\/sites\/17\/2017\/08\/Graphicloads-Filetype-Pdf.ico\" alt=\"\" width=\"50\" height=\"50\" \/><\/a><\/td>\n<\/tr>\n<tr>\n<td style=\"background-color: #d3f5d4;text-align: left\">D.4.3 Publica los Programas y Proyectos de la Inversi\u00f3n.<\/td>\n<td style=\"background-color: #d3f5d4;text-align: left;padding-left: 120px\"><a href=\"\/inpac\/wp-content\/uploads\/sites\/17\/2018\/05\/Publica-los-Programas-y-Proyectos-de-la-Iversi\u00f3n.pdf\" target=\"_blank\" rel=\"noopener noreferrer\"><img loading=\"lazy\" decoding=\"async\" class=\"alignright wp-image-1132\" src=\"\/inpac\/wp-content\/uploads\/sites\/17\/2017\/08\/Graphicloads-Filetype-Pdf.ico\" alt=\"\" width=\"50\" height=\"50\" \/><\/a><\/td>\n<\/tr>\n<\/tbody>\n<\/table>\n<p>&nbsp;<\/p>\n[\/tab]\n[\/tab]\n[\/tab]\n[\/tabs]\n","protected":false},"excerpt":{"rendered":"<p>[tabs] [tab title=\u00bbPRIMER TRIMESTRE 2018&#8243;] INFORMES DEL PRIMER TRIMESTRE 2018 SEVAC D.1.1 Publica la informaci\u00f3n de los montos efectivamente pagados durante el periodo por conceptos de ayudas y subsidios. D.2.1 Publica el Estado de Actividades. D.2.2 Publica el Estado de Situaci\u00f3n Financiera. D.2.3 Publica el Estado de Variaci\u00f3n en la Hacienda P\u00fablica. D.2.4 Publica el [&hellip;]<\/p>\n","protected":false},"author":1,"featured_media":1178,"parent":0,"menu_order":0,"comment_status":"closed","ping_status":"closed","template":"","meta":{"episode_type":"","audio_file":"","podmotor_file_id":"","podmotor_episode_id":"","cover_image":"","cover_image_id":"","duration":"","filesize":"","filesize_raw":"","date_recorded":"","explicit":"","block":"","itunes_episode_number":"","itunes_title":"","itunes_season_number":"","itunes_episode_type":"","footnotes":""},"categories":[],"tags":[],"class_list":["post-1080","page","type-page","status-publish","has-post-thumbnail","hentry"],"acf":[],"publishpress_future_action":{"enabled":false,"date":"2026-05-16 00:19:53","action":"change-status","newStatus":"draft","terms":[],"taxonomy":"category","extraData":[]},"publishpress_future_workflow_manual_trigger":{"enabledWorkflows":[]},"_links":{"self":[{"href":"https:\/\/www.oaxaca.gob.mx\/inpac\/wp-json\/wp\/v2\/pages\/1080","targetHints":{"allow":["GET"]}}],"collection":[{"href":"https:\/\/www.oaxaca.gob.mx\/inpac\/wp-json\/wp\/v2\/pages"}],"about":[{"href":"https:\/\/www.oaxaca.gob.mx\/inpac\/wp-json\/wp\/v2\/types\/page"}],"author":[{"embeddable":true,"href":"https:\/\/www.oaxaca.gob.mx\/inpac\/wp-json\/wp\/v2\/users\/1"}],"replies":[{"embeddable":true,"href":"https:\/\/www.oaxaca.gob.mx\/inpac\/wp-json\/wp\/v2\/comments?post=1080"}],"version-history":[{"count":1,"href":"https:\/\/www.oaxaca.gob.mx\/inpac\/wp-json\/wp\/v2\/pages\/1080\/revisions"}],"predecessor-version":[{"id":4240,"href":"https:\/\/www.oaxaca.gob.mx\/inpac\/wp-json\/wp\/v2\/pages\/1080\/revisions\/4240"}],"wp:featuredmedia":[{"embeddable":true,"href":"https:\/\/www.oaxaca.gob.mx\/inpac\/wp-json\/wp\/v2\/media\/1178"}],"wp:attachment":[{"href":"https:\/\/www.oaxaca.gob.mx\/inpac\/wp-json\/wp\/v2\/media?parent=1080"}],"wp:term":[{"taxonomy":"category","embeddable":true,"href":"https:\/\/www.oaxaca.gob.mx\/inpac\/wp-json\/wp\/v2\/categories?post=1080"},{"taxonomy":"post_tag","embeddable":true,"href":"https:\/\/www.oaxaca.gob.mx\/inpac\/wp-json\/wp\/v2\/tags?post=1080"}],"curies":[{"name":"wp","href":"https:\/\/api.w.org\/{rel}","templated":true}]}}