{"id":434,"date":"2017-03-31T12:26:12","date_gmt":"2017-03-31T18:26:12","guid":{"rendered":"https:\/\/www.oaxaca.gob.mx\/ifreo\/?page_id=434"},"modified":"2026-03-03T12:49:42","modified_gmt":"2026-03-03T18:49:42","slug":"tramites-y-servicios","status":"publish","type":"page","link":"https:\/\/www.oaxaca.gob.mx\/ifreo\/tramites-y-servicios\/","title":{"rendered":"Tr\u00e1mites y Servicios"},"content":{"rendered":"<div class=\"container\">\n<div class=\"row justify-content-md-center\"><\/div>\n<div class=\"col-md\">\n<h3>B\u00daSQUEDAS, CERTIFICADOS, COPIAS CERTIFICADAS<\/h3>\n<p><strong>Descargue el formato del tr\u00e1mite o servicio a solicitar:<\/strong><\/p>\n<p><a href=\"https:\/\/drive.google.com\/file\/d\/18GYi0Ql-BgvwRXGVAlA25i80iN6TaAAl\/view?usp=drive_link\" target=\"_blank\" rel=\"noopener\">B\u00daSQUEDA DE BIENES<\/a><\/p>\n<p><a href=\"https:\/\/drive.google.com\/file\/d\/1oWePPRtJ-ecZypzUgXiKNbu0uUrGNFAu\/view?usp=drive_link\">CERTIFICADO DE NO PROPIEDAD Y\/O NO INSCRIPCION O INSCRIPCION DE INMUEBLE<\/a><\/p>\n<p><a href=\"https:\/\/drive.google.com\/file\/d\/1H_BuvlDBXJ2T0MafGzSx6koqV_cq2ENy\/view?usp=drive_link\">CERTIFICADO DE PROPIEDAD<\/a><\/p>\n<p><a href=\"https:\/\/drive.google.com\/file\/d\/1VF2ymldPfjSZCB0CuS7JlGf8XUCnzWl5\/view?usp=drive_link\">CERTIFICADO DE LIBERTAD O EXISTENCIA DE GRAVAMEN<\/a><\/p>\n<p><a href=\"https:\/\/drive.google.com\/file\/d\/1iAgdKY0sQLOOVkFG4NWDjxblpySGAP6d\/view?usp=drive_link\">COPIA CERTIFICADA<\/a><\/p>\n<p>&nbsp;<\/p>\n<h3><\/h3>\n<h3>ACTOS INSCRIBIBLES<\/h3>\n<p>ACTAS DE ASAMBLEA<br \/>\nADJUDICACION POR HERENCIA PARCIAL<br \/>\nADJUDICACION POR RESOLUCION JUDICIAL PARCIAL<br \/>\nADJUDICACI\u00d3N POR HERENCIA<br \/>\nADJUDICACI\u00d3N POR RESOLUCION JUDICIAL<br \/>\nARRENDAMIENTOS<br \/>\nCANCELACION DE GRAVAMEN<br \/>\nCAPITULACIONES MATRIMONIALES<br \/>\nCESION DE DERECHOS<br \/>\nCESION DE DERECHOS PARCIAL<br \/>\nCOMPRA VENTA PRIVADA PARCIAL<br \/>\nCOMPRA VENTA PRIVADA TOTAL<br \/>\nCOMPRA VENTA P\u00daBLICA PARCIAL<br \/>\nCOMPRA VENTA P\u00daBLICA TOTAL<br \/>\nCONSTITUCION DE REGIMEN DE PROPIEDAD EN CONDOMINIO<br \/>\nCONSTITUCION DE SERVIDUMBRE DE PASO<br \/>\nCONSTITUCION DE SOCIEDADES Y ASOCIACIONES CIVILES<br \/>\nCONSTITUCION DE USUFRUCTO POR TIEMPO DEFINIDO<br \/>\nCONSTITUCION DE USUFRUCTO VITALICIO<br \/>\nDACION EN PAGO<br \/>\nDECLARACION UNILATERAL<br \/>\nDECRETOS<br \/>\nDISOLUCION DE MANCOMUNIDAD<br \/>\nDONACION PARCIAL<br \/>\nDONACION TOTAL<br \/>\nFIDEICOMISO TRASLATIVO DE DOMINIO<br \/>\nFIDEICOMISO TRASLATIVO DE DOMINIO PARCIAL<br \/>\nFUSION DE PREDIOS<br \/>\nFUSION DE PREDIOS PARCIAL<br \/>\nINFORMACION DE DOMINIO<br \/>\nINMATRICULACION<br \/>\nINSCRIPCION DE GRAVAMEN<br \/>\nPERMUTA<br \/>\nPLAN DE DESARROLLO URBANO<br \/>\nPROCEDE<br \/>\nPROTOCOLIZACI\u00d3N<br \/>\nREGISTRO DE TESTAMENTOS<br \/>\nREVERSION DE FIDEICOMISO<br \/>\nSUBDIVISION DE PREDIOS CONDOMINIO<br \/>\nSUBDIVISION DE PREDIOS FRACCIONAMIENTO<br \/>\nSUBDIVISION DE PREDIOS LOTIFICACION<br \/>\nSUBDIVSION DE PREDIOS DIV. DE MANCUMUNIDAD<br \/>\nTRANSMISION DE PROPIEDAD<\/p>\n<p><a href=\"https:\/\/drive.google.com\/file\/d\/17nNZdB1PvH138O6N_lSGL5GlcgjeapCl\/view?usp=drive_link\">Descarga el cat\u00e1logo<\/a><br \/>\n<a href=\"https:\/\/www.oaxaca.gob.mx\/ifreo\/wp-content\/uploads\/sites\/21\/2026\/03\/CATALOGO-2026-TRAMITES.pdf\" class=\"pdfemb-viewer\" style=\"\" data-width=\"max\" data-height=\"max\" data-toolbar=\"top\" data-toolbar-fixed=\"on\">CATALOGO 2026 TRAMITES<\/a>\n<\/div>\n<\/div>\n<p>&nbsp;<\/p>\n","protected":false},"excerpt":{"rendered":"<p>B\u00daSQUEDAS, CERTIFICADOS, COPIAS CERTIFICADAS Descargue el formato del tr\u00e1mite o servicio a solicitar: B\u00daSQUEDA DE BIENES CERTIFICADO DE NO PROPIEDAD Y\/O NO INSCRIPCION O INSCRIPCION DE INMUEBLE CERTIFICADO DE PROPIEDAD CERTIFICADO DE LIBERTAD O EXISTENCIA DE GRAVAMEN COPIA CERTIFICADA &nbsp; ACTOS INSCRIBIBLES ACTAS DE ASAMBLEA ADJUDICACION POR HERENCIA PARCIAL ADJUDICACION POR RESOLUCION JUDICIAL PARCIAL ADJUDICACI\u00d3N [&hellip;]<\/p>\n","protected":false},"author":1,"featured_media":0,"parent":0,"menu_order":0,"comment_status":"closed","ping_status":"closed","template":"","meta":{"episode_type":"","audio_file":"","podmotor_file_id":"","podmotor_episode_id":"","cover_image":"","cover_image_id":"","duration":"","filesize":"","filesize_raw":"","date_recorded":"","explicit":"","block":"","itunes_episode_number":"","itunes_title":"","itunes_season_number":"","itunes_episode_type":"","footnotes":""},"categories":[],"tags":[],"class_list":["post-434","page","type-page","status-publish","hentry"],"acf":[],"publishpress_future_action":{"enabled":false,"date":"2026-04-30 10:09:15","action":"change-status","newStatus":"draft","terms":[],"taxonomy":"category","extraData":[]},"publishpress_future_workflow_manual_trigger":{"enabledWorkflows":[]},"_links":{"self":[{"href":"https:\/\/www.oaxaca.gob.mx\/ifreo\/wp-json\/wp\/v2\/pages\/434","targetHints":{"allow":["GET"]}}],"collection":[{"href":"https:\/\/www.oaxaca.gob.mx\/ifreo\/wp-json\/wp\/v2\/pages"}],"about":[{"href":"https:\/\/www.oaxaca.gob.mx\/ifreo\/wp-json\/wp\/v2\/types\/page"}],"author":[{"embeddable":true,"href":"https:\/\/www.oaxaca.gob.mx\/ifreo\/wp-json\/wp\/v2\/users\/1"}],"replies":[{"embeddable":true,"href":"https:\/\/www.oaxaca.gob.mx\/ifreo\/wp-json\/wp\/v2\/comments?post=434"}],"version-history":[{"count":2,"href":"https:\/\/www.oaxaca.gob.mx\/ifreo\/wp-json\/wp\/v2\/pages\/434\/revisions"}],"predecessor-version":[{"id":5562,"href":"https:\/\/www.oaxaca.gob.mx\/ifreo\/wp-json\/wp\/v2\/pages\/434\/revisions\/5562"}],"wp:attachment":[{"href":"https:\/\/www.oaxaca.gob.mx\/ifreo\/wp-json\/wp\/v2\/media?parent=434"}],"wp:term":[{"taxonomy":"category","embeddable":true,"href":"https:\/\/www.oaxaca.gob.mx\/ifreo\/wp-json\/wp\/v2\/categories?post=434"},{"taxonomy":"post_tag","embeddable":true,"href":"https:\/\/www.oaxaca.gob.mx\/ifreo\/wp-json\/wp\/v2\/tags?post=434"}],"curies":[{"name":"wp","href":"https:\/\/api.w.org\/{rel}","templated":true}]}}