{"id":3927,"date":"2020-12-02T11:27:48","date_gmt":"2020-12-02T17:27:48","guid":{"rendered":"https:\/\/www.oaxaca.gob.mx\/ifreo\/?page_id=3927"},"modified":"2023-05-04T15:36:26","modified_gmt":"2023-05-04T21:36:26","slug":"marco-juridico-3","status":"publish","type":"page","link":"https:\/\/www.oaxaca.gob.mx\/ifreo\/marco-juridico-3\/","title":{"rendered":"Marco Jur\u00eddico"},"content":{"rendered":"\n<table id=\"tablepress-31\" class=\"tablepress tablepress-id-31\">\n<thead>\n<tr class=\"row-1\">\n\t<th class=\"column-1\">Documento<\/th><th class=\"column-2\">Archivo<\/th>\n<\/tr>\n<\/thead>\n<tbody class=\"row-striping row-hover\">\n<tr class=\"row-2\">\n\t<td class=\"column-1\">LINEAMIENTOS GENERALES PARA LA INTEGRACI\u00d3N Y FUNCIONAMIENTO DE LOS COMIT\u00c9S DE \u00c9TICA Y DE PREVENCI\u00d3N DE CONFLICTOS DE INTER\u00c9S EN LA ADMINISTRACI\u00d3N P\u00daBLICA ESTATAL<\/td><td class=\"column-2\">  <a href=\"https:\/\/drive.google.com\/file\/d\/1dVT65pE80Ez6BCPg75uzDx5LDcTCJOyu\/view?usp=drive_link\" target=\"_blank\" rel=\"noopener noreferrer\"><br \/>\n          <i class=\"far fa-file-pdf fa-2x\">\u00a0<\/i><br \/>\n        <\/a><\/td>\n<\/tr>\n<tr class=\"row-3\">\n\t<td class=\"column-1\">C\u00d3DIGO DE \u00c9TICA PARA LAS PERSONAS SERVIDORAS P\u00daBLICAS DE LA ADMINISTRACI\u00d3N P\u00daBLICA ESTATAL<\/td><td class=\"column-2\">       <a href=\"https:\/\/drive.google.com\/file\/d\/1dVT65pE80Ez6BCPg75uzDx5LDcTCJOyu\/view?usp=drive_link\" target=\"_blank\" rel=\"noopener noreferrer\"><br \/>\n          <i class=\"far fa-file-pdf fa-2x\">\u00a0<\/i><br \/>\n        <\/a><\/td>\n<\/tr>\n<tr class=\"row-4\">\n\t<td class=\"column-1\">C\u00d3DIGO DE CONDUCTA DE OBSERVANCIA Y APLICACI\u00d3N GENERAL PARA EL PERSONAL DEL INSTITUTO DE LA FUNCI\u00d3N REGISTRAL DEL ESTADO\u00a0DE\u00a0OAXACA<\/td><td class=\"column-2\">       <a href=\"https:\/\/drive.google.com\/file\/d\/112host_gjKuas-7xq3LP925FVBYfriCS\/view?usp=drive_link\" target=\"_blank\" rel=\"noopener noreferrer\"><br \/>\n          <i class=\"far fa-file-pdf fa-2x\">\u00a0<\/i><br \/>\n        <\/a><\/td>\n<\/tr>\n<tr class=\"row-5\">\n\t<td class=\"column-1\">PROTOCOLO Y PROCEDIMIENTO PARA SOMETER QUEJAS Y\/O DENUNCIAS ANTE EL COMIT\u00c9 DE \u00c9TICA Y DE PREVENCI\u00d3N DE CONFLICTO DE INTER\u00c9S DEL INSTITUTO DE LA FUNCI\u00d3N REGISTRAL DEL ESTADO DE OAXACA<\/td><td class=\"column-2\">   <a href=\"https:\/\/drive.google.com\/file\/d\/117J_ywlgyNLqp7oDDCoD0YZSZv0FqRov\/view?usp=drive_link\" target=\"_blank\" rel=\"noopener noreferrer\"><br \/>\n          <i class=\"far fa-file-pdf fa-2x\">\u00a0<\/i><br \/>\n        <\/a><\/td>\n<\/tr>\n<\/tbody>\n<\/table>\n<!-- #tablepress-31 from cache -->\n","protected":false},"excerpt":{"rendered":"","protected":false},"author":23,"featured_media":0,"parent":0,"menu_order":0,"comment_status":"closed","ping_status":"closed","template":"","meta":{"episode_type":"","audio_file":"","podmotor_file_id":"","podmotor_episode_id":"","cover_image":"","cover_image_id":"","duration":"","filesize":"","filesize_raw":"","date_recorded":"","explicit":"","block":"","itunes_episode_number":"","itunes_title":"","itunes_season_number":"","itunes_episode_type":"","footnotes":""},"categories":[],"tags":[],"class_list":["post-3927","page","type-page","status-publish","hentry"],"acf":[],"publishpress_future_action":{"enabled":false,"date":"2026-05-11 10:01:19","action":"change-status","newStatus":"draft","terms":[],"taxonomy":"category","extraData":[]},"publishpress_future_workflow_manual_trigger":{"enabledWorkflows":[]},"_links":{"self":[{"href":"https:\/\/www.oaxaca.gob.mx\/ifreo\/wp-json\/wp\/v2\/pages\/3927","targetHints":{"allow":["GET"]}}],"collection":[{"href":"https:\/\/www.oaxaca.gob.mx\/ifreo\/wp-json\/wp\/v2\/pages"}],"about":[{"href":"https:\/\/www.oaxaca.gob.mx\/ifreo\/wp-json\/wp\/v2\/types\/page"}],"author":[{"embeddable":true,"href":"https:\/\/www.oaxaca.gob.mx\/ifreo\/wp-json\/wp\/v2\/users\/23"}],"replies":[{"embeddable":true,"href":"https:\/\/www.oaxaca.gob.mx\/ifreo\/wp-json\/wp\/v2\/comments?post=3927"}],"version-history":[{"count":3,"href":"https:\/\/www.oaxaca.gob.mx\/ifreo\/wp-json\/wp\/v2\/pages\/3927\/revisions"}],"predecessor-version":[{"id":3936,"href":"https:\/\/www.oaxaca.gob.mx\/ifreo\/wp-json\/wp\/v2\/pages\/3927\/revisions\/3936"}],"wp:attachment":[{"href":"https:\/\/www.oaxaca.gob.mx\/ifreo\/wp-json\/wp\/v2\/media?parent=3927"}],"wp:term":[{"taxonomy":"category","embeddable":true,"href":"https:\/\/www.oaxaca.gob.mx\/ifreo\/wp-json\/wp\/v2\/categories?post=3927"},{"taxonomy":"post_tag","embeddable":true,"href":"https:\/\/www.oaxaca.gob.mx\/ifreo\/wp-json\/wp\/v2\/tags?post=3927"}],"curies":[{"name":"wp","href":"https:\/\/api.w.org\/{rel}","templated":true}]}}