{"id":43,"date":"2017-04-24T12:44:43","date_gmt":"2017-04-24T18:44:43","guid":{"rendered":"https:\/\/www.oaxaca.gob.mx\/ioa\/?page_id=43"},"modified":"2017-04-24T12:44:43","modified_gmt":"2017-04-24T18:44:43","slug":"mision-y-vision","status":"publish","type":"page","link":"https:\/\/www.oaxaca.gob.mx\/ifpa\/mision-y-vision\/","title":{"rendered":"Misi\u00f3n y Visi\u00f3n"},"content":{"rendered":"<p><strong>MISI\u00d3N<\/strong><\/p>\n<p>Incentivar la labor productiva de los artesanos y artesanas para lograr el rescate y la preservaci\u00f3n de esta actividad y forma de existencia, elevando con ello no s\u00f3lo la calidad y los niveles de vida del sector artesanal, sino adem\u00e1s fomentar el sentido art\u00edstico y cultural del arte popular como elemento fundamental de nuestra identidad.<\/p>\n<p><strong>VISI\u00d3N<\/strong><\/p>\n<p>Impulsar, capacitar, desarrollar y promover las condiciones de vida de las familias del sector artesanal por medio de programas, proyectos y financiamientos, que induzcan a la creaci\u00f3n de organizaciones, producci\u00f3n y t\u00e9cnicas que fomenten la participaci\u00f3n de la comunidad artesanal para incentivar la creatividad y calidad que generen promoci\u00f3n, dise\u00f1o y difusi\u00f3n en la comercializaci\u00f3n de sus productos, buscando diferentes canales de comercializaci\u00f3n.<\/p>\n","protected":false},"excerpt":{"rendered":"<p>MISI\u00d3N Incentivar la labor productiva de los artesanos y artesanas para lograr el rescate y la preservaci\u00f3n de esta actividad y forma de existencia, elevando con ello no s\u00f3lo la calidad y los niveles de vida del sector artesanal, sino adem\u00e1s fomentar el sentido art\u00edstico y cultural del arte popular como elemento fundamental de nuestra [&hellip;]<\/p>\n","protected":false},"author":1,"featured_media":0,"parent":0,"menu_order":0,"comment_status":"closed","ping_status":"closed","template":"","meta":{"episode_type":"","audio_file":"","podmotor_file_id":"","podmotor_episode_id":"","cover_image":"","cover_image_id":"","duration":"","filesize":"","filesize_raw":"","date_recorded":"","explicit":"","block":"","itunes_episode_number":"","itunes_title":"","itunes_season_number":"","itunes_episode_type":"","footnotes":""},"categories":[],"tags":[],"class_list":["post-43","page","type-page","status-publish","hentry"],"acf":[],"publishpress_future_action":{"enabled":false,"date":"2026-04-25 21:54:18","action":"change-status","newStatus":"draft","terms":[],"taxonomy":"category","extraData":[]},"publishpress_future_workflow_manual_trigger":{"enabledWorkflows":[]},"_links":{"self":[{"href":"https:\/\/www.oaxaca.gob.mx\/ifpa\/wp-json\/wp\/v2\/pages\/43","targetHints":{"allow":["GET"]}}],"collection":[{"href":"https:\/\/www.oaxaca.gob.mx\/ifpa\/wp-json\/wp\/v2\/pages"}],"about":[{"href":"https:\/\/www.oaxaca.gob.mx\/ifpa\/wp-json\/wp\/v2\/types\/page"}],"author":[{"embeddable":true,"href":"https:\/\/www.oaxaca.gob.mx\/ifpa\/wp-json\/wp\/v2\/users\/1"}],"replies":[{"embeddable":true,"href":"https:\/\/www.oaxaca.gob.mx\/ifpa\/wp-json\/wp\/v2\/comments?post=43"}],"version-history":[{"count":0,"href":"https:\/\/www.oaxaca.gob.mx\/ifpa\/wp-json\/wp\/v2\/pages\/43\/revisions"}],"wp:attachment":[{"href":"https:\/\/www.oaxaca.gob.mx\/ifpa\/wp-json\/wp\/v2\/media?parent=43"}],"wp:term":[{"taxonomy":"category","embeddable":true,"href":"https:\/\/www.oaxaca.gob.mx\/ifpa\/wp-json\/wp\/v2\/categories?post=43"},{"taxonomy":"post_tag","embeddable":true,"href":"https:\/\/www.oaxaca.gob.mx\/ifpa\/wp-json\/wp\/v2\/tags?post=43"}],"curies":[{"name":"wp","href":"https:\/\/api.w.org\/{rel}","templated":true}]}}