{"id":31,"date":"2017-04-24T12:19:23","date_gmt":"2017-04-24T18:19:23","guid":{"rendered":"https:\/\/www.oaxaca.gob.mx\/ioa\/?page_id=31"},"modified":"2023-06-05T13:23:19","modified_gmt":"2023-06-05T19:23:19","slug":"contacto","status":"publish","type":"page","link":"https:\/\/www.oaxaca.gob.mx\/ifpa\/contacto\/","title":{"rendered":"Contacto"},"content":{"rendered":"<p><strong>DIRECCI\u00d3N:<\/strong> Garc\u00eda Vigil #809, Centro Hist\u00f3rico, Oaxaca.<\/p>\n<p><strong>TEL\u00c9FONO:<\/strong> 951 514 1354 y 951 163 2762.<\/p>\n<p><strong>E-MAIL:<\/strong> direcciongeneral.artesanias@oaxaca.gob.mx<\/p>\n","protected":false},"excerpt":{"rendered":"<p>DIRECCI\u00d3N: Garc\u00eda Vigil #809, Centro Hist\u00f3rico, Oaxaca. TEL\u00c9FONO: 951 514 1354 y 951 163 2762. E-MAIL: direcciongeneral.artesanias@oaxaca.gob.mx<\/p>\n","protected":false},"author":1,"featured_media":0,"parent":0,"menu_order":0,"comment_status":"closed","ping_status":"closed","template":"plantillas\/template-contacto.php","meta":{"episode_type":"","audio_file":"","podmotor_file_id":"","podmotor_episode_id":"","cover_image":"","cover_image_id":"","duration":"","filesize":"","filesize_raw":"","date_recorded":"","explicit":"","block":"","itunes_episode_number":"","itunes_title":"","itunes_season_number":"","itunes_episode_type":"","footnotes":""},"categories":[],"tags":[],"class_list":["post-31","page","type-page","status-publish","hentry"],"acf":[],"publishpress_future_action":{"enabled":false,"date":"2026-04-25 21:35:24","action":"change-status","newStatus":"draft","terms":[],"taxonomy":"category","extraData":[]},"publishpress_future_workflow_manual_trigger":{"enabledWorkflows":[]},"_links":{"self":[{"href":"https:\/\/www.oaxaca.gob.mx\/ifpa\/wp-json\/wp\/v2\/pages\/31","targetHints":{"allow":["GET"]}}],"collection":[{"href":"https:\/\/www.oaxaca.gob.mx\/ifpa\/wp-json\/wp\/v2\/pages"}],"about":[{"href":"https:\/\/www.oaxaca.gob.mx\/ifpa\/wp-json\/wp\/v2\/types\/page"}],"author":[{"embeddable":true,"href":"https:\/\/www.oaxaca.gob.mx\/ifpa\/wp-json\/wp\/v2\/users\/1"}],"replies":[{"embeddable":true,"href":"https:\/\/www.oaxaca.gob.mx\/ifpa\/wp-json\/wp\/v2\/comments?post=31"}],"version-history":[{"count":2,"href":"https:\/\/www.oaxaca.gob.mx\/ifpa\/wp-json\/wp\/v2\/pages\/31\/revisions"}],"predecessor-version":[{"id":2845,"href":"https:\/\/www.oaxaca.gob.mx\/ifpa\/wp-json\/wp\/v2\/pages\/31\/revisions\/2845"}],"wp:attachment":[{"href":"https:\/\/www.oaxaca.gob.mx\/ifpa\/wp-json\/wp\/v2\/media?parent=31"}],"wp:term":[{"taxonomy":"category","embeddable":true,"href":"https:\/\/www.oaxaca.gob.mx\/ifpa\/wp-json\/wp\/v2\/categories?post=31"},{"taxonomy":"post_tag","embeddable":true,"href":"https:\/\/www.oaxaca.gob.mx\/ifpa\/wp-json\/wp\/v2\/tags?post=31"}],"curies":[{"name":"wp","href":"https:\/\/api.w.org\/{rel}","templated":true}]}}