{"id":835,"date":"2018-09-09T05:33:58","date_gmt":"2018-09-09T05:33:58","guid":{"rendered":"https:\/\/www.oaxaca.gob.mx\/ieepo\/portal\/?page_id=835"},"modified":"2018-09-09T05:33:58","modified_gmt":"2018-09-09T05:33:58","slug":"robotica-2","status":"publish","type":"page","link":"https:\/\/www.oaxaca.gob.mx\/ieepo\/robotica-2\/","title":{"rendered":"Rob\u00f3tica."},"content":{"rendered":"<p>\t\t\t\t<strong style=\"font-weight: bold\">Objetivo:<\/strong><\/p>\n<p>Que los estudiantes asocien y comprendan las matem\u00e1ticas as\u00ed como otras disciplinas, a trav\u00e9s del uso de robots, practicando los conocimientos y aplicando los conceptos vistos en clase pertenecientes a los planes y programas de estudios vigentes, mediante diversas actividades  que ellos construir\u00e1n, probar\u00e1n y modificar\u00e1n.<\/p>\n<p><strong style=\"font-weight: bold\">Dirigido a:<\/strong><br \/>\nEstudiantes de 5 y 6 grado de primaria y de 1, 2 y 3 de secundaria.<\/p>\n<p><strong style=\"font-weight: bold\">BENEFICIOS<\/strong><\/p>\n\n<table id=\"tablepress-9\" class=\"tablepress tablepress-id-9\">\n<thead>\n<tr class=\"row-1\">\n\t<th class=\"column-1\">Conocimientos en:<\/th><th class=\"column-2\">Habilidades para:<\/th><th class=\"column-3\">Actitud de:<\/th><th class=\"column-4\">Valores como:<\/th>\n<\/tr>\n<\/thead>\n<tbody class=\"row-striping row-hover\">\n<tr class=\"row-2\">\n\t<td class=\"column-1\">Programaci\u00f3n<br \/>\nMatem\u00e1ticas<br \/>\nEspa\u00f1ol<br \/>\nTecnolog\u00eda<\/td><td class=\"column-2\">Experimentaci\u00f3n<br \/>\nComunicaci\u00f3n<br \/>\nPlanteamiento y resoluci\u00f3n de problemas<br \/>\nMotricidad fina<br \/>\nToma de decisiones<\/td><td class=\"column-3\">Trabajo colaborativo<br \/>\nOrden<br \/>\nIniciativa<br \/>\nCreatividad<br \/>\nConfianza<\/td><td class=\"column-4\">Respeto<br \/>\nSolidaridad<br \/>\nPerseverancia<br \/>\nTolerancia<br \/>\nResponsabilidad<\/td>\n<\/tr>\n<tr class=\"row-3\">\n\t<td class=\"column-1\"><\/td><td class=\"column-2\"><\/td><td class=\"column-3\"><\/td><td class=\"column-4\"><\/td>\n<\/tr>\n<tr class=\"row-4\">\n\t<td class=\"column-1\"><\/td><td class=\"column-2\"><\/td><td class=\"column-3\"><\/td><td class=\"column-4\"><\/td>\n<\/tr>\n<\/tbody>\n<\/table>\n<!-- #tablepress-9 from cache -->\n","protected":false},"excerpt":{"rendered":"excerpt","protected":false},"author":1,"featured_media":0,"parent":0,"menu_order":0,"comment_status":"closed","ping_status":"closed","template":"","meta":{"episode_type":"","audio_file":"","podmotor_file_id":"","podmotor_episode_id":"","cover_image":"","cover_image_id":"","duration":"","filesize":"","filesize_raw":"","date_recorded":"","explicit":"","block":"","footnotes":""},"categories":[],"tags":[],"class_list":["post-835","page","type-page","status-publish","hentry"],"acf":[],"publishpress_future_action":{"enabled":false,"date":"2026-05-03 11:53:01","action":"change-status","newStatus":"draft","terms":[],"taxonomy":"category","extraData":[]},"publishpress_future_workflow_manual_trigger":{"enabledWorkflows":[]},"_links":{"self":[{"href":"https:\/\/www.oaxaca.gob.mx\/ieepo\/wp-json\/wp\/v2\/pages\/835","targetHints":{"allow":["GET"]}}],"collection":[{"href":"https:\/\/www.oaxaca.gob.mx\/ieepo\/wp-json\/wp\/v2\/pages"}],"about":[{"href":"https:\/\/www.oaxaca.gob.mx\/ieepo\/wp-json\/wp\/v2\/types\/page"}],"author":[{"embeddable":true,"href":"https:\/\/www.oaxaca.gob.mx\/ieepo\/wp-json\/wp\/v2\/users\/1"}],"replies":[{"embeddable":true,"href":"https:\/\/www.oaxaca.gob.mx\/ieepo\/wp-json\/wp\/v2\/comments?post=835"}],"version-history":[{"count":0,"href":"https:\/\/www.oaxaca.gob.mx\/ieepo\/wp-json\/wp\/v2\/pages\/835\/revisions"}],"wp:attachment":[{"href":"https:\/\/www.oaxaca.gob.mx\/ieepo\/wp-json\/wp\/v2\/media?parent=835"}],"wp:term":[{"taxonomy":"category","embeddable":true,"href":"https:\/\/www.oaxaca.gob.mx\/ieepo\/wp-json\/wp\/v2\/categories?post=835"},{"taxonomy":"post_tag","embeddable":true,"href":"https:\/\/www.oaxaca.gob.mx\/ieepo\/wp-json\/wp\/v2\/tags?post=835"}],"curies":[{"name":"wp","href":"https:\/\/api.w.org\/{rel}","templated":true}]}}