{"id":7929,"date":"2019-10-25T13:31:19","date_gmt":"2019-10-25T18:31:19","guid":{"rendered":"https:\/\/www.oaxaca.gob.mx\/ieepo\/?page_id=7929"},"modified":"2019-10-25T13:31:19","modified_gmt":"2019-10-25T18:31:19","slug":"privado-centro-de-atencion-multiple-cam","status":"publish","type":"page","link":"https:\/\/www.oaxaca.gob.mx\/ieepo\/privado-centro-de-atencion-multiple-cam\/","title":{"rendered":"Centro de Atenci\u00f3n M\u00faltiple (CAM)"},"content":{"rendered":"<p>Es un servicio educativo donde se brinda atenci\u00f3n escolarizada integral a ni\u00f1os, ni\u00f1as y j\u00f3venes con discapacidad, discapacidad m\u00faltiple o trastornos graves del desarrollo, condiciones que dificultan su ingreso en escuelas regulares; en el CAM, la pr\u00e1ctica educativa de sus profesionales se enmarca en el Plan y los Programas de estudio vigentes de Educaci\u00f3n Inicial, Educaci\u00f3n B\u00e1sica (Preescolar, Primaria y Secundaria) y se atiende a poblaci\u00f3n desde los 43 d\u00edas de nacidos hasta los 18 a\u00f1os; mientras que en CAM Laboral se promueve la Formaci\u00f3n para la Vida y el Trabajo de j\u00f3venes entre 15 y 22 a\u00f1os de edad, a trav\u00e9s del desarrollo de competencias laborales&#8230;\u201d<\/p>\n<p style=\"font-weight: bold;text-align: center\"><em>EDADES DE ATENCI\u00d3N EN CAM<\/em><\/p>\n<table class=\"wp-block-table\" style=\"height: 144px\" width=\"578\">\n<tbody>\n<tr>\n<td style=\"text-align: center\"><strong style=\"font-weight: bold\"><em>NIVEL EDUCATIVO<\/em><\/strong><\/td>\n<td style=\"text-align: center\"><strong style=\"font-weight: bold\"><em>EDAD<\/em><\/strong><\/td>\n<\/tr>\n<tr>\n<td><strong><em>Educaci\u00f3n Inicial <\/em><\/strong><\/td>\n<td><strong><em>De 43 d\u00edas a 2 a\u00f1os 11 meses. <\/em><\/strong><\/td>\n<\/tr>\n<tr>\n<td><strong><em>Educaci\u00f3n Preescolar <\/em><\/strong><\/td>\n<td><strong><em>De 3 a\u00f1os a 5 a\u00f1os 11 meses. <\/em><\/strong><\/td>\n<\/tr>\n<tr>\n<td><strong><em>Educaci\u00f3n Primaria <\/em><\/strong><\/td>\n<td><strong><em>De 6 a\u00f1os a 14 a\u00f1os 11 meses. <\/em><\/strong><\/td>\n<\/tr>\n<tr>\n<td><strong><em>Educaci\u00f3n Secundaria <\/em><\/strong><\/td>\n<td><strong><em>De 12 a\u00f1os a 18 a\u00f1os. <\/em><\/strong><\/td>\n<\/tr>\n<tr>\n<td><strong><em>Formaci\u00f3n para la Vida y el Trabajo <\/em><\/strong><\/td>\n<td><strong><em>De 15 a\u00f1os a 22 a\u00f1os.<br \/>\n<\/em><\/strong><\/td>\n<\/tr>\n<\/tbody>\n<\/table>\n<p>&nbsp;<\/p>\n<p style=\"font-weight: bold\">Centro de Atenci\u00f3n M\u00faltiple (CAM)<\/p>\n<p>Tiene la <strong style=\"font-weight: bold\"><em>responsabilidad de escolarizar <\/em><\/strong> a aquellos alumnos que presentan discapacidad severa, m\u00faltiple, trastornos generalizados del desarrollo, o que por la discapacidad que presentan, requieren de adecuaciones curriculares altamente significativas y de apoyos generalizados y\/o permanentes.<\/p>\n<p>Atiende a poblaci\u00f3n desde los 43 d\u00edas de nacidos hasta los 18 a\u00f1os.<\/p>\n<p style=\"font-weight: bold\">Centro de Atenci\u00f3n M\u00faltiple laboral (CAM laboral)<\/p>\n<p>Promueve la formaci\u00f3n para la vida y el trabajo de j\u00f3venes entre 15 y 22 a\u00f1os de edad, a trav\u00e9s del desarrollo de habilidades para el \u00e1mbito laboral.<\/p>\n<table class=\"wp-block-table aligncenter\" style=\"height: 325px\" width=\"312\">\n<tbody>\n<tr>\n<td><strong style=\"font-weight: bold\">N\u00famero de Centros de Atenci\u00f3n<\/strong><br \/>\n<strong style=\"font-weight: bold\"> M\u00faltiple por regi\u00f3n<\/strong><\/td>\n<\/tr>\n<tr>\n<td>Ca\u00f1ada<\/td>\n<td>2<\/td>\n<\/tr>\n<tr>\n<td>Costa<\/td>\n<td>7<\/td>\n<\/tr>\n<tr>\n<td>Istmo<\/td>\n<td>9<\/td>\n<\/tr>\n<tr>\n<td>Mixteca<\/td>\n<td>6<\/td>\n<\/tr>\n<tr>\n<td>Papaloapan<\/td>\n<td>4<\/td>\n<\/tr>\n<tr>\n<td>Sierra Norte<\/td>\n<td>2<\/td>\n<\/tr>\n<tr>\n<td>Sierra Sur<\/td>\n<td>1<\/td>\n<\/tr>\n<tr>\n<td>Valles Centrales<\/td>\n<td>21<\/td>\n<\/tr>\n<tr>\n<td><strong>TOTALES<\/strong><\/td>\n<td><strong>52<\/strong><\/td>\n<\/tr>\n<\/tbody>\n<\/table>\n<p style=\"font-weight: bold\">Proyectos generados<\/p>\n<p style=\"font-weight: bold\">Proyecto Estatal para la dignificaci\u00f3n de los Centros de Atenci\u00f3n M\u00faltiple.<\/p>\n<p><strong style=\"font-weight: bold\"><em>Objetivo general: <\/em><\/strong> Desarrollar entornos favorables y dignos que garanticen una educaci\u00f3n de calidad en los Centros de Atenci\u00f3n M\u00faltiple del Estado, desde un enfoque de derechos, igualdad de oportunidades y equidad; a fin de favorecer su autonom\u00eda, convivencia social e inclusi\u00f3n laboral.<\/p>\n","protected":false},"excerpt":{"rendered":"excerpt","protected":false},"author":1,"featured_media":0,"parent":0,"menu_order":0,"comment_status":"closed","ping_status":"closed","template":"","meta":{"episode_type":"","audio_file":"","podmotor_file_id":"","podmotor_episode_id":"","cover_image":"","cover_image_id":"","duration":"","filesize":"","filesize_raw":"","date_recorded":"","explicit":"","block":"","footnotes":""},"categories":[],"tags":[],"class_list":["post-7929","page","type-page","status-publish","hentry"],"acf":[],"publishpress_future_action":{"enabled":false,"date":"2026-05-24 06:24:54","action":"change-status","newStatus":"draft","terms":[],"taxonomy":"category","extraData":[]},"publishpress_future_workflow_manual_trigger":{"enabledWorkflows":[]},"_links":{"self":[{"href":"https:\/\/www.oaxaca.gob.mx\/ieepo\/wp-json\/wp\/v2\/pages\/7929","targetHints":{"allow":["GET"]}}],"collection":[{"href":"https:\/\/www.oaxaca.gob.mx\/ieepo\/wp-json\/wp\/v2\/pages"}],"about":[{"href":"https:\/\/www.oaxaca.gob.mx\/ieepo\/wp-json\/wp\/v2\/types\/page"}],"author":[{"embeddable":true,"href":"https:\/\/www.oaxaca.gob.mx\/ieepo\/wp-json\/wp\/v2\/users\/1"}],"replies":[{"embeddable":true,"href":"https:\/\/www.oaxaca.gob.mx\/ieepo\/wp-json\/wp\/v2\/comments?post=7929"}],"version-history":[{"count":0,"href":"https:\/\/www.oaxaca.gob.mx\/ieepo\/wp-json\/wp\/v2\/pages\/7929\/revisions"}],"wp:attachment":[{"href":"https:\/\/www.oaxaca.gob.mx\/ieepo\/wp-json\/wp\/v2\/media?parent=7929"}],"wp:term":[{"taxonomy":"category","embeddable":true,"href":"https:\/\/www.oaxaca.gob.mx\/ieepo\/wp-json\/wp\/v2\/categories?post=7929"},{"taxonomy":"post_tag","embeddable":true,"href":"https:\/\/www.oaxaca.gob.mx\/ieepo\/wp-json\/wp\/v2\/tags?post=7929"}],"curies":[{"name":"wp","href":"https:\/\/api.w.org\/{rel}","templated":true}]}}