{"id":7841,"date":"2019-10-23T09:35:03","date_gmt":"2019-10-23T14:35:03","guid":{"rendered":"https:\/\/www.oaxaca.gob.mx\/ieepo\/?page_id=7841"},"modified":"2024-06-04T20:15:54","modified_gmt":"2024-06-05T02:15:54","slug":"evaluacion","status":"publish","type":"page","link":"https:\/\/www.oaxaca.gob.mx\/ieepo\/evaluacion\/","title":{"rendered":"Evaluaci\u00f3n"},"content":{"rendered":"<div class=\"row\">\n<div class=\"col-md-6 col-sm-6 col-xs-12\">\n<p style=\"font-weight: bold\"><strong><em>Evaluaci\u00f3n formativa de los aprendizajes<\/em><\/strong><\/p>\n<p><strong style=\"font-weight: bold\">Objetivo:<\/strong><br \/>\nIdentificar los procesos de evaluaci\u00f3n formativa en la educaci\u00f3n primaria, a partir del an\u00e1lisis de la pr\u00e1ctica docente y el dise\u00f1o de instrumentos de evaluaci\u00f3n, para favorecer el desarrollo de los aprendizajes.<\/p>\n<\/div>\n<div class=\"col-md-6 col-sm-6 col-xs-12\">\n<p style=\"font-weight: bold\"><strong><em>Medios, t\u00e9cnicas e instrumentos para una evaluaci\u00f3n formativa<\/em><\/strong><\/p>\n<p><strong style=\"font-weight: bold\">Objetivo: <\/strong><br \/>\nFortalecer las estrategias de evaluaci\u00f3n formativa, a trav\u00e9s del reconocimiento de medios, t\u00e9cnicas e instrumentos, para valorar el aprendizaje como proceso continuo en los estudiantes.<\/p>\n<\/div>\n<\/div>\n","protected":false},"excerpt":{"rendered":"excerpt","protected":false},"author":1,"featured_media":0,"parent":0,"menu_order":0,"comment_status":"closed","ping_status":"closed","template":"","meta":{"episode_type":"","audio_file":"","podmotor_file_id":"","podmotor_episode_id":"","cover_image":"","cover_image_id":"","duration":"","filesize":"","filesize_raw":"","date_recorded":"","explicit":"","block":"","footnotes":""},"categories":[],"tags":[],"class_list":["post-7841","page","type-page","status-publish","hentry"],"acf":[],"publishpress_future_action":{"enabled":false,"date":"2026-05-23 18:19:17","action":"change-status","newStatus":"draft","terms":[],"taxonomy":"category","extraData":[]},"publishpress_future_workflow_manual_trigger":{"enabledWorkflows":[]},"_links":{"self":[{"href":"https:\/\/www.oaxaca.gob.mx\/ieepo\/wp-json\/wp\/v2\/pages\/7841","targetHints":{"allow":["GET"]}}],"collection":[{"href":"https:\/\/www.oaxaca.gob.mx\/ieepo\/wp-json\/wp\/v2\/pages"}],"about":[{"href":"https:\/\/www.oaxaca.gob.mx\/ieepo\/wp-json\/wp\/v2\/types\/page"}],"author":[{"embeddable":true,"href":"https:\/\/www.oaxaca.gob.mx\/ieepo\/wp-json\/wp\/v2\/users\/1"}],"replies":[{"embeddable":true,"href":"https:\/\/www.oaxaca.gob.mx\/ieepo\/wp-json\/wp\/v2\/comments?post=7841"}],"version-history":[{"count":2,"href":"https:\/\/www.oaxaca.gob.mx\/ieepo\/wp-json\/wp\/v2\/pages\/7841\/revisions"}],"predecessor-version":[{"id":33352,"href":"https:\/\/www.oaxaca.gob.mx\/ieepo\/wp-json\/wp\/v2\/pages\/7841\/revisions\/33352"}],"wp:attachment":[{"href":"https:\/\/www.oaxaca.gob.mx\/ieepo\/wp-json\/wp\/v2\/media?parent=7841"}],"wp:term":[{"taxonomy":"category","embeddable":true,"href":"https:\/\/www.oaxaca.gob.mx\/ieepo\/wp-json\/wp\/v2\/categories?post=7841"},{"taxonomy":"post_tag","embeddable":true,"href":"https:\/\/www.oaxaca.gob.mx\/ieepo\/wp-json\/wp\/v2\/tags?post=7841"}],"curies":[{"name":"wp","href":"https:\/\/api.w.org\/{rel}","templated":true}]}}